{"id":46843,"date":"2021-02-21T17:14:11","date_gmt":"2021-02-21T17:14:11","guid":{"rendered":"https:\/\/www.autonvaraosahaku.fi\/?product=trw-gdb660-jarrupalat"},"modified":"2021-02-21T17:14:13","modified_gmt":"2021-02-21T17:14:13","slug":"trw-gdb660-jarrupalat","status":"publish","type":"product","link":"https:\/\/www.autonvaraosahaku.fi\/?product=trw-gdb660-jarrupalat","title":{"rendered":"TRW GDB660 Jarrupalat"},"content":{"rendered":"<p>Valmistaja rajaus: TRW; Kulumisenilmaisimen liitos: Ei kulumisenilmaisimelle; Korkeus (mm): 66,2; Pituus (mm): 78,2; Paksuus [mm]: 15,1; M\u00e4\u00e4r\u00e4yksikk\u00f6: Akselisarja; Tuotelinja: COTEC; Asennuspuoli: Vorderachse; FORD: CAPRI III GECP,ESCORT II ATH,ESCORT I AFH, ATH,GRANADA GU,CAPRI II GECP,GRANADA Kombi GNU,GRANADA GGTL, GGFL,GRANADA Coupe GGCL,ESCORT II Kombi,ESCORT I Kombi ADH,GRANADA Kombi GGNL,TAUNUS 20M XL Coupe 53F,TAUNUS GBFK; HYUNDAI: STELLAR F31_, SF2_; MORGAN: PLUS EIGHT; TRIUMPH: TR 6; GBP216, UG99999L, UG99999R, 113E2K021B, 1540859, 1554550, 1554552, 1565491, 1571247, 1572069, 1576331, 1576821, 1576822, 1576823, 1576827, 1576829, 1576830, 1576833, 1576835, 1576836, 1591094, 1591095, 1591096, 1591098, 1591099, 1595913, 1595996, 1604501, 1604502, 1610143, 1610637, 1613313, 1621232, 1621234, 1794465, 5012130, 5015924, 5018108, 5018902, 6080699, 6080700, 6080702, 6099237, 6099238, 6099239, 6099240, 6099241, 6099242, 6099243, 6099244, 77BB2K021BA, 77BB2K021CA, 77GB2K021CA, 77GB2K021DA, 79BB2K021AA, 79BB2K021AB, 79BB2K021BB, 79BB2K021CA, 79BB2K021CA1, 79BB2K021CB, 82GB2K021GB, 82GB2K021JB, 86AX2K021BA, 87AX2K021DA, 9099240, AB3SX2K021BA, DH75AB2K021AA, H75AB2K021AA, V81EB2K021AB, 5810331000, 5810331010, UG99999L, UG99999R, GBP216, GBP216, GBP216; Jarrupalasarja,Jarrupala, Levyjarru<\/p>\n","protected":false},"excerpt":{"rendered":"<p>TRW Jarrupalat GDB660 Jarrupalasarja,Jarrupala, Levyjarru FORD,HYUNDAI,MORGAN,CAPRI III GECP,ESCORT II ATH,ESCORT I AFH, ATH,GRANADA GU,CAPRI II GECP<\/p>\n","protected":false},"featured_media":0,"template":"","meta":{"site-sidebar-layout":"default","site-content-layout":"default","ast-global-header-display":"","ast-main-header-display":"","ast-hfb-above-header-display":"","ast-hfb-below-header-display":"","ast-hfb-mobile-header-display":"","site-post-title":"","ast-breadcrumbs-content":"","ast-featured-img":"","footer-sml-layout":"","theme-transparent-header-meta":"","adv-header-id-meta":"","stick-header-meta":"","header-above-stick-meta":"","header-main-stick-meta":"","header-below-stick-meta":""},"pwb-brand":[332],"product_cat":[100],"product_tag":[],"class_list":{"0":"post-46843","1":"product","2":"type-product","3":"status-publish","5":"pwb-brand-trw","6":"product_cat-jarrupalat","7":"desktop-align-left","8":"tablet-align-left","9":"mobile-align-left","11":"first","12":"instock","13":"product-type-external"},"brands":[{"id":332,"name":"TRW","slug":"trw"}],"_links":{"self":[{"href":"https:\/\/www.autonvaraosahaku.fi\/index.php?rest_route=\/wp\/v2\/product\/46843","targetHints":{"allow":["GET"]}}],"collection":[{"href":"https:\/\/www.autonvaraosahaku.fi\/index.php?rest_route=\/wp\/v2\/product"}],"about":[{"href":"https:\/\/www.autonvaraosahaku.fi\/index.php?rest_route=\/wp\/v2\/types\/product"}],"wp:attachment":[{"href":"https:\/\/www.autonvaraosahaku.fi\/index.php?rest_route=%2Fwp%2Fv2%2Fmedia&parent=46843"}],"wp:term":[{"taxonomy":"pwb-brand","embeddable":true,"href":"https:\/\/www.autonvaraosahaku.fi\/index.php?rest_route=%2Fwp%2Fv2%2Fpwb-brand&post=46843"},{"taxonomy":"product_cat","embeddable":true,"href":"https:\/\/www.autonvaraosahaku.fi\/index.php?rest_route=%2Fwp%2Fv2%2Fproduct_cat&post=46843"},{"taxonomy":"product_tag","embeddable":true,"href":"https:\/\/www.autonvaraosahaku.fi\/index.php?rest_route=%2Fwp%2Fv2%2Fproduct_tag&post=46843"}],"curies":[{"name":"wp","href":"https:\/\/api.w.org\/{rel}","templated":true}]}}