{"id":46901,"date":"2021-02-21T17:14:28","date_gmt":"2021-02-21T17:14:28","guid":{"rendered":"https:\/\/www.autonvaraosahaku.fi\/?product=topran-302-638-hydraulinen-venttiilinnostin"},"modified":"2021-02-21T17:14:29","modified_gmt":"2021-02-21T17:14:29","slug":"topran-302-638-hydraulinen-venttiilinnostin","status":"publish","type":"product","link":"https:\/\/www.autonvaraosahaku.fi\/?product=topran-302-638-hydraulinen-venttiilinnostin","title":{"rendered":"TOPRAN 302 638 Hydraulinen venttiilinnostin"},"content":{"rendered":"<p>Tarvittava kappalem\u00e4\u00e4r\u00e4: 8; Moottorinumero: DV4C \/ 8H01; FORD: FIESTA VI,FOCUS III Turnier,FOCUS III,B-MAX JK; PEUGEOT: 207 WA_, WC_,207 CC WD_,307 3A\/C,207 SW WK_,107,308 SW,206 SW 2E\/K,208,308 4A_, 4C_,5008,307 Break 3E,508 SW,3008,PARTNER Tepee,2008,508,PARTNER Kasten,BIPPER AA_,308 II,BIPPER Tepee,4008,301,308 SW II,EXPERT Pritsche\/Fahrgestell; TOYOTA: AYGO WNB1_, KGB1_,PROACE Kasten\/Kombi; CITRO\u00cbN: C1 PM_, PN_,BERLINGO MF,C3 I FC_,BERLINGO B9,C5 III Break TD_,C4 Grand Picasso I UA_,DS3,C3 Picasso,C5 III RD_,C3 II,C3 Pluriel HB_,C4 II B7,JUMPY,BERLINGO Kasten B9,C4 Grand Picasso II,C4 Picasso II,DS4,NEMO Kasten AA_,DS5,C4 AIRCROSS,NEMO Kombi,C-ELYSEE,C4 CACTUS; MAZDA: 2 DE; VOLVO: V50 MW,V70 III BW,C30,V60,S40 II MS,V40 Schr\u00e4gheck,S80 II AS,S60 II; DS: DS 3,DS5,DS 4 \/ DS 4 CROSSBACK,DS 3 Cabriolet; 090365, 090365, 1145958, 2S6Q6564AA, Y40112130, 090365, SU00100557, 31330183; Vipupainin, Moottorin S\u00e4\u00e4t\u00f6<\/p>\n","protected":false},"excerpt":{"rendered":"<p>TOPRAN Keinuvipu 302 638 Vipupainin, Moottorin S\u00e4\u00e4t\u00f6 FORD,PEUGEOT,TOYOTA,FIESTA VI,FOCUS III Turnier,FOCUS III,B-MAX JK,207 WA_, WC_,207 CC WD_<\/p>\n","protected":false},"featured_media":0,"template":"","meta":{"site-sidebar-layout":"default","site-content-layout":"default","ast-global-header-display":"","ast-main-header-display":"","ast-hfb-above-header-display":"","ast-hfb-below-header-display":"","ast-hfb-mobile-header-display":"","site-post-title":"","ast-breadcrumbs-content":"","ast-featured-img":"","footer-sml-layout":"","theme-transparent-header-meta":"","adv-header-id-meta":"","stick-header-meta":"","header-above-stick-meta":"","header-main-stick-meta":"","header-below-stick-meta":""},"pwb-brand":[18],"product_cat":[126],"product_tag":[],"class_list":{"0":"post-46901","1":"product","2":"type-product","3":"status-publish","5":"pwb-brand-topran","6":"product_cat-hydraulinen-venttiilinnostin","7":"desktop-align-left","8":"tablet-align-left","9":"mobile-align-left","11":"first","12":"instock","13":"product-type-external"},"brands":[{"id":18,"name":"TOPRAN","slug":"topran"}],"_links":{"self":[{"href":"https:\/\/www.autonvaraosahaku.fi\/index.php?rest_route=\/wp\/v2\/product\/46901","targetHints":{"allow":["GET"]}}],"collection":[{"href":"https:\/\/www.autonvaraosahaku.fi\/index.php?rest_route=\/wp\/v2\/product"}],"about":[{"href":"https:\/\/www.autonvaraosahaku.fi\/index.php?rest_route=\/wp\/v2\/types\/product"}],"wp:attachment":[{"href":"https:\/\/www.autonvaraosahaku.fi\/index.php?rest_route=%2Fwp%2Fv2%2Fmedia&parent=46901"}],"wp:term":[{"taxonomy":"pwb-brand","embeddable":true,"href":"https:\/\/www.autonvaraosahaku.fi\/index.php?rest_route=%2Fwp%2Fv2%2Fpwb-brand&post=46901"},{"taxonomy":"product_cat","embeddable":true,"href":"https:\/\/www.autonvaraosahaku.fi\/index.php?rest_route=%2Fwp%2Fv2%2Fproduct_cat&post=46901"},{"taxonomy":"product_tag","embeddable":true,"href":"https:\/\/www.autonvaraosahaku.fi\/index.php?rest_route=%2Fwp%2Fv2%2Fproduct_tag&post=46901"}],"curies":[{"name":"wp","href":"https:\/\/api.w.org\/{rel}","templated":true}]}}