{"id":47019,"date":"2021-02-21T17:15:01","date_gmt":"2021-02-21T17:15:01","guid":{"rendered":"https:\/\/www.autonvaraosahaku.fi\/?product=ridex-402b0700-jarrupalat"},"modified":"2021-02-21T17:15:01","modified_gmt":"2021-02-21T17:15:01","slug":"ridex-402b0700-jarrupalat","status":"publish","type":"product","link":"https:\/\/www.autonvaraosahaku.fi\/?product=ridex-402b0700-jarrupalat","title":{"rendered":"RIDEX 402B0700 Jarrupalat"},"content":{"rendered":"<p>Varoittimen pituus [mm]: 280; Paino [kg]: 1,633; Lis\u00e4tarvike\/lis\u00e4tieto: Jousella; Asennuspuoli: Etuakseli; Jarruj\u00e4rjestelm\u00e4: Girling; Pituus (mm): 130; Korkeus (mm): 55,6; Paksuus [mm]: 18; Kulumisenilmaisimen liitos: Sis. kulumisenilmaisimen; Kulumisvaroittimia [pro Achse]: 2; M\u00e4\u00e4r\u00e4yksikk\u00f6: Akselisarja; Valmistaja rajaus: LUCAS; DAEWOO: LUBLIN II Pritsche\/Fahrgestell,LUBLIN II Kasten; RENAULT: SC\u00c9NIC I JA0\/1_,MEGANE Scenic JA0\/1_,MEGANE I BA0\/1_,MEGANE I Grandtour KA0\/1_,MEGANE I Cabriolet EA0\/1_,LAGUNA I B56_, 556_,LAGUNA I Grandtour K56_,MEGANE I Classic LA0\/1_,MEGANE I Coach DA0\/1_,ESPACE II J\/S63_,SUPER 5 B\/C40_,SAFRANE II B54_,SAFRANE I B54_,25 B29_,SPORT SPIDER EF0_; ALPINE: A610; 6000008895, 32321800, 410601531R, 6000008895, 7701035895, 7701202050, 7701202896, 7701202973, 7701203070, 7701203730, 7701203968, 7701204220, 7701204417, 7701206288, 7701209077; Jarrupalasarja,Jarrupala, Levyjarru<\/p>\n","protected":false},"excerpt":{"rendered":"<p>RIDEX Jarrupalat 402B0700 Jarrupalasarja,Jarrupala, Levyjarru DAEWOO,RENAULT,ALPINE,LUBLIN II Pritsche\/Fahrgestell,LUBLIN II Kasten,SC\u00c9NIC I JA0\/1_<\/p>\n","protected":false},"featured_media":0,"template":"","meta":{"site-sidebar-layout":"default","site-content-layout":"default","ast-global-header-display":"","ast-main-header-display":"","ast-hfb-above-header-display":"","ast-hfb-below-header-display":"","ast-hfb-mobile-header-display":"","site-post-title":"","ast-breadcrumbs-content":"","ast-featured-img":"","footer-sml-layout":"","theme-transparent-header-meta":"","adv-header-id-meta":"","stick-header-meta":"","header-above-stick-meta":"","header-main-stick-meta":"","header-below-stick-meta":""},"pwb-brand":[157],"product_cat":[100],"product_tag":[],"class_list":{"0":"post-47019","1":"product","2":"type-product","3":"status-publish","5":"pwb-brand-ridex","6":"product_cat-jarrupalat","7":"desktop-align-left","8":"tablet-align-left","9":"mobile-align-left","11":"first","12":"instock","13":"product-type-external"},"brands":[{"id":157,"name":"RIDEX","slug":"ridex"}],"_links":{"self":[{"href":"https:\/\/www.autonvaraosahaku.fi\/index.php?rest_route=\/wp\/v2\/product\/47019","targetHints":{"allow":["GET"]}}],"collection":[{"href":"https:\/\/www.autonvaraosahaku.fi\/index.php?rest_route=\/wp\/v2\/product"}],"about":[{"href":"https:\/\/www.autonvaraosahaku.fi\/index.php?rest_route=\/wp\/v2\/types\/product"}],"wp:attachment":[{"href":"https:\/\/www.autonvaraosahaku.fi\/index.php?rest_route=%2Fwp%2Fv2%2Fmedia&parent=47019"}],"wp:term":[{"taxonomy":"pwb-brand","embeddable":true,"href":"https:\/\/www.autonvaraosahaku.fi\/index.php?rest_route=%2Fwp%2Fv2%2Fpwb-brand&post=47019"},{"taxonomy":"product_cat","embeddable":true,"href":"https:\/\/www.autonvaraosahaku.fi\/index.php?rest_route=%2Fwp%2Fv2%2Fproduct_cat&post=47019"},{"taxonomy":"product_tag","embeddable":true,"href":"https:\/\/www.autonvaraosahaku.fi\/index.php?rest_route=%2Fwp%2Fv2%2Fproduct_tag&post=47019"}],"curies":[{"name":"wp","href":"https:\/\/api.w.org\/{rel}","templated":true}]}}