{"id":47096,"date":"2021-02-21T17:15:19","date_gmt":"2021-02-21T17:15:19","guid":{"rendered":"https:\/\/www.autonvaraosahaku.fi\/?product=febi-bilstein-30031-hydraulinen-venttiilinnostin"},"modified":"2021-02-21T17:15:22","modified_gmt":"2021-02-21T17:15:22","slug":"febi-bilstein-30031-hydraulinen-venttiilinnostin","status":"publish","type":"product","link":"https:\/\/www.autonvaraosahaku.fi\/?product=febi-bilstein-30031-hydraulinen-venttiilinnostin","title":{"rendered":"FEBI BILSTEIN 30031 Hydraulinen venttiilinnostin"},"content":{"rendered":"<p>Paksuus [mm]: 26,0; Ulkol\u00e4pimitta [mm]: 28,38; K\u00e4ytt\u00f6: Hydraulinen; Asennuspuoli: Imupuoli, Poistopuoli; Paino [kg]: 0,039; Huomioi huolto-ohjeet: , ; Valmistusvuoteen: 12\/2009; OPEL: COMBO Kasten\/Kombi X12; FIAT: GRANDE PUNTO 199,PUNTO 188,PANDA 169,500 312,STILO 192,BRAVO II 198,500 C 312,STILO Multi Wagon 192,DOBLO Kasten\/Kombi 263,IDEA,500L,DOBLO Gro\u00dfraumlimousine 152, 263,PALIO Weekend 178DX,LINEA 323,DOBLO Pritsche\/Fahrgestell 263,PALIO 178BX,SIENA 178_,TIPO Stufenheck 356_; ALFA ROMEO: GIULIETTA 940,MITO 955; LANCIA: YPSILON 843,DELTA III 844,MUSA 350; VAUXHALL: COMBO Mk III D Kasten\/Kombi; 55193839, 55193839, 55193839, 00607621, 0607621, 607621, 055193839, 55193839; Venttiilinnostin<\/p>\n","protected":false},"excerpt":{"rendered":"<p>FEBI BILSTEIN Hydraulinen Venttiilinnostin 30031 Venttiilinnostin OPEL,FIAT,ALFA ROMEO,COMBO Kasten\/Kombi X12,GRANDE PUNTO 199,PUNTO 188,PANDA 169<\/p>\n","protected":false},"featured_media":0,"template":"","meta":{"site-sidebar-layout":"default","site-content-layout":"default","ast-global-header-display":"","ast-main-header-display":"","ast-hfb-above-header-display":"","ast-hfb-below-header-display":"","ast-hfb-mobile-header-display":"","site-post-title":"","ast-breadcrumbs-content":"","ast-featured-img":"","footer-sml-layout":"","theme-transparent-header-meta":"","adv-header-id-meta":"","stick-header-meta":"","header-above-stick-meta":"","header-main-stick-meta":"","header-below-stick-meta":""},"pwb-brand":[50],"product_cat":[126],"product_tag":[],"class_list":{"0":"post-47096","1":"product","2":"type-product","3":"status-publish","5":"pwb-brand-febi-bilstein","6":"product_cat-hydraulinen-venttiilinnostin","7":"desktop-align-left","8":"tablet-align-left","9":"mobile-align-left","11":"first","12":"instock","13":"product-type-external"},"brands":[{"id":50,"name":"FEBI BILSTEIN","slug":"febi-bilstein"}],"_links":{"self":[{"href":"https:\/\/www.autonvaraosahaku.fi\/index.php?rest_route=\/wp\/v2\/product\/47096","targetHints":{"allow":["GET"]}}],"collection":[{"href":"https:\/\/www.autonvaraosahaku.fi\/index.php?rest_route=\/wp\/v2\/product"}],"about":[{"href":"https:\/\/www.autonvaraosahaku.fi\/index.php?rest_route=\/wp\/v2\/types\/product"}],"wp:attachment":[{"href":"https:\/\/www.autonvaraosahaku.fi\/index.php?rest_route=%2Fwp%2Fv2%2Fmedia&parent=47096"}],"wp:term":[{"taxonomy":"pwb-brand","embeddable":true,"href":"https:\/\/www.autonvaraosahaku.fi\/index.php?rest_route=%2Fwp%2Fv2%2Fpwb-brand&post=47096"},{"taxonomy":"product_cat","embeddable":true,"href":"https:\/\/www.autonvaraosahaku.fi\/index.php?rest_route=%2Fwp%2Fv2%2Fproduct_cat&post=47096"},{"taxonomy":"product_tag","embeddable":true,"href":"https:\/\/www.autonvaraosahaku.fi\/index.php?rest_route=%2Fwp%2Fv2%2Fproduct_tag&post=47096"}],"curies":[{"name":"wp","href":"https:\/\/api.w.org\/{rel}","templated":true}]}}