{"id":47150,"date":"2021-02-21T17:15:35","date_gmt":"2021-02-21T17:15:35","guid":{"rendered":"https:\/\/www.autonvaraosahaku.fi\/?product=vaico-v40-80042-jarrulevyt"},"modified":"2021-02-21T17:15:37","modified_gmt":"2021-02-21T17:15:37","slug":"vaico-v40-80042-jarrulevyt","status":"publish","type":"product","link":"https:\/\/www.autonvaraosahaku.fi\/?product=vaico-v40-80042-jarrulevyt","title":{"rendered":"VAICO V40-80042 Jarrulevyt"},"content":{"rendered":"<p>Asennuspuoli: Etuakseli, Etuakseli; Vanne, aukkoja: 4; Korkeus (mm): 41; Jarrulevytyyppi: Tuuletettu; Jarrulevyn paksuus (mm): 20; V\u00e4himm\u00e4ispaksuus (mm): 17; Ulkol\u00e4pimitta [mm]: 240; keskitt\u00e4misl\u00e4pimitta [mm]: 60; Reik\u00e4ympyr\u00e4-\u00d8 [mm]: 100; Jarrulevyn navan korkeus [mm]: 21; Pakkausleveys [cm]: 26, 26; Pakkauskorkeus [mm]: 9, 9; Pakkaussyvyys [cm]: 26, 26; Reik\u00e4-\u00d8 2 [mm]: 6,5; t\u00e4ytt\u00e4\u00e4 ECE-normin: R90; Paino [kg]: 4,4; lis\u00e4tieto: CST99; Jarru-\/ajodynamiikka: f\u00fcr Fahrzeuge mit ABS; OPEL: CORSA C F08, F68,CORSA C Kasten F08, W5L,CORSA B Kombi F35; VAUXHALL: CORSA Mk II C W5L, F08,CORSAVAN Mk II C; 00569021, 0569021, 569021, 9195985, 95526649, 09195985, 9195985; Jarrulevy<\/p>\n","protected":false},"excerpt":{"rendered":"<p>VAICO Jarrulevyt V40-80042 Jarrulevy OPEL,VAUXHALL,CORSA C F08, F68,CORSA C Kasten F08, W5L,CORSA B Kombi F35,CORSA Mk II C W5L, F08,CORSAVAN Mk II C<\/p>\n","protected":false},"featured_media":0,"template":"","meta":{"site-sidebar-layout":"default","site-content-layout":"default","ast-global-header-display":"","ast-main-header-display":"","ast-hfb-above-header-display":"","ast-hfb-below-header-display":"","ast-hfb-mobile-header-display":"","site-post-title":"","ast-breadcrumbs-content":"","ast-featured-img":"","footer-sml-layout":"","theme-transparent-header-meta":"","adv-header-id-meta":"","stick-header-meta":"","header-above-stick-meta":"","header-main-stick-meta":"","header-below-stick-meta":""},"pwb-brand":[330],"product_cat":[66],"product_tag":[],"class_list":{"0":"post-47150","1":"product","2":"type-product","3":"status-publish","5":"pwb-brand-vaico","6":"product_cat-jarrulevyt","7":"desktop-align-left","8":"tablet-align-left","9":"mobile-align-left","11":"first","12":"instock","13":"product-type-external"},"brands":[{"id":330,"name":"VAICO","slug":"vaico"}],"_links":{"self":[{"href":"https:\/\/www.autonvaraosahaku.fi\/index.php?rest_route=\/wp\/v2\/product\/47150","targetHints":{"allow":["GET"]}}],"collection":[{"href":"https:\/\/www.autonvaraosahaku.fi\/index.php?rest_route=\/wp\/v2\/product"}],"about":[{"href":"https:\/\/www.autonvaraosahaku.fi\/index.php?rest_route=\/wp\/v2\/types\/product"}],"wp:attachment":[{"href":"https:\/\/www.autonvaraosahaku.fi\/index.php?rest_route=%2Fwp%2Fv2%2Fmedia&parent=47150"}],"wp:term":[{"taxonomy":"pwb-brand","embeddable":true,"href":"https:\/\/www.autonvaraosahaku.fi\/index.php?rest_route=%2Fwp%2Fv2%2Fpwb-brand&post=47150"},{"taxonomy":"product_cat","embeddable":true,"href":"https:\/\/www.autonvaraosahaku.fi\/index.php?rest_route=%2Fwp%2Fv2%2Fproduct_cat&post=47150"},{"taxonomy":"product_tag","embeddable":true,"href":"https:\/\/www.autonvaraosahaku.fi\/index.php?rest_route=%2Fwp%2Fv2%2Fproduct_tag&post=47150"}],"curies":[{"name":"wp","href":"https:\/\/api.w.org\/{rel}","templated":true}]}}