{"id":47182,"date":"2021-02-21T17:15:46","date_gmt":"2021-02-21T17:15:46","guid":{"rendered":"https:\/\/www.autonvaraosahaku.fi\/?product=vaico-v10-80090-jarrulevyt"},"modified":"2021-02-21T17:15:47","modified_gmt":"2021-02-21T17:15:47","slug":"vaico-v10-80090-jarrulevyt","status":"publish","type":"product","link":"https:\/\/www.autonvaraosahaku.fi\/?product=vaico-v10-80090-jarrulevyt","title":{"rendered":"VAICO V10-80090 Jarrulevyt"},"content":{"rendered":"<p>Jarrulevyn navan korkeus [mm]: 34,5; Asennuspuoli: Etuakseli, Etuakseli; Kiristysmomentti: 120; Vanne, aukkoja: 5; Korkeus (mm): 59,7; Jarrulevytyyppi: Tuuletettu; Jarrulevyn paksuus (mm): 25, 25; V\u00e4himm\u00e4ispaksuus (mm): 23; Ulkol\u00e4pimitta [mm]: 314; keskitt\u00e4misl\u00e4pimitta [mm]: 68; Reik\u00e4ympyr\u00e4-\u00d8 [mm]: 112; Pakkausleveys [cm]: 32, 32; Pakkauskorkeus [mm]: 12, 12; Pakkaussyvyys [cm]: 32, 32; Sis\u00e4l\u00e4pimitta [mm]: 144; Paino [kg]: 9,45; lis\u00e4tieto: CST99; PR-numerolle: 1LT; AUDI: A6 Avant 4F5, C6,A6 4F2, C6,A8 4E_,A6 Allroad 4FH, C6; 4F0615301D, 8W0615301G, 8W0615301T, 4F0615301D, 8W0615301G, 8W0615301T, 4F0615301D, 8W0615301G, 8W0615301T, 4F0615301D, 8K0615301, 8W0615301G, 8W0615301T; Jarrulevy<\/p>\n","protected":false},"excerpt":{"rendered":"<p>VAICO Jarrulevyt V10-80090 Jarrulevy AUDI,A6 Avant 4F5, C6,A6 4F2, C6,A8 4E_,A6 Allroad 4FH, C6<\/p>\n","protected":false},"featured_media":0,"template":"","meta":{"site-sidebar-layout":"default","site-content-layout":"default","ast-global-header-display":"","ast-main-header-display":"","ast-hfb-above-header-display":"","ast-hfb-below-header-display":"","ast-hfb-mobile-header-display":"","site-post-title":"","ast-breadcrumbs-content":"","ast-featured-img":"","footer-sml-layout":"","theme-transparent-header-meta":"","adv-header-id-meta":"","stick-header-meta":"","header-above-stick-meta":"","header-main-stick-meta":"","header-below-stick-meta":""},"pwb-brand":[330],"product_cat":[66],"product_tag":[],"class_list":{"0":"post-47182","1":"product","2":"type-product","3":"status-publish","5":"pwb-brand-vaico","6":"product_cat-jarrulevyt","7":"desktop-align-left","8":"tablet-align-left","9":"mobile-align-left","11":"first","12":"instock","13":"product-type-external"},"brands":[{"id":330,"name":"VAICO","slug":"vaico"}],"_links":{"self":[{"href":"https:\/\/www.autonvaraosahaku.fi\/index.php?rest_route=\/wp\/v2\/product\/47182","targetHints":{"allow":["GET"]}}],"collection":[{"href":"https:\/\/www.autonvaraosahaku.fi\/index.php?rest_route=\/wp\/v2\/product"}],"about":[{"href":"https:\/\/www.autonvaraosahaku.fi\/index.php?rest_route=\/wp\/v2\/types\/product"}],"wp:attachment":[{"href":"https:\/\/www.autonvaraosahaku.fi\/index.php?rest_route=%2Fwp%2Fv2%2Fmedia&parent=47182"}],"wp:term":[{"taxonomy":"pwb-brand","embeddable":true,"href":"https:\/\/www.autonvaraosahaku.fi\/index.php?rest_route=%2Fwp%2Fv2%2Fpwb-brand&post=47182"},{"taxonomy":"product_cat","embeddable":true,"href":"https:\/\/www.autonvaraosahaku.fi\/index.php?rest_route=%2Fwp%2Fv2%2Fproduct_cat&post=47182"},{"taxonomy":"product_tag","embeddable":true,"href":"https:\/\/www.autonvaraosahaku.fi\/index.php?rest_route=%2Fwp%2Fv2%2Fproduct_tag&post=47182"}],"curies":[{"name":"wp","href":"https:\/\/api.w.org\/{rel}","templated":true}]}}