{"id":47890,"date":"2021-02-21T17:18:58","date_gmt":"2021-02-21T17:18:58","guid":{"rendered":"https:\/\/www.autonvaraosahaku.fi\/?product=ridex-123b0060-jarrurumpu"},"modified":"2021-02-21T17:19:01","modified_gmt":"2021-02-21T17:19:01","slug":"ridex-123b0060-jarrurumpu","status":"publish","type":"product","link":"https:\/\/www.autonvaraosahaku.fi\/?product=ridex-123b0060-jarrurumpu","title":{"rendered":"RIDEX 123B0060 Jarrurumpu"},"content":{"rendered":"<p>Asennuspuoli: Taka-akseli, Hinterachse; J-rumpu sis\u00e4leveys [mm]: 44,5; Korvaava tuote\/korvaava tiedote 2: Ilman py\u00f6r\u00e4nkiinnityspultteja, ilman ruuveja, Ilman py\u00f6r\u00e4nkiinnityspultteja, ilman ruuveja; M\u00e4\u00e4r\u00e4tty kiertosuunta: ; ei sidoksissa kulkusuuntaan: ; Jarrurummun sis\u00e4-\u00d8 [mm]: 203; Korkeus (mm): 81; Vanne, aukkoja: 4; Navan l\u00e4pimitta 1 [mm]: 53; Paino [kg]: 6,8; MAZDA: 2 DY; FORD: FIESTA V JH_, JD_,FIESTA IV JA_, JB_,FUSION JU_,FIESTA V Van,FIESTA Kasten JV_; 1151001, 1213352, 1315740, 1416191, 1468774, 1507055, 2S611113A1K, 2S611113AG, 2S611113AH, 2S611113AJ, 2S611113AK, 4329656, 4345314, 4376842, 7S611113AA, 81AB1113AF, DD3226250, DD3226250A<\/p>\n","protected":false},"excerpt":{"rendered":"<p>RIDEX Jarrurumpu 123B0060  MAZDA,FORD,2 DY,FIESTA V JH_, JD_,FIESTA IV JA_, JB_,FUSION JU_,FIESTA V Van,FIESTA Kasten JV_<\/p>\n","protected":false},"featured_media":0,"template":"","meta":{"site-sidebar-layout":"default","site-content-layout":"default","ast-global-header-display":"","ast-main-header-display":"","ast-hfb-above-header-display":"","ast-hfb-below-header-display":"","ast-hfb-mobile-header-display":"","site-post-title":"","ast-breadcrumbs-content":"","ast-featured-img":"","footer-sml-layout":"","theme-transparent-header-meta":"","adv-header-id-meta":"","stick-header-meta":"","header-above-stick-meta":"","header-main-stick-meta":"","header-below-stick-meta":""},"pwb-brand":[157],"product_cat":[304],"product_tag":[],"class_list":{"0":"post-47890","1":"product","2":"type-product","3":"status-publish","5":"pwb-brand-ridex","6":"product_cat-jarrurumpu","7":"desktop-align-left","8":"tablet-align-left","9":"mobile-align-left","11":"first","12":"instock","13":"product-type-external"},"brands":[{"id":157,"name":"RIDEX","slug":"ridex"}],"_links":{"self":[{"href":"https:\/\/www.autonvaraosahaku.fi\/index.php?rest_route=\/wp\/v2\/product\/47890","targetHints":{"allow":["GET"]}}],"collection":[{"href":"https:\/\/www.autonvaraosahaku.fi\/index.php?rest_route=\/wp\/v2\/product"}],"about":[{"href":"https:\/\/www.autonvaraosahaku.fi\/index.php?rest_route=\/wp\/v2\/types\/product"}],"wp:attachment":[{"href":"https:\/\/www.autonvaraosahaku.fi\/index.php?rest_route=%2Fwp%2Fv2%2Fmedia&parent=47890"}],"wp:term":[{"taxonomy":"pwb-brand","embeddable":true,"href":"https:\/\/www.autonvaraosahaku.fi\/index.php?rest_route=%2Fwp%2Fv2%2Fpwb-brand&post=47890"},{"taxonomy":"product_cat","embeddable":true,"href":"https:\/\/www.autonvaraosahaku.fi\/index.php?rest_route=%2Fwp%2Fv2%2Fproduct_cat&post=47890"},{"taxonomy":"product_tag","embeddable":true,"href":"https:\/\/www.autonvaraosahaku.fi\/index.php?rest_route=%2Fwp%2Fv2%2Fproduct_tag&post=47890"}],"curies":[{"name":"wp","href":"https:\/\/api.w.org\/{rel}","templated":true}]}}