{"id":48403,"date":"2021-02-21T17:21:27","date_gmt":"2021-02-21T17:21:27","guid":{"rendered":"https:\/\/www.autonvaraosahaku.fi\/?product=febi-bilstein-31703-kierretulppa"},"modified":"2021-02-21T17:21:28","modified_gmt":"2021-02-21T17:21:28","slug":"febi-bilstein-31703-kierretulppa","status":"publish","type":"product","link":"https:\/\/www.autonvaraosahaku.fi\/?product=febi-bilstein-31703-kierretulppa","title":{"rendered":"FEBI BILSTEIN 31703 Kierretulppa"},"content":{"rendered":"<p>Paksuus [mm]: 1,4; Sis\u00e4l\u00e4pimitta [mm]: 18,0; Ulkol\u00e4pimitta [mm]: 22,0; DIN \/ ISO: 7603; Materiaali: Kupari, Kupari; Paino [kg]: 0,001, 0,001; Huomioi tekniset tiedot: ; BMW: 5 E60,5 Touring E61,5 Touring F11,5 F10, F18,1 F20,X5 E70,X5 E53,3 Touring F31,3 F30, F35, F80,7 E65, E66, E67,1 F21,7 F01, F02, F03, F04,5 Gran Turismo F07,X6 E71, E72,6 E63,X5 F15, F85,6 Cabriolet E64,6 Coupe F13,6 Cabriolet F12; MERCEDES-BENZ: T2\/L Kasten\/Kombi,T2\/LN1 Kasten\/Kombi,VARIO Kasten\/Kombi,VARIO Pritsche\/Fahrgestell,T2\/L Pritsche\/Fahrgestell,T2\/LN1 Pritsche\/Fahrgestell,SLS AMG C197,T2\/LN1 Kipper,SLS AMG Cabriolet A197,ACTROS MP4 \/ MP5,ANTOS,AROCS,ATEGO 3,CITARO (O 530),CONECTO (O 345),LK\/LN2,LP,NG,O 303,O 305,O 307,O 309,O 340,O 400,O 403,O 404,O 405,O 407,O 408,TOURISMO (O 350),TOURO (O 500),TRAVEGO (O 580),UNIMOG; SETRA: Series 400; 07119963308, 007603018101, A007603018101; Tiiviste, \u00d6ljynlaskutulppa<\/p>\n","protected":false},"excerpt":{"rendered":"<p>FEBI BILSTEIN \u00d6ljytulpan Tiiviste 31703 Tiiviste, \u00d6ljynlaskutulppa BMW,MERCEDES-BENZ,SETRA,5 E60,5 Touring E61,5 Touring F11,5 F10, F18,1 F20,X5 E70<\/p>\n","protected":false},"featured_media":0,"template":"","meta":{"site-sidebar-layout":"default","site-content-layout":"default","ast-global-header-display":"","ast-main-header-display":"","ast-hfb-above-header-display":"","ast-hfb-below-header-display":"","ast-hfb-mobile-header-display":"","site-post-title":"","ast-breadcrumbs-content":"","ast-featured-img":"","footer-sml-layout":"","theme-transparent-header-meta":"","adv-header-id-meta":"","stick-header-meta":"","header-above-stick-meta":"","header-main-stick-meta":"","header-below-stick-meta":""},"pwb-brand":[50],"product_cat":[40],"product_tag":[],"class_list":{"0":"post-48403","1":"product","2":"type-product","3":"status-publish","5":"pwb-brand-febi-bilstein","6":"product_cat-kierretulppa","7":"desktop-align-left","8":"tablet-align-left","9":"mobile-align-left","11":"first","12":"instock","13":"product-type-external"},"brands":[{"id":50,"name":"FEBI BILSTEIN","slug":"febi-bilstein"}],"_links":{"self":[{"href":"https:\/\/www.autonvaraosahaku.fi\/index.php?rest_route=\/wp\/v2\/product\/48403","targetHints":{"allow":["GET"]}}],"collection":[{"href":"https:\/\/www.autonvaraosahaku.fi\/index.php?rest_route=\/wp\/v2\/product"}],"about":[{"href":"https:\/\/www.autonvaraosahaku.fi\/index.php?rest_route=\/wp\/v2\/types\/product"}],"wp:attachment":[{"href":"https:\/\/www.autonvaraosahaku.fi\/index.php?rest_route=%2Fwp%2Fv2%2Fmedia&parent=48403"}],"wp:term":[{"taxonomy":"pwb-brand","embeddable":true,"href":"https:\/\/www.autonvaraosahaku.fi\/index.php?rest_route=%2Fwp%2Fv2%2Fpwb-brand&post=48403"},{"taxonomy":"product_cat","embeddable":true,"href":"https:\/\/www.autonvaraosahaku.fi\/index.php?rest_route=%2Fwp%2Fv2%2Fproduct_cat&post=48403"},{"taxonomy":"product_tag","embeddable":true,"href":"https:\/\/www.autonvaraosahaku.fi\/index.php?rest_route=%2Fwp%2Fv2%2Fproduct_tag&post=48403"}],"curies":[{"name":"wp","href":"https:\/\/api.w.org\/{rel}","templated":true}]}}