{"id":48677,"date":"2021-02-21T17:22:39","date_gmt":"2021-02-21T17:22:39","guid":{"rendered":"https:\/\/www.autonvaraosahaku.fi\/?product=ridex-82b0741-jarrulevyt"},"modified":"2021-02-21T17:22:44","modified_gmt":"2021-02-21T17:22:44","slug":"ridex-82b0741-jarrulevyt","status":"publish","type":"product","link":"https:\/\/www.autonvaraosahaku.fi\/?product=ridex-82b0741-jarrulevyt","title":{"rendered":"RIDEX 82B0741 Jarrulevyt"},"content":{"rendered":"<p>Jarrulevytyyppi: Tuuletettu; Vanne, aukkoja: 4\/8; L\u00e4pimitta [mm]: 282; Korkeus (mm): 47; Jarrulevyn paksuus (mm): 25; V\u00e4himm\u00e4ispaksuus (mm): 23; Reik\u00e4ympyr\u00e4-\u00d8 2 [mm]: 114,3; Navan l\u00e4pimitta 1 [mm]: 64,2; Sis\u00e4l\u00e4pimitta [mm]: 142,5; Porausreik\u00e4l\u00e4pimitta enint\u00e4\u00e4n [mm]: 12,8; Asennuspuoli: Etuakseli, Vorderachse; HONDA: ACCORD VII CL,ACCORD VII Tourer CM,ACCORD VI CG, CK,ACCORD VI Hatchback CH; 45251S1A305, 45251S1AE40, 45251S1AG00; Jarrulevy<\/p>\n","protected":false},"excerpt":{"rendered":"<p>RIDEX Jarrulevyt 82B0741 Jarrulevy HONDA,ACCORD VII CL,ACCORD VII Tourer CM,ACCORD VI CG, CK,ACCORD VI Hatchback CH<\/p>\n","protected":false},"featured_media":0,"template":"","meta":{"site-sidebar-layout":"default","site-content-layout":"default","ast-global-header-display":"","ast-main-header-display":"","ast-hfb-above-header-display":"","ast-hfb-below-header-display":"","ast-hfb-mobile-header-display":"","site-post-title":"","ast-breadcrumbs-content":"","ast-featured-img":"","footer-sml-layout":"","theme-transparent-header-meta":"","adv-header-id-meta":"","stick-header-meta":"","header-above-stick-meta":"","header-main-stick-meta":"","header-below-stick-meta":""},"pwb-brand":[157],"product_cat":[66],"product_tag":[],"class_list":{"0":"post-48677","1":"product","2":"type-product","3":"status-publish","5":"pwb-brand-ridex","6":"product_cat-jarrulevyt","7":"desktop-align-left","8":"tablet-align-left","9":"mobile-align-left","11":"first","12":"instock","13":"product-type-external"},"brands":[{"id":157,"name":"RIDEX","slug":"ridex"}],"_links":{"self":[{"href":"https:\/\/www.autonvaraosahaku.fi\/index.php?rest_route=\/wp\/v2\/product\/48677","targetHints":{"allow":["GET"]}}],"collection":[{"href":"https:\/\/www.autonvaraosahaku.fi\/index.php?rest_route=\/wp\/v2\/product"}],"about":[{"href":"https:\/\/www.autonvaraosahaku.fi\/index.php?rest_route=\/wp\/v2\/types\/product"}],"wp:attachment":[{"href":"https:\/\/www.autonvaraosahaku.fi\/index.php?rest_route=%2Fwp%2Fv2%2Fmedia&parent=48677"}],"wp:term":[{"taxonomy":"pwb-brand","embeddable":true,"href":"https:\/\/www.autonvaraosahaku.fi\/index.php?rest_route=%2Fwp%2Fv2%2Fpwb-brand&post=48677"},{"taxonomy":"product_cat","embeddable":true,"href":"https:\/\/www.autonvaraosahaku.fi\/index.php?rest_route=%2Fwp%2Fv2%2Fproduct_cat&post=48677"},{"taxonomy":"product_tag","embeddable":true,"href":"https:\/\/www.autonvaraosahaku.fi\/index.php?rest_route=%2Fwp%2Fv2%2Fproduct_tag&post=48677"}],"curies":[{"name":"wp","href":"https:\/\/api.w.org\/{rel}","templated":true}]}}