{"id":48722,"date":"2021-02-21T17:22:56","date_gmt":"2021-02-21T17:22:56","guid":{"rendered":"https:\/\/www.autonvaraosahaku.fi\/?product=ridex-402b0297-jarrupalat"},"modified":"2021-02-21T17:22:57","modified_gmt":"2021-02-21T17:22:57","slug":"ridex-402b0297-jarrupalat","status":"publish","type":"product","link":"https:\/\/www.autonvaraosahaku.fi\/?product=ridex-402b0297-jarrupalat","title":{"rendered":"RIDEX 402B0297 Jarrupalat"},"content":{"rendered":"<p>Leveys (mm): 131,5; Korkeus (mm): 56,9; Paksuus [mm]: 16; Kulumisenilmaisimen liitos: akustisella kulumavaroittimella; Kulumisvaroittimia [pro Achse]: 1; Jarruj\u00e4rjestelm\u00e4: Lucas; Asennuspuoli: Etuakseli; M\u00e4\u00e4r\u00e4yksikk\u00f6: Akselisarja; Valmistusmaa: Ungarn; NISSAN: JUKE F15,TIIDA Schr\u00e4gheck; SUZUKI: SX4 EY, GY,SX4 Stufenheck GY; FIAT: SEDICI; RENAULT: LATITUDE L70_; 71742853, 71750033, 5581079J00, 5581079J10; Jarrupalasarja,Jarrupala, Levyjarru<\/p>\n","protected":false},"excerpt":{"rendered":"<p>RIDEX Jarrupalat 402B0297 Jarrupalasarja,Jarrupala, Levyjarru NISSAN,SUZUKI,FIAT,JUKE F15,TIIDA Schr\u00e4gheck,SX4 EY, GY,SX4 Stufenheck GY,SEDICI<\/p>\n","protected":false},"featured_media":0,"template":"","meta":{"site-sidebar-layout":"default","site-content-layout":"default","ast-global-header-display":"","ast-main-header-display":"","ast-hfb-above-header-display":"","ast-hfb-below-header-display":"","ast-hfb-mobile-header-display":"","site-post-title":"","ast-breadcrumbs-content":"","ast-featured-img":"","footer-sml-layout":"","theme-transparent-header-meta":"","adv-header-id-meta":"","stick-header-meta":"","header-above-stick-meta":"","header-main-stick-meta":"","header-below-stick-meta":""},"pwb-brand":[157],"product_cat":[100],"product_tag":[],"class_list":{"0":"post-48722","1":"product","2":"type-product","3":"status-publish","5":"pwb-brand-ridex","6":"product_cat-jarrupalat","7":"desktop-align-left","8":"tablet-align-left","9":"mobile-align-left","11":"first","12":"instock","13":"product-type-external"},"brands":[{"id":157,"name":"RIDEX","slug":"ridex"}],"_links":{"self":[{"href":"https:\/\/www.autonvaraosahaku.fi\/index.php?rest_route=\/wp\/v2\/product\/48722","targetHints":{"allow":["GET"]}}],"collection":[{"href":"https:\/\/www.autonvaraosahaku.fi\/index.php?rest_route=\/wp\/v2\/product"}],"about":[{"href":"https:\/\/www.autonvaraosahaku.fi\/index.php?rest_route=\/wp\/v2\/types\/product"}],"wp:attachment":[{"href":"https:\/\/www.autonvaraosahaku.fi\/index.php?rest_route=%2Fwp%2Fv2%2Fmedia&parent=48722"}],"wp:term":[{"taxonomy":"pwb-brand","embeddable":true,"href":"https:\/\/www.autonvaraosahaku.fi\/index.php?rest_route=%2Fwp%2Fv2%2Fpwb-brand&post=48722"},{"taxonomy":"product_cat","embeddable":true,"href":"https:\/\/www.autonvaraosahaku.fi\/index.php?rest_route=%2Fwp%2Fv2%2Fproduct_cat&post=48722"},{"taxonomy":"product_tag","embeddable":true,"href":"https:\/\/www.autonvaraosahaku.fi\/index.php?rest_route=%2Fwp%2Fv2%2Fproduct_tag&post=48722"}],"curies":[{"name":"wp","href":"https:\/\/api.w.org\/{rel}","templated":true}]}}