{"id":48895,"date":"2021-02-21T17:23:41","date_gmt":"2021-02-21T17:23:41","guid":{"rendered":"https:\/\/www.autonvaraosahaku.fi\/?product=vaico-v40-0018-polttoainesuodatin"},"modified":"2021-02-21T17:23:45","modified_gmt":"2021-02-21T17:23:45","slug":"vaico-v40-0018-polttoainesuodatin","status":"publish","type":"product","link":"https:\/\/www.autonvaraosahaku.fi\/?product=vaico-v40-0018-polttoainesuodatin","title":{"rendered":"VAICO V40-0018 Polttoainesuodatin"},"content":{"rendered":"<p>Korkeus 1 (mm): 89; L\u00e4pimitta 2 [mm]: 8; L\u00e4pimitta 3 [mm]: 8; Polttoaine: Bensiini; Suodatintyyppi: Letkusuodatin; Ulkol\u00e4pimitta [mm]: 55; Korkeus (mm): 140; Paino [kg]: 0,166; Pakkausleveys [cm]: 7,2; Pakkauskorkeus [mm]: 14; Pakkaussyvyys [cm]: 7,2; lis\u00e4tieto: CST99; Valmistusvuosi alkaen: 09\/1987; AUDI: A3 8P1,A3 Sportback 8PA,A2 8Z0; SKODA: FABIA Combi 6Y5,FABIA 6Y2,FABIA Stufenheck 6Y3,FABIA Praktik,FAVORIT 781; SEAT: IBIZA IV 6L1,CORDOBA Vario 6K1,CORDOBA 6L2; LADA: KALINA Kombi 1117,KALINA Schr\u00e4gheck 1119,PRIORA Kombi 2171,KALINA Stufenheck 1118,PRIORA Schr\u00e4gheck 2172; SAAB: 9-3 YS3F,9-5 Kombi YS3E,9-3 Kombi YS3F,9-5 YS3E,9-3 Cabriolet YS3F; OPEL: CORSA C F08, F68,MERIVA,ZAFIRA A F75_,ASTRA G CC F48_, F08_,OMEGA A 16_, 17_, 19_,ASTRA G Caravan F35_,CORSA B 73_, 78_, 79_,VECTRA C Caravan,SIGNUM,VECTRA C,VECTRA B 36_,ASTRA F CC 53_, 54_, 58_, 59_,OMEGA B Caravan 21_, 22_, 23_,OMEGA B 25_, 26_, 27_,VECTRA C GTS,TIGRA TwinTop,VECTRA B Caravan 31_,ASTRA G Cabriolet F67,ASTRA F Caravan 51_, 52_,FRONTERA B 6B_,ASTRA G Coupe F07_,COMBO Kasten\/Kombi,ASTRA G Stufenheck F69_,CALIBRA A 85_,VECTRA B CC 38_,COMBO Tour,VECTRA A 86_, 87_,ASTRA F Cabriolet 53_B,ASTRA F 56_, 57_,KADETT E CC 33_, 34_, 43_, 44_,FRONTERA A Sport 5_SUD2,TIGRA 95_,CORSA A CC 93_, 94_, 98_, 99_,FRONTERA A 5_MWL4,KADETT C Coupe,MANTA B 58_, 59_,CORSA C Kasten F08, W5L,VECTRA A CC 88_, 89_,MONZA A 22_,KADETT C,COMBO 71_,KADETT E Cabriolet 43B_,ASCONA B 81_, 86_, 87_, 88_,ASCONA C 81_, 86_, 87_, 88_,REKORD E 17_-19_, 11_, 14_, 16_,SENATOR B 29_,SENATOR A 29_,MANTA A 58_, 59_,OMEGA A Caravan 66_, 67_,ASTRA F CLASSIC CC,CORSA A TR 91_, 92_, 96_, 97; JAGUAR: X-TYPE CF1,X-TYPE Estate; LANCIA: Y 840A,DELTA II 836,BETA Coupe 828BC,DEDRA 835,DEDRA SW 835,BETA  H.P.E. 828BF,GAMMA Coupe,TREVI 828DB; FIAT: DUCATO Pritsche\/Fahrgestell 230,DUCATO Bus 230,BARCHETTA 183,PUNTO 176,DUCATO Kasten 230L,CINQUECENTO 170,PANDA 141A_,COUPE FA\/175,BRAVO I 182,BRAVA 182,PUNTO Cabriolet 176C,MAREA Weekend 185,MAREA 185,PUNTO Van 176L,132,REGATA 138,ARGENTA 132A,REGATA Weekend 138,ELBA 146_; CITRO\u00cbN: JUMPER Kasten 244,XANTIA X1,AX ZA-_,ZX N2,BX XB-_,JUMPER Kasten 230L,JUMPER Bus 244, Z_,XM Y3,CX II,CX I MA,XANTIA Break X1,JUMPER Bus 230P,ZX Break N2,JUMPER Pritsche\/Fahrgestell 230,BX Break XB-_,C15 VD-_,CX II Break,XM Break Y3,CX I Break MA,C15 Kombi; 8250553640, 00818500, 00818501, 00818508, 00818512, 00818513, 00818514, 00818541, 00818568, 0818500, 0818501, 0818512, 0818513, 0818516, 0818541, 25055364, 25121947, 25121974, 818500, 818501, 818512, 818513, 818516, 818541, 90169150, 00818508, 00818510, 00818516, 25121974, 90169150, 90486291<\/p>\n","protected":false},"excerpt":{"rendered":"<p>VAICO Polttoainesuodatin V40-0018  AUDI,SKODA,SEAT,A3 8P1,A3 Sportback 8PA,A2 8Z0,FABIA Combi 6Y5,FABIA 6Y2,FABIA Stufenheck 6Y3,FABIA Praktik<\/p>\n","protected":false},"featured_media":0,"template":"","meta":{"site-sidebar-layout":"default","site-content-layout":"default","ast-global-header-display":"","ast-main-header-display":"","ast-hfb-above-header-display":"","ast-hfb-below-header-display":"","ast-hfb-mobile-header-display":"","site-post-title":"","ast-breadcrumbs-content":"","ast-featured-img":"","footer-sml-layout":"","theme-transparent-header-meta":"","adv-header-id-meta":"","stick-header-meta":"","header-above-stick-meta":"","header-main-stick-meta":"","header-below-stick-meta":""},"pwb-brand":[330],"product_cat":[29],"product_tag":[],"class_list":{"0":"post-48895","1":"product","2":"type-product","3":"status-publish","5":"pwb-brand-vaico","6":"product_cat-polttoainesuodatin","7":"desktop-align-left","8":"tablet-align-left","9":"mobile-align-left","11":"first","12":"instock","13":"product-type-external"},"brands":[{"id":330,"name":"VAICO","slug":"vaico"}],"_links":{"self":[{"href":"https:\/\/www.autonvaraosahaku.fi\/index.php?rest_route=\/wp\/v2\/product\/48895","targetHints":{"allow":["GET"]}}],"collection":[{"href":"https:\/\/www.autonvaraosahaku.fi\/index.php?rest_route=\/wp\/v2\/product"}],"about":[{"href":"https:\/\/www.autonvaraosahaku.fi\/index.php?rest_route=\/wp\/v2\/types\/product"}],"wp:attachment":[{"href":"https:\/\/www.autonvaraosahaku.fi\/index.php?rest_route=%2Fwp%2Fv2%2Fmedia&parent=48895"}],"wp:term":[{"taxonomy":"pwb-brand","embeddable":true,"href":"https:\/\/www.autonvaraosahaku.fi\/index.php?rest_route=%2Fwp%2Fv2%2Fpwb-brand&post=48895"},{"taxonomy":"product_cat","embeddable":true,"href":"https:\/\/www.autonvaraosahaku.fi\/index.php?rest_route=%2Fwp%2Fv2%2Fproduct_cat&post=48895"},{"taxonomy":"product_tag","embeddable":true,"href":"https:\/\/www.autonvaraosahaku.fi\/index.php?rest_route=%2Fwp%2Fv2%2Fproduct_tag&post=48895"}],"curies":[{"name":"wp","href":"https:\/\/api.w.org\/{rel}","templated":true}]}}