{"id":49039,"date":"2021-02-21T17:24:30","date_gmt":"2021-02-21T17:24:30","guid":{"rendered":"https:\/\/www.autonvaraosahaku.fi\/?product=monroe-ml5147-takaluukun-kaasujousi"},"modified":"2021-02-21T17:24:31","modified_gmt":"2021-02-21T17:24:31","slug":"monroe-ml5147-takaluukun-kaasujousi","status":"publish","type":"product","link":"https:\/\/www.autonvaraosahaku.fi\/?product=monroe-ml5147-takaluukun-kaasujousi","title":{"rendered":"MONROE ML5147 Takaluukun kaasujousi"},"content":{"rendered":"<p>Paino [kg]: 0,369; Sylinterin halkaisija [mm]: 18,5; Isku (mm): 235; Ty\u00f6nt\u00f6voima [N]: 310; Jousijalan l\u00e4pimitta [mm]: 8; Pakkauspituus [cm]: 72,5; Pakkausleveys [cm]: 3; Pakkauskorkeus [mm]: 3, 3; Valmistusvuosi alkaen: 01\/1996; MAZDA: 121 III JASM, JBSM; FORD: FIESTA IV JA_, JB_,FIESTA III GFJ,FIESTA Kasten J5_, J3_,FIESTA Kasten JV_; 1008276, 108277, 93FBB406A10BA, 96FBB406A10AA, 96FBB406A10BA, 96FBB406A10BA; Kaasujousi, Tavaratila<\/p>\n","protected":false},"excerpt":{"rendered":"<p>MONROE Takaluukun Kaasujousi MONROE MaxLift ML5147 Kaasujousi, Tavaratila MAZDA,FORD,121 III JASM, JBSM,FIESTA IV JA_, JB_,FIESTA III GFJ<\/p>\n","protected":false},"featured_media":0,"template":"","meta":{"site-sidebar-layout":"default","site-content-layout":"default","ast-global-header-display":"","ast-main-header-display":"","ast-hfb-above-header-display":"","ast-hfb-below-header-display":"","ast-hfb-mobile-header-display":"","site-post-title":"","ast-breadcrumbs-content":"","ast-featured-img":"","footer-sml-layout":"","theme-transparent-header-meta":"","adv-header-id-meta":"","stick-header-meta":"","header-above-stick-meta":"","header-main-stick-meta":"","header-below-stick-meta":""},"pwb-brand":[79],"product_cat":[59],"product_tag":[],"class_list":{"0":"post-49039","1":"product","2":"type-product","3":"status-publish","5":"pwb-brand-monroe","6":"product_cat-takaluukun-kaasujousi","7":"desktop-align-left","8":"tablet-align-left","9":"mobile-align-left","11":"first","12":"instock","13":"product-type-external"},"brands":[{"id":79,"name":"MONROE","slug":"monroe"}],"_links":{"self":[{"href":"https:\/\/www.autonvaraosahaku.fi\/index.php?rest_route=\/wp\/v2\/product\/49039","targetHints":{"allow":["GET"]}}],"collection":[{"href":"https:\/\/www.autonvaraosahaku.fi\/index.php?rest_route=\/wp\/v2\/product"}],"about":[{"href":"https:\/\/www.autonvaraosahaku.fi\/index.php?rest_route=\/wp\/v2\/types\/product"}],"wp:attachment":[{"href":"https:\/\/www.autonvaraosahaku.fi\/index.php?rest_route=%2Fwp%2Fv2%2Fmedia&parent=49039"}],"wp:term":[{"taxonomy":"pwb-brand","embeddable":true,"href":"https:\/\/www.autonvaraosahaku.fi\/index.php?rest_route=%2Fwp%2Fv2%2Fpwb-brand&post=49039"},{"taxonomy":"product_cat","embeddable":true,"href":"https:\/\/www.autonvaraosahaku.fi\/index.php?rest_route=%2Fwp%2Fv2%2Fproduct_cat&post=49039"},{"taxonomy":"product_tag","embeddable":true,"href":"https:\/\/www.autonvaraosahaku.fi\/index.php?rest_route=%2Fwp%2Fv2%2Fproduct_tag&post=49039"}],"curies":[{"name":"wp","href":"https:\/\/api.w.org\/{rel}","templated":true}]}}