{"id":49239,"date":"2021-02-21T17:25:28","date_gmt":"2021-02-21T17:25:28","guid":{"rendered":"https:\/\/www.autonvaraosahaku.fi\/?product=corteco-19030310-venttiilinvarren-kumit"},"modified":"2021-02-21T17:25:28","modified_gmt":"2021-02-21T17:25:28","slug":"corteco-19030310-venttiilinvarren-kumit","status":"publish","type":"product","link":"https:\/\/www.autonvaraosahaku.fi\/?product=corteco-19030310-venttiilinvarren-kumit","title":{"rendered":"CORTECO 19030310 Venttiilinvarren kumit"},"content":{"rendered":"<p>Sis\u00e4l\u00e4pimitta 1 [mm]: 7; Ulkol\u00e4pimitta 1 [mm]: 9,8; Ulkol\u00e4pimitta 2 [mm]: 13,2; Korkeus 1 (mm): 10; Materiaali: FPM (fluori-kumi); Venttiilej\u00e4: 16; Tarvittava kappalem\u00e4\u00e4r\u00e4: 1; VW: SHARAN 7M8, 7M9, 7M6,PASSAT Variant 3A5, 35I,PASSAT 3A2, 35I,JETTA II 19E, 1G2, 165; AUDI: CABRIOLET 8G7, B4,COUPE 89, 8B,90 89, 89Q, 8A, B3,V8 44_, 4C_; BMW: 3 E36,3 E30,7 E38,3 Coupe E36,5 E34,3 Cabriolet E30,7 E32,8 E31,5 Touring E34,5 E28,6 E24,3 E21,Z1; FORD: ESCORT VII GAL, AAL, ABL,ESCORT VI GAL,SIERRA Schr\u00e4gheck GBC, GBG; RENAULT: MEGANE I BA0\/1_,MEGANE I Cabriolet EA0\/1_,CLIO I B\/C57_, 5\/357_,LAGUNA I Grandtour K56_,MEGANE I Coach DA0\/1_,19 II B\/C53_,19 II Cabriolet D53_, 853_,19 I B\/C53_,19 II Chamade L53_,19 I Chamade L53_,19 I Cabriolet D53_,SPORT SPIDER EF0_; FIAT: PUNTO 188,PANDA 169,STILO 192,BARCHETTA 183,DOBLO Cargo 223,STILO Multi Wagon 192,DOBLO 119,COUPE FA\/175,MULTIPLA 186,BRAVO I 182,BRAVA 182,MAREA Weekend 185,PALIO Weekend 178DX,TIPO 160,CROMA 154,MAREA 185,PALIO 178BX,SIENA 178_; PEUGEOT: 306 Schr\u00e4gheck 7A, 7C, N3, N5,306 7B, N3, N5,309 II 3C, 3A,405 I 15B,405 II 4B; CITRO\u00cbN: XANTIA X1,ZX N2,BX XB-_; VOLVO: 940 Kombi 945,740 Kombi 745,740 744,940 944,960 Kombi 965,960 964; ALFA ROMEO: 147 937,156 Sportwagon 932,156 932,GT 937,SPIDER 916S_,166 936,GTV 916C_,145 930,155 167,146 930,33 907A,33 Sportwagon 907B; 11349059172; Venttiilivarren Tiiviste,Tiivistesarja, Venttiilivarsi<\/p>\n","protected":false},"excerpt":{"rendered":"<p>CORTECO Venttiilinvarren Kumit 19030310 Venttiilivarren Tiiviste,Tiivistesarja, Venttiilivarsi VW,AUDI,BMW,SHARAN 7M8, 7M9, 7M6<\/p>\n","protected":false},"featured_media":0,"template":"","meta":{"site-sidebar-layout":"default","site-content-layout":"default","ast-global-header-display":"","ast-main-header-display":"","ast-hfb-above-header-display":"","ast-hfb-below-header-display":"","ast-hfb-mobile-header-display":"","site-post-title":"","ast-breadcrumbs-content":"","ast-featured-img":"","footer-sml-layout":"","theme-transparent-header-meta":"","adv-header-id-meta":"","stick-header-meta":"","header-above-stick-meta":"","header-main-stick-meta":"","header-below-stick-meta":""},"pwb-brand":[53],"product_cat":[170],"product_tag":[],"class_list":{"0":"post-49239","1":"product","2":"type-product","3":"status-publish","5":"pwb-brand-corteco","6":"product_cat-venttiilinvarren-kumit","7":"desktop-align-left","8":"tablet-align-left","9":"mobile-align-left","11":"first","12":"instock","13":"product-type-external"},"brands":[{"id":53,"name":"CORTECO","slug":"corteco"}],"_links":{"self":[{"href":"https:\/\/www.autonvaraosahaku.fi\/index.php?rest_route=\/wp\/v2\/product\/49239","targetHints":{"allow":["GET"]}}],"collection":[{"href":"https:\/\/www.autonvaraosahaku.fi\/index.php?rest_route=\/wp\/v2\/product"}],"about":[{"href":"https:\/\/www.autonvaraosahaku.fi\/index.php?rest_route=\/wp\/v2\/types\/product"}],"wp:attachment":[{"href":"https:\/\/www.autonvaraosahaku.fi\/index.php?rest_route=%2Fwp%2Fv2%2Fmedia&parent=49239"}],"wp:term":[{"taxonomy":"pwb-brand","embeddable":true,"href":"https:\/\/www.autonvaraosahaku.fi\/index.php?rest_route=%2Fwp%2Fv2%2Fpwb-brand&post=49239"},{"taxonomy":"product_cat","embeddable":true,"href":"https:\/\/www.autonvaraosahaku.fi\/index.php?rest_route=%2Fwp%2Fv2%2Fproduct_cat&post=49239"},{"taxonomy":"product_tag","embeddable":true,"href":"https:\/\/www.autonvaraosahaku.fi\/index.php?rest_route=%2Fwp%2Fv2%2Fproduct_tag&post=49239"}],"curies":[{"name":"wp","href":"https:\/\/api.w.org\/{rel}","templated":true}]}}