{"id":49268,"date":"2021-02-21T17:25:34","date_gmt":"2021-02-21T17:25:34","guid":{"rendered":"https:\/\/www.autonvaraosahaku.fi\/?product=vemo-v15-71-0019-polttoainepumpun-rele"},"modified":"2021-02-21T17:25:37","modified_gmt":"2021-02-21T17:25:37","slug":"vemo-v15-71-0019-polttoainepumpun-rele","status":"publish","type":"product","link":"https:\/\/www.autonvaraosahaku.fi\/?product=vemo-v15-71-0019-polttoainepumpun-rele","title":{"rendered":"VEMO V15-71-0019 Polttoainepumpun rele"},"content":{"rendered":"<p>Virta (A): 15; Reletoiminto: Napa 30, Napa 87; Napojen m\u00e4\u00e4r\u00e4: 4; J\u00e4nnite (V): 12; V\u00e4ri: Musta; Paino [kg]: 0,033; Pakkausleveys [cm]: 2,967; Pakkauskorkeus [mm]: 4,175; Pakkaussyvyys [cm]: 2,967; Tuotelinja: Q+, original equipment manufacturer quality MADE IN GERMANY; Alustanumerosta: 31-J-000 001; VW: GOLF IV 1J1,GOLF V 1K1,POLO 9N_,TRANSPORTER IV Bus 70XB, 70XC, 7DB, 7DW,LUPO 6X1, 6E1,POLO 6R, 6C,GOLF III 1H1,GOLF IV Variant 1J5,SHARAN 7M8, 7M9, 7M6,POLO 6N2,POLO 6N1,PASSAT Variant 3B5,TRANSPORTER V Bus 7HB, 7HJ, 7EB, 7EJ, 7EF,FOX 5Z1, 5Z3,TOUAREG 7LA, 7L6, 7L7,GOLF V Variant 1K5,PASSAT Variant 3A5, 35I,BORA 1J2,PASSAT 3B2,GOLF III Cabriolet 1E7,TRANSPORTER IV Kasten 70XA,TRANSPORTER V Kasten 7HA, 7HH, 7EA, 7EH,NEW BEETLE 9C1, 1C1,SHARAN 7N1, 7N2,GOLF Mk III Cabriolet 1E7,BORA Kombi 1J6,GOLF III Variant 1H5,NEW BEETLE Cabriolet 1Y7,PASSAT 3A2, 35I,CORRADO 53I,CADDY II Kasten 9K9A,TRANSPORTER IV Pritsche\/Fahrgestell 70XD,POLO Variant 6KV5,POLO CLASSIC 6KV2,VENTO 1H2,POLO Stufenheck,TRANSPORTER V Pritsche\/Fahrgestell 7JD, 7JE, 7JL, 7JY, 7JZ,,POLO Stufenheck 9A4,CADDY II Kombi 9K9B,CADDY II Pick-up 9U7,GOL III,GOLF IV Van 1J1; AUDI: A3 8L1; SKODA: OCTAVIA Combi 1Z5,FABIA Combi 6Y5,FABIA 6Y2,OCTAVIA Combi 1U5,OCTAVIA 1Z3,OCTAVIA 1U2,FABIA Stufenheck 6Y3,FABIA Praktik; SEAT: IBIZA IV 6L1,LEON 1P1,IBIZA V 6J5, 6P5,LEON 1M1,AROSA 6H,ALHAMBRA 7V8, 7V9,IBIZA V ST 6J8, 6P8,ALHAMBRA 710, 711,IBIZA II 6K1,TOLEDO II 1M2,IBIZA V SPORTCOUPE 6J1, 6P1,CORDOBA 6K1, 6K2,CORDOBA Vario 6K1,CORDOBA 6L2,TOLEDO I 1L,TOLEDO III 5P2,INCA 6K9; 1J0906381A, 357906381A, 1J0906381A, 357906381A, 1J0906381A, 357906381A, 1J0906381A, 357906381A; Rele, Polttoainepumppu<\/p>\n","protected":false},"excerpt":{"rendered":"<p>VEMO Polttoainepumpun Rele V15-71-0019 Rele, Polttoainepumppu VW,AUDI,SKODA,GOLF IV 1J1,GOLF V 1K1,POLO 9N_,TRANSPORTER IV Bus 70XB, 70XC, 7DB, 7DW<\/p>\n","protected":false},"featured_media":0,"template":"","meta":{"site-sidebar-layout":"default","site-content-layout":"default","ast-global-header-display":"","ast-main-header-display":"","ast-hfb-above-header-display":"","ast-hfb-below-header-display":"","ast-hfb-mobile-header-display":"","site-post-title":"","ast-breadcrumbs-content":"","ast-featured-img":"","footer-sml-layout":"","theme-transparent-header-meta":"","adv-header-id-meta":"","stick-header-meta":"","header-above-stick-meta":"","header-main-stick-meta":"","header-below-stick-meta":""},"pwb-brand":[168],"product_cat":[132],"product_tag":[],"class_list":{"0":"post-49268","1":"product","2":"type-product","3":"status-publish","5":"pwb-brand-vemo","6":"product_cat-polttoainepumpun-rele","7":"desktop-align-left","8":"tablet-align-left","9":"mobile-align-left","11":"first","12":"instock","13":"product-type-external"},"brands":[{"id":168,"name":"VEMO","slug":"vemo"}],"_links":{"self":[{"href":"https:\/\/www.autonvaraosahaku.fi\/index.php?rest_route=\/wp\/v2\/product\/49268","targetHints":{"allow":["GET"]}}],"collection":[{"href":"https:\/\/www.autonvaraosahaku.fi\/index.php?rest_route=\/wp\/v2\/product"}],"about":[{"href":"https:\/\/www.autonvaraosahaku.fi\/index.php?rest_route=\/wp\/v2\/types\/product"}],"wp:attachment":[{"href":"https:\/\/www.autonvaraosahaku.fi\/index.php?rest_route=%2Fwp%2Fv2%2Fmedia&parent=49268"}],"wp:term":[{"taxonomy":"pwb-brand","embeddable":true,"href":"https:\/\/www.autonvaraosahaku.fi\/index.php?rest_route=%2Fwp%2Fv2%2Fpwb-brand&post=49268"},{"taxonomy":"product_cat","embeddable":true,"href":"https:\/\/www.autonvaraosahaku.fi\/index.php?rest_route=%2Fwp%2Fv2%2Fproduct_cat&post=49268"},{"taxonomy":"product_tag","embeddable":true,"href":"https:\/\/www.autonvaraosahaku.fi\/index.php?rest_route=%2Fwp%2Fv2%2Fproduct_tag&post=49268"}],"curies":[{"name":"wp","href":"https:\/\/api.w.org\/{rel}","templated":true}]}}