{"id":49297,"date":"2021-02-21T17:25:42","date_gmt":"2021-02-21T17:25:42","guid":{"rendered":"https:\/\/www.autonvaraosahaku.fi\/?product=ajusa-13049500-pakosarjan-tiivisteet"},"modified":"2021-02-21T17:25:46","modified_gmt":"2021-02-21T17:25:46","slug":"ajusa-13049500-pakosarjan-tiivisteet","status":"publish","type":"product","link":"https:\/\/www.autonvaraosahaku.fi\/?product=ajusa-13049500-pakosarjan-tiivisteet","title":{"rendered":"AJUSA 13049500 Pakosarjan tiivisteet"},"content":{"rendered":"<p>Paksuus [mm]: 1,5; Leveys (mm): 80; Pituus (mm): 176; Paino [g]: 17,561; Tarvittava kappalem\u00e4\u00e4r\u00e4: 2; TOYOTA: COROLLA KE,1000 KP30_,LITEACE Bus CM30_G, KM30_G,STARLET 1000 KP,COROLLA Station Wagon _E7_,COROLLA _E7_,COROLLA Liftback KE, TE,STARLET KP6_,COROLLA Liftback _E7_,COROLLA Coupe KE,1000 Kasten KP36V_,LITEACE Bus _R2_LG,COROLLA Combi KE,LITEACE Kasten CM3_V, KM3_V,LITEACE Kasten _R2__V,STARLET Station Wagon KP6_,LITEACE Kasten KM2_,LITEACE Wagon YM2_, CM2_, KM2_; DAIHATSU: CHARMANT A; 1717213020, 1717213021, 1717213030, 1717224011<\/p>\n","protected":false},"excerpt":{"rendered":"<p>AJUSA Tiiviste, Imu-\/Pakosarja 13049500  TOYOTA,DAIHATSU,COROLLA KE,1000 KP30_,LITEACE Bus CM30_G, KM30_G,STARLET 1000 KP,COROLLA Station Wagon _E7_<\/p>\n","protected":false},"featured_media":0,"template":"","meta":{"site-sidebar-layout":"default","site-content-layout":"default","ast-global-header-display":"","ast-main-header-display":"","ast-hfb-above-header-display":"","ast-hfb-below-header-display":"","ast-hfb-mobile-header-display":"","site-post-title":"","ast-breadcrumbs-content":"","ast-featured-img":"","footer-sml-layout":"","theme-transparent-header-meta":"","adv-header-id-meta":"","stick-header-meta":"","header-above-stick-meta":"","header-main-stick-meta":"","header-below-stick-meta":""},"pwb-brand":[211],"product_cat":[123],"product_tag":[],"class_list":{"0":"post-49297","1":"product","2":"type-product","3":"status-publish","5":"pwb-brand-ajusa","6":"product_cat-pakosarjan-tiivisteet","7":"desktop-align-left","8":"tablet-align-left","9":"mobile-align-left","11":"first","12":"instock","13":"product-type-external"},"brands":[{"id":211,"name":"AJUSA","slug":"ajusa"}],"_links":{"self":[{"href":"https:\/\/www.autonvaraosahaku.fi\/index.php?rest_route=\/wp\/v2\/product\/49297","targetHints":{"allow":["GET"]}}],"collection":[{"href":"https:\/\/www.autonvaraosahaku.fi\/index.php?rest_route=\/wp\/v2\/product"}],"about":[{"href":"https:\/\/www.autonvaraosahaku.fi\/index.php?rest_route=\/wp\/v2\/types\/product"}],"wp:attachment":[{"href":"https:\/\/www.autonvaraosahaku.fi\/index.php?rest_route=%2Fwp%2Fv2%2Fmedia&parent=49297"}],"wp:term":[{"taxonomy":"pwb-brand","embeddable":true,"href":"https:\/\/www.autonvaraosahaku.fi\/index.php?rest_route=%2Fwp%2Fv2%2Fpwb-brand&post=49297"},{"taxonomy":"product_cat","embeddable":true,"href":"https:\/\/www.autonvaraosahaku.fi\/index.php?rest_route=%2Fwp%2Fv2%2Fproduct_cat&post=49297"},{"taxonomy":"product_tag","embeddable":true,"href":"https:\/\/www.autonvaraosahaku.fi\/index.php?rest_route=%2Fwp%2Fv2%2Fproduct_tag&post=49297"}],"curies":[{"name":"wp","href":"https:\/\/api.w.org\/{rel}","templated":true}]}}