{"id":49416,"date":"2021-02-21T17:26:27","date_gmt":"2021-02-21T17:26:27","guid":{"rendered":"https:\/\/www.autonvaraosahaku.fi\/?product=mapco-6922-jarrupalat"},"modified":"2021-02-21T17:26:31","modified_gmt":"2021-02-21T17:26:31","slug":"mapco-6922-jarrupalat","status":"publish","type":"product","link":"https:\/\/www.autonvaraosahaku.fi\/?product=mapco-6922-jarrupalat","title":{"rendered":"MAPCO 6922 Jarrupalat"},"content":{"rendered":"<p>Asennuspuoli: Taka-akseli; Valmistaja rajaus: MANDO; Leveys (mm): 93,1; Korkeus (mm): 41; Paksuus [mm]: 15,5; Kulumisenilmaisimen liitos: akustisella kulumavaroittimella; M\u00e4\u00e4r\u00e4yksikk\u00f6: Akselisarja; Valmistusvuosi alkaen: 10\/2010; HYUNDAI: ix35 LM, EL, ELH,i30 FD,i20 PB, PBT,i30 CW FD,i30 CW GD,SONATA V NF,ACCENT III MC,ACCENT III Stufenheck MC,SONATA VI YF; KIA: SPORTAGE SL,CEE&#8217;D SW ED,CEE&#8217;D Schr\u00e4gheck ED,SPORTAGE JE_, KM_,RIO II JB,PRO CEE&#8217;D ED,RIO II Stufenheck JB,CERATO II Stufenheck TD,CERATO YD Stufenheck,CERATO KOUP TD; 583020ZA00, 583021GA00, 583021HA00, 583021HA10, 583021JA30, 583021JA31, 583022SA30, 583022SA70, 583022YA30, 583022YA31, 583022YA50, 583022YA70, 583023SA20, 583020ZA00, 583021GA00, 583021HA00, 583021JA30, 583021MA00, 583021MA40, 583022SA30, 583022SA70, 583022YA30, 583022YA50; Jarrupalasarja,Jarrupala, Levyjarru<\/p>\n","protected":false},"excerpt":{"rendered":"<p>MAPCO Jarrupalat 6922 Jarrupalasarja,Jarrupala, Levyjarru HYUNDAI,KIA,ix35 LM, EL, ELH,i30 FD,i20 PB, PBT,i30 CW FD,i30 CW GD,SONATA V NF<\/p>\n","protected":false},"featured_media":0,"template":"","meta":{"site-sidebar-layout":"default","site-content-layout":"default","ast-global-header-display":"","ast-main-header-display":"","ast-hfb-above-header-display":"","ast-hfb-below-header-display":"","ast-hfb-mobile-header-display":"","site-post-title":"","ast-breadcrumbs-content":"","ast-featured-img":"","footer-sml-layout":"","theme-transparent-header-meta":"","adv-header-id-meta":"","stick-header-meta":"","header-above-stick-meta":"","header-main-stick-meta":"","header-below-stick-meta":""},"pwb-brand":[36],"product_cat":[100],"product_tag":[],"class_list":{"0":"post-49416","1":"product","2":"type-product","3":"status-publish","5":"pwb-brand-mapco","6":"product_cat-jarrupalat","7":"desktop-align-left","8":"tablet-align-left","9":"mobile-align-left","11":"first","12":"instock","13":"product-type-external"},"brands":[{"id":36,"name":"MAPCO","slug":"mapco"}],"_links":{"self":[{"href":"https:\/\/www.autonvaraosahaku.fi\/index.php?rest_route=\/wp\/v2\/product\/49416","targetHints":{"allow":["GET"]}}],"collection":[{"href":"https:\/\/www.autonvaraosahaku.fi\/index.php?rest_route=\/wp\/v2\/product"}],"about":[{"href":"https:\/\/www.autonvaraosahaku.fi\/index.php?rest_route=\/wp\/v2\/types\/product"}],"wp:attachment":[{"href":"https:\/\/www.autonvaraosahaku.fi\/index.php?rest_route=%2Fwp%2Fv2%2Fmedia&parent=49416"}],"wp:term":[{"taxonomy":"pwb-brand","embeddable":true,"href":"https:\/\/www.autonvaraosahaku.fi\/index.php?rest_route=%2Fwp%2Fv2%2Fpwb-brand&post=49416"},{"taxonomy":"product_cat","embeddable":true,"href":"https:\/\/www.autonvaraosahaku.fi\/index.php?rest_route=%2Fwp%2Fv2%2Fproduct_cat&post=49416"},{"taxonomy":"product_tag","embeddable":true,"href":"https:\/\/www.autonvaraosahaku.fi\/index.php?rest_route=%2Fwp%2Fv2%2Fproduct_tag&post=49416"}],"curies":[{"name":"wp","href":"https:\/\/api.w.org\/{rel}","templated":true}]}}