{"id":49789,"date":"2021-02-21T17:28:19","date_gmt":"2021-02-21T17:28:19","guid":{"rendered":"https:\/\/www.autonvaraosahaku.fi\/?product=diederichs-2206045-puskurin-ritila"},"modified":"2021-02-21T17:28:22","modified_gmt":"2021-02-21T17:28:22","slug":"diederichs-2206045-puskurin-ritila","status":"publish","type":"product","link":"https:\/\/www.autonvaraosahaku.fi\/?product=diederichs-2206045-puskurin-ritila","title":{"rendered":"DIEDERICHS 2206045 Puskurin ritil\u00e4"},"content":{"rendered":"<p>Asennuspuoli: Keskell\u00e4; V\u00e4ri: Musta; Laatu: Certified Quality; Tuotelinja: Priority Parts; VW: POLO 6R, 6C; 6R0853677A, 6R0853677A9B9; Ritil\u00e4<\/p>\n","protected":false},"excerpt":{"rendered":"<p>DIEDERICHS Puskurin Ritil\u00e4 2206045 Ritil\u00e4 VW,POLO 6R, 6C<\/p>\n","protected":false},"featured_media":0,"template":"","meta":{"site-sidebar-layout":"default","site-content-layout":"default","ast-global-header-display":"","ast-main-header-display":"","ast-hfb-above-header-display":"","ast-hfb-below-header-display":"","ast-hfb-mobile-header-display":"","site-post-title":"","ast-breadcrumbs-content":"","ast-featured-img":"","footer-sml-layout":"","theme-transparent-header-meta":"","adv-header-id-meta":"","stick-header-meta":"","header-above-stick-meta":"","header-main-stick-meta":"","header-below-stick-meta":""},"pwb-brand":[227],"product_cat":[259],"product_tag":[],"class_list":{"0":"post-49789","1":"product","2":"type-product","3":"status-publish","5":"pwb-brand-diederichs","6":"product_cat-puskurin-ritila","7":"desktop-align-left","8":"tablet-align-left","9":"mobile-align-left","11":"first","12":"instock","13":"product-type-external"},"brands":[{"id":227,"name":"DIEDERICHS","slug":"diederichs"}],"_links":{"self":[{"href":"https:\/\/www.autonvaraosahaku.fi\/index.php?rest_route=\/wp\/v2\/product\/49789","targetHints":{"allow":["GET"]}}],"collection":[{"href":"https:\/\/www.autonvaraosahaku.fi\/index.php?rest_route=\/wp\/v2\/product"}],"about":[{"href":"https:\/\/www.autonvaraosahaku.fi\/index.php?rest_route=\/wp\/v2\/types\/product"}],"wp:attachment":[{"href":"https:\/\/www.autonvaraosahaku.fi\/index.php?rest_route=%2Fwp%2Fv2%2Fmedia&parent=49789"}],"wp:term":[{"taxonomy":"pwb-brand","embeddable":true,"href":"https:\/\/www.autonvaraosahaku.fi\/index.php?rest_route=%2Fwp%2Fv2%2Fpwb-brand&post=49789"},{"taxonomy":"product_cat","embeddable":true,"href":"https:\/\/www.autonvaraosahaku.fi\/index.php?rest_route=%2Fwp%2Fv2%2Fproduct_cat&post=49789"},{"taxonomy":"product_tag","embeddable":true,"href":"https:\/\/www.autonvaraosahaku.fi\/index.php?rest_route=%2Fwp%2Fv2%2Fproduct_tag&post=49789"}],"curies":[{"name":"wp","href":"https:\/\/api.w.org\/{rel}","templated":true}]}}