{"id":49886,"date":"2021-02-21T17:28:54","date_gmt":"2021-02-21T17:28:54","guid":{"rendered":"https:\/\/www.autonvaraosahaku.fi\/?product=ashika-121-04-411-virranjakajan-kansi"},"modified":"2021-02-21T17:28:56","modified_gmt":"2021-02-21T17:28:56","slug":"ashika-121-04-411-virranjakajan-kansi","status":"publish","type":"product","link":"https:\/\/www.autonvaraosahaku.fi\/?product=ashika-121-04-411-virranjakajan-kansi","title":{"rendered":"ASHIKA 121-04-411 Virranjakajan kansi"},"content":{"rendered":"<p>Johtimien m\u00e4\u00e4r\u00e4: 4; Valmistusvuosi alkaen: 01\/1990; HONDA: CRX III EH, EG,CRX II ED, EE,CIVIC V Hatchback EG,ACCORD IV CB,CIVIC V Stufenheck EG, EH,ACCORD V CC, CD,ACCORD IV Aerodeck CB,ACCORD IV Coupe CB, CC; 30102P54006, 30102PCB004, 30102PT2006, 30102PT2016, 30102PT2026<\/p>\n","protected":false},"excerpt":{"rendered":"<p>ASHIKA Virranjakajan Kansi 121-04-411  HONDA,CRX III EH, EG,CRX II ED, EE,CIVIC V Hatchback EG,ACCORD IV CB,CIVIC V Stufenheck EG, EH,ACCORD V CC, CD<\/p>\n","protected":false},"featured_media":0,"template":"","meta":{"site-sidebar-layout":"default","site-content-layout":"default","ast-global-header-display":"","ast-main-header-display":"","ast-hfb-above-header-display":"","ast-hfb-below-header-display":"","ast-hfb-mobile-header-display":"","site-post-title":"","ast-breadcrumbs-content":"","ast-featured-img":"","footer-sml-layout":"","theme-transparent-header-meta":"","adv-header-id-meta":"","stick-header-meta":"","header-above-stick-meta":"","header-main-stick-meta":"","header-below-stick-meta":""},"pwb-brand":[102],"product_cat":[95],"product_tag":[],"class_list":{"0":"post-49886","1":"product","2":"type-product","3":"status-publish","5":"pwb-brand-ashika","6":"product_cat-virranjakajan-kansi","7":"desktop-align-left","8":"tablet-align-left","9":"mobile-align-left","11":"first","12":"instock","13":"product-type-external"},"brands":[{"id":102,"name":"ASHIKA","slug":"ashika"}],"_links":{"self":[{"href":"https:\/\/www.autonvaraosahaku.fi\/index.php?rest_route=\/wp\/v2\/product\/49886","targetHints":{"allow":["GET"]}}],"collection":[{"href":"https:\/\/www.autonvaraosahaku.fi\/index.php?rest_route=\/wp\/v2\/product"}],"about":[{"href":"https:\/\/www.autonvaraosahaku.fi\/index.php?rest_route=\/wp\/v2\/types\/product"}],"wp:attachment":[{"href":"https:\/\/www.autonvaraosahaku.fi\/index.php?rest_route=%2Fwp%2Fv2%2Fmedia&parent=49886"}],"wp:term":[{"taxonomy":"pwb-brand","embeddable":true,"href":"https:\/\/www.autonvaraosahaku.fi\/index.php?rest_route=%2Fwp%2Fv2%2Fpwb-brand&post=49886"},{"taxonomy":"product_cat","embeddable":true,"href":"https:\/\/www.autonvaraosahaku.fi\/index.php?rest_route=%2Fwp%2Fv2%2Fproduct_cat&post=49886"},{"taxonomy":"product_tag","embeddable":true,"href":"https:\/\/www.autonvaraosahaku.fi\/index.php?rest_route=%2Fwp%2Fv2%2Fproduct_tag&post=49886"}],"curies":[{"name":"wp","href":"https:\/\/api.w.org\/{rel}","templated":true}]}}