{"id":49949,"date":"2021-02-21T17:29:12","date_gmt":"2021-02-21T17:29:12","guid":{"rendered":"https:\/\/www.autonvaraosahaku.fi\/?product=ridex-402b0845-jarrupalat"},"modified":"2021-02-21T17:29:14","modified_gmt":"2021-02-21T17:29:14","slug":"ridex-402b0845-jarrupalat","status":"publish","type":"product","link":"https:\/\/www.autonvaraosahaku.fi\/?product=ridex-402b0845-jarrupalat","title":{"rendered":"RIDEX 402B0845 Jarrupalat"},"content":{"rendered":"<p>Asennuspuoli: Etuakseli; Jarruj\u00e4rjestelm\u00e4: BENDIX; Leveys, ulko (mm): 155,8; Korkeus 1 (mm): 56,6; Paksuus [mm]: 18,5; WVA-numero: 20928, 20926; Kulumisenilmaisimen liitos: Sis. kulumisenilmaisimen; Paino [kg]: 2,16; M\u00e4\u00e4r\u00e4yksikk\u00f6: Akselisarja; Alustanumerosta: 5151; OPEL: ARENA Bus,ARENA Kasten TB, TF,ARENA Kasten; RENAULT: TRAFIC II Bus JL,TRAFIC II Kasten FL,TRAFIC Kasten TXX,TRAFIC Bus TXW,TRAFIC Kasten T1, T3, T4,TRAFIC Bus T5, T6, T7,30 127_,TRAFIC Pritsche\/Fahrgestell P6,TRAFIC Pritsche\/Fahrgestell PXX; 4403271, 4403272, 4403273, 7701200648, 7701200884, 7701202044, 7701202713, 7701202956, 7701203913, 7701203917, 7701203918, 7701348111, 7701348688, 8671005933, 8671016179, 9111271, 9111272; Jarrupalasarja,Jarrupala, Levyjarru<\/p>\n","protected":false},"excerpt":{"rendered":"<p>RIDEX Jarrupalat 402B0845 Jarrupalasarja,Jarrupala, Levyjarru OPEL,RENAULT,ARENA Bus,ARENA Kasten TB, TF,ARENA Kasten,TRAFIC II Bus JL<\/p>\n","protected":false},"featured_media":0,"template":"","meta":{"site-sidebar-layout":"default","site-content-layout":"default","ast-global-header-display":"","ast-main-header-display":"","ast-hfb-above-header-display":"","ast-hfb-below-header-display":"","ast-hfb-mobile-header-display":"","site-post-title":"","ast-breadcrumbs-content":"","ast-featured-img":"","footer-sml-layout":"","theme-transparent-header-meta":"","adv-header-id-meta":"","stick-header-meta":"","header-above-stick-meta":"","header-main-stick-meta":"","header-below-stick-meta":""},"pwb-brand":[157],"product_cat":[100],"product_tag":[],"class_list":{"0":"post-49949","1":"product","2":"type-product","3":"status-publish","5":"pwb-brand-ridex","6":"product_cat-jarrupalat","7":"desktop-align-left","8":"tablet-align-left","9":"mobile-align-left","11":"first","12":"instock","13":"product-type-external"},"brands":[{"id":157,"name":"RIDEX","slug":"ridex"}],"_links":{"self":[{"href":"https:\/\/www.autonvaraosahaku.fi\/index.php?rest_route=\/wp\/v2\/product\/49949","targetHints":{"allow":["GET"]}}],"collection":[{"href":"https:\/\/www.autonvaraosahaku.fi\/index.php?rest_route=\/wp\/v2\/product"}],"about":[{"href":"https:\/\/www.autonvaraosahaku.fi\/index.php?rest_route=\/wp\/v2\/types\/product"}],"wp:attachment":[{"href":"https:\/\/www.autonvaraosahaku.fi\/index.php?rest_route=%2Fwp%2Fv2%2Fmedia&parent=49949"}],"wp:term":[{"taxonomy":"pwb-brand","embeddable":true,"href":"https:\/\/www.autonvaraosahaku.fi\/index.php?rest_route=%2Fwp%2Fv2%2Fpwb-brand&post=49949"},{"taxonomy":"product_cat","embeddable":true,"href":"https:\/\/www.autonvaraosahaku.fi\/index.php?rest_route=%2Fwp%2Fv2%2Fproduct_cat&post=49949"},{"taxonomy":"product_tag","embeddable":true,"href":"https:\/\/www.autonvaraosahaku.fi\/index.php?rest_route=%2Fwp%2Fv2%2Fproduct_tag&post=49949"}],"curies":[{"name":"wp","href":"https:\/\/api.w.org\/{rel}","templated":true}]}}