{"id":50308,"date":"2021-02-21T17:31:08","date_gmt":"2021-02-21T17:31:08","guid":{"rendered":"https:\/\/www.autonvaraosahaku.fi\/?product=dt-5-30110-tiivisteet"},"modified":"2021-02-21T17:31:12","modified_gmt":"2021-02-21T17:31:12","slug":"dt-5-30110-tiivisteet","status":"publish","type":"product","link":"https:\/\/www.autonvaraosahaku.fi\/?product=dt-5-30110-tiivisteet","title":{"rendered":"DT 5.30110 Tiivisteet"},"content":{"rendered":"<p>Asennuspuoli: Ulompi; Paino [g]: 596; Sis\u00e4l\u00e4pimitta [mm]: 125; Ulkol\u00e4pimitta 1 [mm]: 160; Ulkol\u00e4pimitta 2 [mm]: 190; Korkeus 1 (mm): 18; Korkeus 2 (mm): 20; VOLVO: FH16; DAF: 65,65 CF,75,75 CF,85,85 CF,95,95 XF,CF 65,CF 75,CF 85,F 1000,F 1100,F 1200,F 1300,F 1400,F 1500,F 1600,F 1700,F 1800,F 1900,F 2100,F 2200,F 2300,F 2500,F 2700,F 2800,F 2900,F 3200,F 3300,F 3600,F 500,F 600,F 700,F 800,F 900,F2000,SB,XF 105,XF 95; 1335063<\/p>\n","protected":false},"excerpt":{"rendered":"<p>DT Akselitiiviste, Py\u00f6r\u00e4n Napa 5.30110  VOLVO,DAF,FH16,65,65 CF,75,75 CF,85,85 CF,95,95 XF,CF 65,CF 75,CF 85,F 1000,F 1100,F 1200,F 1300,F 1400,F 1500<\/p>\n","protected":false},"featured_media":0,"template":"","meta":{"site-sidebar-layout":"default","site-content-layout":"default","ast-global-header-display":"","ast-main-header-display":"","ast-hfb-above-header-display":"","ast-hfb-below-header-display":"","ast-hfb-mobile-header-display":"","site-post-title":"","ast-breadcrumbs-content":"","ast-featured-img":"","footer-sml-layout":"","theme-transparent-header-meta":"","adv-header-id-meta":"","stick-header-meta":"","header-above-stick-meta":"","header-main-stick-meta":"","header-below-stick-meta":""},"pwb-brand":[75],"product_cat":[27],"product_tag":[],"class_list":{"0":"post-50308","1":"product","2":"type-product","3":"status-publish","5":"pwb-brand-dt","6":"product_cat-tiivisteet","7":"desktop-align-left","8":"tablet-align-left","9":"mobile-align-left","11":"first","12":"instock","13":"product-type-external"},"brands":[{"id":75,"name":"DT","slug":"dt"}],"_links":{"self":[{"href":"https:\/\/www.autonvaraosahaku.fi\/index.php?rest_route=\/wp\/v2\/product\/50308","targetHints":{"allow":["GET"]}}],"collection":[{"href":"https:\/\/www.autonvaraosahaku.fi\/index.php?rest_route=\/wp\/v2\/product"}],"about":[{"href":"https:\/\/www.autonvaraosahaku.fi\/index.php?rest_route=\/wp\/v2\/types\/product"}],"wp:attachment":[{"href":"https:\/\/www.autonvaraosahaku.fi\/index.php?rest_route=%2Fwp%2Fv2%2Fmedia&parent=50308"}],"wp:term":[{"taxonomy":"pwb-brand","embeddable":true,"href":"https:\/\/www.autonvaraosahaku.fi\/index.php?rest_route=%2Fwp%2Fv2%2Fpwb-brand&post=50308"},{"taxonomy":"product_cat","embeddable":true,"href":"https:\/\/www.autonvaraosahaku.fi\/index.php?rest_route=%2Fwp%2Fv2%2Fproduct_cat&post=50308"},{"taxonomy":"product_tag","embeddable":true,"href":"https:\/\/www.autonvaraosahaku.fi\/index.php?rest_route=%2Fwp%2Fv2%2Fproduct_tag&post=50308"}],"curies":[{"name":"wp","href":"https:\/\/api.w.org\/{rel}","templated":true}]}}