{"id":50409,"date":"2021-02-21T17:31:41","date_gmt":"2021-02-21T17:31:41","guid":{"rendered":"https:\/\/www.autonvaraosahaku.fi\/?product=ashika-10-03-313-oljynsuodatin"},"modified":"2021-02-21T17:31:43","modified_gmt":"2021-02-21T17:31:43","slug":"ashika-10-03-313-oljynsuodatin","status":"publish","type":"product","link":"https:\/\/www.autonvaraosahaku.fi\/?product=ashika-10-03-313-oljynsuodatin","title":{"rendered":"ASHIKA 10-03-313 \u00d6ljynsuodatin"},"content":{"rendered":"<p>Suodatintyyppi: Ruuvattava suodatin; Pituus (mm): 67; Ulkol\u00e4pimitta [mm]: 68; Asennusl\u00e4pimitta [mm]: 63; Sis\u00e4kierre (mm): M20 x 1,5; Valmistusvuosi alkaen: 06\/1991; MAZDA: 3 BK,CX-5 KE, GH,MX-5 II NB,2 DE,323 F VI BJ,PREMACY CP,3 BL,MX-5 I NA,3 BM,DEMIO DW,6 Kombi GJ, GH,RX 8 SE17,626 V Hatchback GF,3 Stufenheck BK,MPV II LW,626 V GF,626 V Station Wagon GW,6 Stufenheck GJ, GH,323 P V BA,3 Stufenheck BL,626 IV Hatchback GE,MX-3 EC,FAMILIA VI BJ,3 Stufenheck BM,B-SERIE UN,323 C IV BG,FAMILIA IV BF,626 IV GE,FAMILIA V BA,FAMILIA V BG8,323 III Hatchback BF,121 II DB,MX-6 GE,626 III GD,FAMILIA IV BG,626 III Hatchback GD,626 III Coupe GD,E-SERIE Kasten SR2,626 III Station Wagon GV,626 II GC,626 II Hatchback GC,323 III BF,RX 7 III FD,323 III Station Wagon BW,323 I FA,2 DL, DJ,323 II BD,CX-3 DK,323 I Station Wagon FA,MX-5 IV ND,1300; NISSAN: NOTE E12; KIA: PICANTO BA,CARENS II FJ,RIO III UB,RIO II JB,CEE&#8217;D JD,CARNIVAL II GQ,PICANTO TA,CEE`D Sportswagon JD,RIO Kombi DC,PRO CEE\u00b4D JD,SPORTAGE K00,RIO Stufenheck DC_,SHUMA II FB,CARENS I FC,RETONA CE,RIO III Stufenheck UB,SHUMA FB,PRIDE DA,SHUMA II Stufenheck FB,CLARUS K9A,CARNIVAL I UP,CLARUS Kombi GC,SEPHIA Stufenheck FA,SEPHIA FA,PRIDE Kombi,SEPHIA FB,ROADSTER,RIO IV YB,PICANTO JA,STONIC YB; HONDA: INSIGHT ZE; HYUNDAI: GETZ TB,i10 PA,i20 PB, PBT,i30 GD,ATOS MX,i10 IA,i20 GB,ACCENT IV Stufenheck RB,i30 PDE,i30 Kombi PDE,i20 ACTIVE GB,i20 Coupe,KONA OS,i30 FASTBACK PDE; OPEL: CORSA B 73_, 78_, 79_,KADETT E CC 33_, 34_, 43_, 44_,CORSA A CC 93_, 94_, 98_, 99_,CORSA A TR 91_, 92_, 96_, 97_,KADETT E 39_, 49_,KADETT E Caravan 35_, 36_, 45_, 46_,CORSA A Kasten; SUBARU: FORESTER SG,FORESTER SH,IMPREZA Stufenheck GD,LEGACY IV Station Wagon BL, BP, B13_,IMPREZA Schr\u00e4gheck GR, GH, G3,OUTBACK BL, BP,IMPREZA Station Wagon GG,IMPREZA Stufenheck GC,IMPREZA Station Wagon GF,LEGACY IV BL, BP,LIBERO Bus E10, E12,LEGACY V Station Wagon BM, BR,OUTBACK BM, BR,JUSTY I KAD,IMPREZA Coupe GFC,IMPREZA Stufenheck GR,VIVIO,LEGACY V BM, BR,WRX Stufenheck GJ,REX \u00a0,REX II; DACIA: DUSTER,LODGY,DOKKER,DOKKER Express,DUSTER Kasten; ASIA MOTORS: ROCSTA; 2630002500, 2630002501, 2630002502, 2630002503, 263002Y500, 0B63114302, 2630002500, 2630002501, 2630002502, 263002Y500, KK12014302, KKY0114302A, 15208AA022, 15208AA023, 15208AA024, 15208AA060, 15208AA080, 15208AA09A, 15208KA012, 865114302, B63014302, B63114302, B6Y114302, B6Y1143029A, B6Y114302A, BGY114302, N35014302, OB63114302, PE0114302, PE0114302A, PE0114302A9A, RF01238029A, RF01238029B, Y70114302A, 1230A040, MD134953, 15208HC010, 15208HC431, 15208KA000, 15208AA024, 15208AA060, 15208AA080, 15208AA100, 15208AA12A, 15208KA010, 15208KA011, 15208KA012, 15208KA040<\/p>\n","protected":false},"excerpt":{"rendered":"<p>ASHIKA \u00d6ljynsuodatin 10-03-313  MAZDA,NISSAN,KIA,3 BK,CX-5 KE, GH,MX-5 II NB,2 DE,323 F VI BJ,PREMACY CP,3 BL,MX-5 I NA,3 BM,DEMIO DW,6 Kombi GJ, GH<\/p>\n","protected":false},"featured_media":0,"template":"","meta":{"site-sidebar-layout":"default","site-content-layout":"default","ast-global-header-display":"","ast-main-header-display":"","ast-hfb-above-header-display":"","ast-hfb-below-header-display":"","ast-hfb-mobile-header-display":"","site-post-title":"","ast-breadcrumbs-content":"","ast-featured-img":"","footer-sml-layout":"","theme-transparent-header-meta":"","adv-header-id-meta":"","stick-header-meta":"","header-above-stick-meta":"","header-main-stick-meta":"","header-below-stick-meta":""},"pwb-brand":[102],"product_cat":[30],"product_tag":[],"class_list":{"0":"post-50409","1":"product","2":"type-product","3":"status-publish","5":"pwb-brand-ashika","6":"product_cat-oljynsuodatin","7":"desktop-align-left","8":"tablet-align-left","9":"mobile-align-left","11":"first","12":"instock","13":"product-type-external"},"brands":[{"id":102,"name":"ASHIKA","slug":"ashika"}],"_links":{"self":[{"href":"https:\/\/www.autonvaraosahaku.fi\/index.php?rest_route=\/wp\/v2\/product\/50409","targetHints":{"allow":["GET"]}}],"collection":[{"href":"https:\/\/www.autonvaraosahaku.fi\/index.php?rest_route=\/wp\/v2\/product"}],"about":[{"href":"https:\/\/www.autonvaraosahaku.fi\/index.php?rest_route=\/wp\/v2\/types\/product"}],"wp:attachment":[{"href":"https:\/\/www.autonvaraosahaku.fi\/index.php?rest_route=%2Fwp%2Fv2%2Fmedia&parent=50409"}],"wp:term":[{"taxonomy":"pwb-brand","embeddable":true,"href":"https:\/\/www.autonvaraosahaku.fi\/index.php?rest_route=%2Fwp%2Fv2%2Fpwb-brand&post=50409"},{"taxonomy":"product_cat","embeddable":true,"href":"https:\/\/www.autonvaraosahaku.fi\/index.php?rest_route=%2Fwp%2Fv2%2Fproduct_cat&post=50409"},{"taxonomy":"product_tag","embeddable":true,"href":"https:\/\/www.autonvaraosahaku.fi\/index.php?rest_route=%2Fwp%2Fv2%2Fproduct_tag&post=50409"}],"curies":[{"name":"wp","href":"https:\/\/api.w.org\/{rel}","templated":true}]}}