{"id":50411,"date":"2021-02-21T17:31:41","date_gmt":"2021-02-21T17:31:41","guid":{"rendered":"https:\/\/www.autonvaraosahaku.fi\/?product=ridex-161b0006-ahtopaine-anturi"},"modified":"2021-02-21T17:31:43","modified_gmt":"2021-02-21T17:31:43","slug":"ridex-161b0006-ahtopaine-anturi","status":"publish","type":"product","link":"https:\/\/www.autonvaraosahaku.fi\/?product=ridex-161b0006-ahtopaine-anturi","title":{"rendered":"RIDEX 161B0006 Ahtopaine anturi"},"content":{"rendered":"<p>Napojen m\u00e4\u00e4r\u00e4: 3; Pistokkeen kotelon muoto: Soikea; Kiinnitysreikien lukum\u00e4\u00e4r\u00e4: 1; Paine alkaen [kPA]: 20; Paine korkeintaan [kPa]: 256; Korvaava tuote\/korvaava tiedote 2: Tiivisterenkaalla; Valmistusvuoteen: 12\/2011; OPEL: CORSA D,CORSA C F08, F68,MERIVA,AGILA A H00,TIGRA TwinTop,VIVARO Kasten F7,COMBO Kasten\/Kombi,VIVARO Combi J7,COMBO Tour,AGILA B H08,CORSA D Van,CORSA C Kasten F08, W5L,COMBO Kasten\/Kombi X12,COMBO Tour X12; FORD: KA RU8; RENAULT: CLIO III BR0\/1, CR0\/1,TWINGO II CN0_,ESPACE IV JK0\/1_,MODUS \/ GRAND MODUS F\/JP0_,LAGUNA II Grandtour KG0\/1_,ESPACE III JE0_,LAGUNA II BG0\/1_,TRAFIC II Bus JL,TRAFIC II Kasten FL,CLIO Grandtour KR0\/1_,VEL SATIS BJ0_,WIND E4M_,AVANTIME DE0_,THALIA I LB0\/1\/2_,TRAFIC II Pritsche\/Fahrgestell EL; FIAT: GRANDE PUNTO 199,PUNTO 188,PANDA 169,500 312,STILO 192,BRAVO II 198,PUNTO EVO 199,DOBLO Cargo 223,500 C 312,STILO Multi Wagon 192,DOBLO 119,DOBLO Kasten\/Kombi 263,PANDA Van 169,PUNTO 199,IDEA,STRADA Pick-up 178E,MULTIPLA 186,QUBO 225,DOBLO Gro\u00dfraumlimousine 152, 263,PUNTO Van 188AX,MAREA Weekend 185,FIORINO Kasten\/Kombi 225,PALIO Weekend 178DX,LINEA 323,PUNTO Van 199,MAREA 185,SIENA 178_; NISSAN: PRIMASTAR Bus X83,PRIMASTAR Kasten X83; SUZUKI: SWIFT III MZ, EZ,WAGON R+ MM,IGNIS II; SMART: CITY-COUPE 450,CABRIO 450,FORTWO Coupe 450,ROADSTER 452,FORTWO Cabrio 450,ROADSTER Coupe 452,CROSSBLADE 450; ALFA ROMEO: 147 937,156 Sportwagon 932,GIULIETTA 940,MITO 955,156 932,166 936; LANCIA: YPSILON 843,DELTA III 844,MUSA 350,THESIS 841AX,LYBRA SW 839BX,LYBRA 839AX; ABARTH: 500 \/ 595 312_,500C \/ 595C 312_; 46811235, 55206796, 55219294, 670003207, 55219294, 282849, 46811235, 55206796, 55219294, 670003207, 1721462, 9S519J559AA, BS519J559AA, 670003207, 46811235, 55206796, 55219294, 670003207, 55219294, AQ0003121V0030, Q0003121V0030, 2236500QAA, 22365BN701, 01235083, 01235258, 04401593, 04709264, 055219294, 06235631, 09109593, 093177414, 093190052, 1235083, 1235258, 4401593, 4709264, 55219294, 6235631, 9109593, 93177414, 93190052, 223653795R, 8200155613, 223653795R, 8200155613, 0003121V00200000, 0003121V003, 0003121V0030000, 0003121V00300000, 0003121V003000000, 1859084E50, 1859084E50000, 1859084E51, 1859084E51000, 1859086J00, 1859086J00000, 18590M86J00; Imusarjan Painetunnistin,Imusarjan Paineanturi,Tunnistin, Ahtopaine<\/p>\n","protected":false},"excerpt":{"rendered":"<p>RIDEX MAP Sensor 161B0006 Imusarjan Painetunnistin,Imusarjan Paineanturi OPEL,FORD,RENAULT,CORSA D,CORSA C F08, F68,MERIVA,AGILA A H00,TIGRA TwinTop<\/p>\n","protected":false},"featured_media":0,"template":"","meta":{"site-sidebar-layout":"default","site-content-layout":"default","ast-global-header-display":"","ast-main-header-display":"","ast-hfb-above-header-display":"","ast-hfb-below-header-display":"","ast-hfb-mobile-header-display":"","site-post-title":"","ast-breadcrumbs-content":"","ast-featured-img":"","footer-sml-layout":"","theme-transparent-header-meta":"","adv-header-id-meta":"","stick-header-meta":"","header-above-stick-meta":"","header-main-stick-meta":"","header-below-stick-meta":""},"pwb-brand":[157],"product_cat":[197],"product_tag":[],"class_list":{"0":"post-50411","1":"product","2":"type-product","3":"status-publish","5":"pwb-brand-ridex","6":"product_cat-ahtopaine-anturi","7":"desktop-align-left","8":"tablet-align-left","9":"mobile-align-left","11":"first","12":"instock","13":"product-type-external"},"brands":[{"id":157,"name":"RIDEX","slug":"ridex"}],"_links":{"self":[{"href":"https:\/\/www.autonvaraosahaku.fi\/index.php?rest_route=\/wp\/v2\/product\/50411","targetHints":{"allow":["GET"]}}],"collection":[{"href":"https:\/\/www.autonvaraosahaku.fi\/index.php?rest_route=\/wp\/v2\/product"}],"about":[{"href":"https:\/\/www.autonvaraosahaku.fi\/index.php?rest_route=\/wp\/v2\/types\/product"}],"wp:attachment":[{"href":"https:\/\/www.autonvaraosahaku.fi\/index.php?rest_route=%2Fwp%2Fv2%2Fmedia&parent=50411"}],"wp:term":[{"taxonomy":"pwb-brand","embeddable":true,"href":"https:\/\/www.autonvaraosahaku.fi\/index.php?rest_route=%2Fwp%2Fv2%2Fpwb-brand&post=50411"},{"taxonomy":"product_cat","embeddable":true,"href":"https:\/\/www.autonvaraosahaku.fi\/index.php?rest_route=%2Fwp%2Fv2%2Fproduct_cat&post=50411"},{"taxonomy":"product_tag","embeddable":true,"href":"https:\/\/www.autonvaraosahaku.fi\/index.php?rest_route=%2Fwp%2Fv2%2Fproduct_tag&post=50411"}],"curies":[{"name":"wp","href":"https:\/\/api.w.org\/{rel}","templated":true}]}}