{"id":50508,"date":"2021-02-21T17:32:09","date_gmt":"2021-02-21T17:32:09","guid":{"rendered":"https:\/\/www.autonvaraosahaku.fi\/?product=vaico-v60-0132-automaattivaihteistooljy"},"modified":"2021-02-21T17:32:11","modified_gmt":"2021-02-21T17:32:11","slug":"vaico-v60-0132-automaattivaihteistooljy","status":"publish","type":"product","link":"https:\/\/www.autonvaraosahaku.fi\/?product=vaico-v60-0132-automaattivaihteistooljy","title":{"rendered":"VAICO V60-0132 Automaattivaihteisto\u00f6ljy"},"content":{"rendered":"<p>Vaihteistomalli: automaattivaihteistolle; Tilavuus (litra): 5; Viskositeettiluokka SAE: ATF VI; Pituus (mm): 300; V\u00e4ri: Punainen; Leveys (mm): 115; Korkeus (mm): 230; Paino [kg]: 4,72; Kemialliset ominaisuudet: synteettinen; Pakkaustyyppi: Kanisteri; Suositellun erikoisty\u00f6kalun tuotenumero: V99-1017; Huomioi ajoneuvovalmistajan vaatimukset: ; Huomioi j\u00e4rjestelm\u00e4-t\u00e4ytt\u00f6m\u00e4\u00e4r\u00e4: ; lis\u00e4tieto: CST96; Vaihteistonumero: 6T40\/6T456\/1; BMW: 3 Touring E91,3 E90,X3 E83,X1 E84,3 Coupe E92,3 Cabriolet E93,1 Cabriolet E88,1 Coupe E82,X6 E71, E72; CHEVROLET: CAPTIVA C100, C140,ORLANDO J309,SPARK M300,CRUZE J300,CRUZE Station Wagon J308,AVEO Schr\u00e4gheck T300,EPICA KL1_,CRUZE Schr\u00e4gheck J305,CAMARO GMX511,CORVETTE C6,AVEO Stufenheck T300,MALIBU V300,HHR,CAMARO Convertible GMX511,CORVETTE Convertible C6,VOLT,SILVERADO 1500,AVALANCHE; NISSAN: NAVARA D40,PATHFINDER R51,NAVARA Pritsche\/Fahrgestell D40,MURANO Z51,370 Z Z34,GT-R R35,370 Z Roadster Z34,ALTIMA,PATROL III Y62; SAAB: 9-5 YS3G; INFINITI: Q50,FX,EX,M Y51,G Stufenheck,M37,G Coupe; OPEL: ASTRA J Sports Tourer,INSIGNIA Caravan,ASTRA J,ZAFIRA TOURER C P12,MOKKA,ANTARA,INSIGNIA,INSIGNIA Stufenheck,ASTRA GTC J,ASTRA J Stufenheck,CASCADA W13,AMPERA; TESLA: ROADSTER; HUMMER: HUMMER H3,HUMMER H2,HUMMER H2  SUT; CADILLAC: SRX GMT265,CTS GMX320,ESCALADE GMT 900,STS,XLR,CTS GMX322,SRX GMT267; PONTIAC: SOLSTICE Cabriolet,GRAND PRIX VI Coupe,GRAND PRIX VI Stufenheck; PY112995PA, 0024359, 0026922, 0142156, 0397114, 0403248, 0403249, 0432807, 2167718, 2167720, 8072B, 81229400275, 81229407738, 81339400272, 83220024359, 83220026922, 83220142156, 83220397114, 83220403248, 83220403249, 83220432807, 83222163514, 83222167718, 83222167720, 83229407858, 83229407859, 83229415976, 9400272, 9400275, 9407738, 9407858, 9407859, 9415976, VOITHH5563353X, 05127382AA, 68043742AA, 05127382AA, 68043742AA, LV, XT10QLV, ATFType31, DW1, 040000C90SG, NWS9638, 05127382AA, 68043742AA, 040000C90SG, NWS9638, 0019896903, 23641, A0019896903, ATFJ3, SPIV, 1940184, 1940185, 1940700, 1940712, 1940773, 93165147, 00004330400, 1940773, 93165147, ATFWS, 90350342, 93160372, 93165414, 93165483<\/p>\n","protected":false},"excerpt":{"rendered":"<p>VAICO Automaattivaihteisto\u00f6ljy V60-0132  BMW,CHEVROLET,NISSAN,3 Touring E91,3 E90,X3 E83,X1 E84,3 Coupe E92,3 Cabriolet E93,1 Cabriolet E88<\/p>\n","protected":false},"featured_media":0,"template":"","meta":{"site-sidebar-layout":"default","site-content-layout":"default","ast-global-header-display":"","ast-main-header-display":"","ast-hfb-above-header-display":"","ast-hfb-below-header-display":"","ast-hfb-mobile-header-display":"","site-post-title":"","ast-breadcrumbs-content":"","ast-featured-img":"","footer-sml-layout":"","theme-transparent-header-meta":"","adv-header-id-meta":"","stick-header-meta":"","header-above-stick-meta":"","header-main-stick-meta":"","header-below-stick-meta":""},"pwb-brand":[330],"product_cat":[143],"product_tag":[],"class_list":{"0":"post-50508","1":"product","2":"type-product","3":"status-publish","5":"pwb-brand-vaico","6":"product_cat-automaattivaihteistooljy","7":"desktop-align-left","8":"tablet-align-left","9":"mobile-align-left","11":"first","12":"instock","13":"product-type-external"},"brands":[{"id":330,"name":"VAICO","slug":"vaico"}],"_links":{"self":[{"href":"https:\/\/www.autonvaraosahaku.fi\/index.php?rest_route=\/wp\/v2\/product\/50508","targetHints":{"allow":["GET"]}}],"collection":[{"href":"https:\/\/www.autonvaraosahaku.fi\/index.php?rest_route=\/wp\/v2\/product"}],"about":[{"href":"https:\/\/www.autonvaraosahaku.fi\/index.php?rest_route=\/wp\/v2\/types\/product"}],"wp:attachment":[{"href":"https:\/\/www.autonvaraosahaku.fi\/index.php?rest_route=%2Fwp%2Fv2%2Fmedia&parent=50508"}],"wp:term":[{"taxonomy":"pwb-brand","embeddable":true,"href":"https:\/\/www.autonvaraosahaku.fi\/index.php?rest_route=%2Fwp%2Fv2%2Fpwb-brand&post=50508"},{"taxonomy":"product_cat","embeddable":true,"href":"https:\/\/www.autonvaraosahaku.fi\/index.php?rest_route=%2Fwp%2Fv2%2Fproduct_cat&post=50508"},{"taxonomy":"product_tag","embeddable":true,"href":"https:\/\/www.autonvaraosahaku.fi\/index.php?rest_route=%2Fwp%2Fv2%2Fproduct_tag&post=50508"}],"curies":[{"name":"wp","href":"https:\/\/api.w.org\/{rel}","templated":true}]}}