{"id":50553,"date":"2021-02-21T17:32:22","date_gmt":"2021-02-21T17:32:22","guid":{"rendered":"https:\/\/www.autonvaraosahaku.fi\/?product=denso-x27epr-u9-sytytystulpat"},"modified":"2021-02-21T17:32:25","modified_gmt":"2021-02-21T17:32:25","slug":"denso-x27epr-u9-sytytystulpat","status":"publish","type":"product","link":"https:\/\/www.autonvaraosahaku.fi\/?product=denso-x27epr-u9-sytytystulpat","title":{"rendered":"DENSO X27EPR-U9 Sytytystulpat"},"content":{"rendered":"<p>L\u00e4pimitta [mm]: 12; Avainv\u00e4li: 18; Kiristysmomentti: 17; Paino [g]: 40; Sytytystulppa: 1-maaelektroodi; Kierre 1: 19; Tuotelinja: Nickel; Tarvittava kappalem\u00e4\u00e4r\u00e4: 4; 9806959728, 9806959916, 9806959921, 980695992103, 98069599210N, 98069599211N, 9806959926, 980695992603, 0948200330, 0948200331, 0948200331111, 0948200353, 0948200353111, 9009877021; Tulpat,Sytytystulppa<\/p>\n","protected":false},"excerpt":{"rendered":"<p>DENSO Sytytystulpat X27EPR-U9 Tulpat,Sytytystulppa<\/p>\n","protected":false},"featured_media":0,"template":"","meta":{"site-sidebar-layout":"default","site-content-layout":"default","ast-global-header-display":"","ast-main-header-display":"","ast-hfb-above-header-display":"","ast-hfb-below-header-display":"","ast-hfb-mobile-header-display":"","site-post-title":"","ast-breadcrumbs-content":"","ast-featured-img":"","footer-sml-layout":"","theme-transparent-header-meta":"","adv-header-id-meta":"","stick-header-meta":"","header-above-stick-meta":"","header-main-stick-meta":"","header-below-stick-meta":""},"pwb-brand":[278],"product_cat":[165],"product_tag":[],"class_list":{"0":"post-50553","1":"product","2":"type-product","3":"status-publish","5":"pwb-brand-denso","6":"product_cat-sytytystulpat","7":"desktop-align-left","8":"tablet-align-left","9":"mobile-align-left","11":"first","12":"instock","13":"product-type-external"},"brands":[{"id":278,"name":"DENSO","slug":"denso"}],"_links":{"self":[{"href":"https:\/\/www.autonvaraosahaku.fi\/index.php?rest_route=\/wp\/v2\/product\/50553","targetHints":{"allow":["GET"]}}],"collection":[{"href":"https:\/\/www.autonvaraosahaku.fi\/index.php?rest_route=\/wp\/v2\/product"}],"about":[{"href":"https:\/\/www.autonvaraosahaku.fi\/index.php?rest_route=\/wp\/v2\/types\/product"}],"wp:attachment":[{"href":"https:\/\/www.autonvaraosahaku.fi\/index.php?rest_route=%2Fwp%2Fv2%2Fmedia&parent=50553"}],"wp:term":[{"taxonomy":"pwb-brand","embeddable":true,"href":"https:\/\/www.autonvaraosahaku.fi\/index.php?rest_route=%2Fwp%2Fv2%2Fpwb-brand&post=50553"},{"taxonomy":"product_cat","embeddable":true,"href":"https:\/\/www.autonvaraosahaku.fi\/index.php?rest_route=%2Fwp%2Fv2%2Fproduct_cat&post=50553"},{"taxonomy":"product_tag","embeddable":true,"href":"https:\/\/www.autonvaraosahaku.fi\/index.php?rest_route=%2Fwp%2Fv2%2Fproduct_tag&post=50553"}],"curies":[{"name":"wp","href":"https:\/\/api.w.org\/{rel}","templated":true}]}}