{"id":50557,"date":"2021-02-21T17:32:22","date_gmt":"2021-02-21T17:32:22","guid":{"rendered":"https:\/\/www.autonvaraosahaku.fi\/?product=mapco-70990-jouset"},"modified":"2021-02-21T17:32:26","modified_gmt":"2021-02-21T17:32:26","slug":"mapco-70990-jouset","status":"publish","type":"product","link":"https:\/\/www.autonvaraosahaku.fi\/?product=mapco-70990-jouset","title":{"rendered":"MAPCO 70990 Jouset"},"content":{"rendered":"<p>Jousimalli: Kierrejousi; Asennuspuoli: Taka-akseli; Paksuus [mm]: 9,6; L\u00e4pimitta [mm]: 103,5; Pituus (mm): 339; Kierroslukum\u00e4\u00e4r\u00e4: 7,8; Vaihdettava pareittain: ; Varustelumahdollisuudet: Greenline; VW: POLO 9N_,POLO Stufenheck 9A4; SKODA: FABIA,FABIA 6Y2,FABIA Stufenheck 6Y3; SEAT: IBIZA IV 6L1,IBIZA V ST 6J8, 6P8,CORDOBA 6L2; 6Q0511115AG, 6Q0511115BG, 6Q0511115BH, 6Q0511115K, 6Q0511115L, 6Q0511115K, 6Q0511115AG, 6Q0511115BG; Kierrejousi<\/p>\n","protected":false},"excerpt":{"rendered":"<p>MAPCO Jousi 70990 Kierrejousi VW,SKODA,SEAT,POLO 9N_,POLO Stufenheck 9A4,FABIA,FABIA 6Y2,FABIA Stufenheck 6Y3,IBIZA IV 6L1,IBIZA V ST 6J8, 6P8<\/p>\n","protected":false},"featured_media":0,"template":"","meta":{"site-sidebar-layout":"default","site-content-layout":"default","ast-global-header-display":"","ast-main-header-display":"","ast-hfb-above-header-display":"","ast-hfb-below-header-display":"","ast-hfb-mobile-header-display":"","site-post-title":"","ast-breadcrumbs-content":"","ast-featured-img":"","footer-sml-layout":"","theme-transparent-header-meta":"","adv-header-id-meta":"","stick-header-meta":"","header-above-stick-meta":"","header-main-stick-meta":"","header-below-stick-meta":""},"pwb-brand":[36],"product_cat":[171],"product_tag":[],"class_list":{"0":"post-50557","1":"product","2":"type-product","3":"status-publish","5":"pwb-brand-mapco","6":"product_cat-jouset","7":"desktop-align-left","8":"tablet-align-left","9":"mobile-align-left","11":"first","12":"instock","13":"product-type-external"},"brands":[{"id":36,"name":"MAPCO","slug":"mapco"}],"_links":{"self":[{"href":"https:\/\/www.autonvaraosahaku.fi\/index.php?rest_route=\/wp\/v2\/product\/50557","targetHints":{"allow":["GET"]}}],"collection":[{"href":"https:\/\/www.autonvaraosahaku.fi\/index.php?rest_route=\/wp\/v2\/product"}],"about":[{"href":"https:\/\/www.autonvaraosahaku.fi\/index.php?rest_route=\/wp\/v2\/types\/product"}],"wp:attachment":[{"href":"https:\/\/www.autonvaraosahaku.fi\/index.php?rest_route=%2Fwp%2Fv2%2Fmedia&parent=50557"}],"wp:term":[{"taxonomy":"pwb-brand","embeddable":true,"href":"https:\/\/www.autonvaraosahaku.fi\/index.php?rest_route=%2Fwp%2Fv2%2Fpwb-brand&post=50557"},{"taxonomy":"product_cat","embeddable":true,"href":"https:\/\/www.autonvaraosahaku.fi\/index.php?rest_route=%2Fwp%2Fv2%2Fproduct_cat&post=50557"},{"taxonomy":"product_tag","embeddable":true,"href":"https:\/\/www.autonvaraosahaku.fi\/index.php?rest_route=%2Fwp%2Fv2%2Fproduct_tag&post=50557"}],"curies":[{"name":"wp","href":"https:\/\/api.w.org\/{rel}","templated":true}]}}