{"id":50675,"date":"2021-02-21T17:32:56","date_gmt":"2021-02-21T17:32:56","guid":{"rendered":"https:\/\/www.autonvaraosahaku.fi\/?product=hella-8el-011-710-321-laturi"},"modified":"2021-02-21T17:32:59","modified_gmt":"2021-02-21T17:32:59","slug":"hella-8el-011-710-321-laturi","status":"publish","type":"product","link":"https:\/\/www.autonvaraosahaku.fi\/?product=hella-8el-011-710-321-laturi","title":{"rendered":"HELLA 8EL 011 710-321 Laturi"},"content":{"rendered":"<p>Pantiton uusi osa: ; J\u00e4nnite (V): 14; Laturi varausvirta (A): 120; Hihnapy\u00f6r\u00e4t: V\u00e4lihihnapy\u00f6r\u00e4ll\u00e4; Hihnapy\u00f6r\u00e4-\u00d8[mm]: 56; kiiloja: 6; Rungonpalautus vapaaehtoinen: ; Valmistusvuosi alkaen: 08\/1996; VW: GOLF IV 1J1,POLO 9N_,GOLF IV Variant 1J5,SHARAN 7M8, 7M9, 7M6,TRANSPORTER V Bus 7HB, 7HJ, 7EB, 7EJ, 7EF,MULTIVAN V 7HM, 7HN, 7HF, 7EF, 7EM, 7EN,BORA 1J2,TRANSPORTER V Kasten 7HA, 7HH, 7EA, 7EH,NEW BEETLE 9C1, 1C1,BORA Kombi 1J6,NEW BEETLE Cabriolet 1Y7,CADDY II Kasten 9K9A,POLO Variant 6KV5,POLO CLASSIC 6KV2,LT 28-46 II Kasten 2DA, 2DD, 2DH,TRANSPORTER V Pritsche\/Fahrgestell 7JD, 7JE, 7JL, 7JY, 7JZ,,POLO Stufenheck 9A4,LT 28-46 II Pritsche\/Fahrgestell 2DC, 2DF, 2DG, 2DL, 2DM,CADDY II Kombi 9K9B; AUDI: A3 8L1,A4 8D2, B5,TT 8N3,TT Roadster 8N9; SKODA: FABIA Combi 6Y5,FABIA,FABIA 6Y2,OCTAVIA Combi 1U5,FABIA Combi,ROOMSTER 5J,OCTAVIA 1U2,FABIA Stufenheck 6Y3,FABIA Praktik; SEAT: IBIZA IV 6L1,IBIZA V 6J5, 6P5,LEON 1M1,ALHAMBRA 7V8, 7V9,IBIZA II 6K1,TOLEDO II 1M2,IBIZA V SPORTCOUPE 6J1, 6P1,CORDOBA 6K1, 6K2,CORDOBA Vario 6K1,CORDOBA 6L2,INCA 6K9; FORD: GALAXY WGR; 021903025K, 028903026H, 028903028E, 028903029G, 028903030, 028903030A, 038903018Q, 038903023S, 038903024F, 038903024G, 038903024GX, 074903025T, 1100712, 1253624, 3M2110300BA, 98VW10300EA, 021903025K, 028903026H, 028903028E, 028903029G, 028903030, 028903030A, 038903018Q, 038903023S, 038903024F, 038903024G, 038903024GX, 074903025T, 28903030, 021903025K, 028903026H, 028903028E, 028903029G, 028903030, 028903030A, 038903018Q, 038903023S, 038903024F, 038903024G, 038903024GX, 074903025T, 28903030, 021903025K, 028903026H, 028903028E, 028903029G, 028903030, 028903030A, 038903018Q, 038903023S, 038903024F, 038903024G, 038903024GX, 074903025T; Generaattori<\/p>\n","protected":false},"excerpt":{"rendered":"<p>HELLA Laturi 8EL 011 710-321 Generaattori VW,AUDI,SKODA,GOLF IV 1J1,POLO 9N_,GOLF IV Variant 1J5,SHARAN 7M8, 7M9, 7M6<\/p>\n","protected":false},"featured_media":0,"template":"","meta":{"site-sidebar-layout":"default","site-content-layout":"default","ast-global-header-display":"","ast-main-header-display":"","ast-hfb-above-header-display":"","ast-hfb-below-header-display":"","ast-hfb-mobile-header-display":"","site-post-title":"","ast-breadcrumbs-content":"","ast-featured-img":"","footer-sml-layout":"","theme-transparent-header-meta":"","adv-header-id-meta":"","stick-header-meta":"","header-above-stick-meta":"","header-main-stick-meta":"","header-below-stick-meta":""},"pwb-brand":[24],"product_cat":[357],"product_tag":[],"class_list":{"0":"post-50675","1":"product","2":"type-product","3":"status-publish","5":"pwb-brand-hella","6":"product_cat-laturi","7":"desktop-align-left","8":"tablet-align-left","9":"mobile-align-left","11":"first","12":"instock","13":"product-type-external"},"brands":[{"id":24,"name":"HELLA","slug":"hella"}],"_links":{"self":[{"href":"https:\/\/www.autonvaraosahaku.fi\/index.php?rest_route=\/wp\/v2\/product\/50675","targetHints":{"allow":["GET"]}}],"collection":[{"href":"https:\/\/www.autonvaraosahaku.fi\/index.php?rest_route=\/wp\/v2\/product"}],"about":[{"href":"https:\/\/www.autonvaraosahaku.fi\/index.php?rest_route=\/wp\/v2\/types\/product"}],"wp:attachment":[{"href":"https:\/\/www.autonvaraosahaku.fi\/index.php?rest_route=%2Fwp%2Fv2%2Fmedia&parent=50675"}],"wp:term":[{"taxonomy":"pwb-brand","embeddable":true,"href":"https:\/\/www.autonvaraosahaku.fi\/index.php?rest_route=%2Fwp%2Fv2%2Fpwb-brand&post=50675"},{"taxonomy":"product_cat","embeddable":true,"href":"https:\/\/www.autonvaraosahaku.fi\/index.php?rest_route=%2Fwp%2Fv2%2Fproduct_cat&post=50675"},{"taxonomy":"product_tag","embeddable":true,"href":"https:\/\/www.autonvaraosahaku.fi\/index.php?rest_route=%2Fwp%2Fv2%2Fproduct_tag&post=50675"}],"curies":[{"name":"wp","href":"https:\/\/api.w.org\/{rel}","templated":true}]}}