{"id":51435,"date":"2021-02-21T17:36:37","date_gmt":"2021-02-21T17:36:37","guid":{"rendered":"https:\/\/www.autonvaraosahaku.fi\/?product=beru-ger004-laturin-jannitteensaadin"},"modified":"2021-02-21T17:36:40","modified_gmt":"2021-02-21T17:36:40","slug":"beru-ger004-laturin-jannitteensaadin","status":"publish","type":"product","link":"https:\/\/www.autonvaraosahaku.fi\/?product=beru-ger004-laturin-jannitteensaadin","title":{"rendered":"BERU GER004 Laturin j\u00e4nnitteens\u00e4\u00e4din"},"content":{"rendered":"<p>J\u00e4nnite (V): 14,5; Valmistaja rajaus: BOSCH; L\u00e4pimitta sis\u00e4\u00e4notto [mm]: 28; K\u00e4ytet\u00e4\u00e4n ajoneuvoissa, joissa laturi: 90; BMW: 3 E36,3 E30,5 E34,3 Cabriolet E30,7 E32,8 E31,5 E28,6 E24,3 Touring E30,7 E23; MERCEDES-BENZ: 190 W201,Stufenheck W124,SL R107,Stufenheck W123,S-CLASS W126,KOMBI Kombi S124,COUPE C124,E-CLASS Kombi S124,COUPE C123,S-CLASS Coupe C126,KOMBI Kombi S123,E-CLASS Cabriolet A124,E-CLASS Coupe C124,CABRIOLET A124; OPEL: KADETT E CC 33_, 34_, 43_, 44_,CORSA A CC 93_, 94_, 98_, 99_,KADETT C Coupe,VECTRA A CC 88_, 89_,KADETT C,KADETT E Cabriolet 43B_,ASCONA C 81_, 86_, 87_, 88_,CORSA A TR 91_, 92_, 96_, 97_,KADETT D 31_-34_, 41_-44_,KADETT E 39_, 49_,ASCONA C CC 84_, 89_,KADETT E Caravan 35_, 36_, 45_, 46_,KADETT C City,KADETT C Caravan,KADETT D Caravan 35_, 36_, 45_, 46_; FORD: SIERRA GBG, GB4,SIERRA Schr\u00e4gheck GBC, GBG,FIESTA I GFBT,ESCORT IV GAF, AWF, ABFT,FIESTA II FBD,ESCORT II ATH,ESCORT III GAA,SCORPIO I Stufenheck GGE,ORION II AFF; ALFA ROMEO: SPIDER 115,75 162B,164 164,155 167,33 907A,GTV 116,33 905,ALFASUD Sprint 902.A,ALFETTA 116,33 Sportwagon 907B,33 Sportwagon 905A,90 162; 11610050600811, 12311726022, 1726022, 60743997, 60752016, 9941761, 9950116, 9950612, 6165056, 86GB10316AA, 0021547902, 0021547906, 1204256, 1204259, 92860314200, 96460314100, 986034521, 034903803; Laturin S\u00e4\u00e4din,J\u00e4nniteens\u00e4\u00e4din<\/p>\n","protected":false},"excerpt":{"rendered":"<p>BERU Laturin J\u00e4nnitteens\u00e4\u00e4din GER004 Laturin S\u00e4\u00e4din,J\u00e4nniteens\u00e4\u00e4din BMW,MERCEDES-BENZ,OPEL,3 E36,3 E30,5 E34,3 Cabriolet E30,7 E32,8 E31,5 E28,6 E24<\/p>\n","protected":false},"featured_media":0,"template":"","meta":{"site-sidebar-layout":"default","site-content-layout":"default","ast-global-header-display":"","ast-main-header-display":"","ast-hfb-above-header-display":"","ast-hfb-below-header-display":"","ast-hfb-mobile-header-display":"","site-post-title":"","ast-breadcrumbs-content":"","ast-featured-img":"","footer-sml-layout":"","theme-transparent-header-meta":"","adv-header-id-meta":"","stick-header-meta":"","header-above-stick-meta":"","header-main-stick-meta":"","header-below-stick-meta":""},"pwb-brand":[327],"product_cat":[420],"product_tag":[],"class_list":{"0":"post-51435","1":"product","2":"type-product","3":"status-publish","5":"pwb-brand-beru","6":"product_cat-laturin-jannitteensaadin","7":"desktop-align-left","8":"tablet-align-left","9":"mobile-align-left","11":"first","12":"instock","13":"product-type-external"},"brands":[{"id":327,"name":"BERU","slug":"beru"}],"_links":{"self":[{"href":"https:\/\/www.autonvaraosahaku.fi\/index.php?rest_route=\/wp\/v2\/product\/51435","targetHints":{"allow":["GET"]}}],"collection":[{"href":"https:\/\/www.autonvaraosahaku.fi\/index.php?rest_route=\/wp\/v2\/product"}],"about":[{"href":"https:\/\/www.autonvaraosahaku.fi\/index.php?rest_route=\/wp\/v2\/types\/product"}],"wp:attachment":[{"href":"https:\/\/www.autonvaraosahaku.fi\/index.php?rest_route=%2Fwp%2Fv2%2Fmedia&parent=51435"}],"wp:term":[{"taxonomy":"pwb-brand","embeddable":true,"href":"https:\/\/www.autonvaraosahaku.fi\/index.php?rest_route=%2Fwp%2Fv2%2Fpwb-brand&post=51435"},{"taxonomy":"product_cat","embeddable":true,"href":"https:\/\/www.autonvaraosahaku.fi\/index.php?rest_route=%2Fwp%2Fv2%2Fproduct_cat&post=51435"},{"taxonomy":"product_tag","embeddable":true,"href":"https:\/\/www.autonvaraosahaku.fi\/index.php?rest_route=%2Fwp%2Fv2%2Fproduct_tag&post=51435"}],"curies":[{"name":"wp","href":"https:\/\/api.w.org\/{rel}","templated":true}]}}