{"id":51678,"date":"2021-02-21T17:37:46","date_gmt":"2021-02-21T17:37:46","guid":{"rendered":"https:\/\/www.autonvaraosahaku.fi\/?product=valeo-586518-oljynsuodatin"},"modified":"2021-02-21T17:37:50","modified_gmt":"2021-02-21T17:37:50","slug":"valeo-586518-oljynsuodatin","status":"publish","type":"product","link":"https:\/\/www.autonvaraosahaku.fi\/?product=valeo-586518-oljynsuodatin","title":{"rendered":"VALEO 586518 \u00d6ljynsuodatin"},"content":{"rendered":"<p>Ulkol\u00e4pimitta 1 [mm]: 90,5; Ulkol\u00e4pimitta 2 [mm]: 88; Sis\u00e4l\u00e4pimitta 1 [mm]: 12; Sis\u00e4l\u00e4pimitta 2 [mm]: 26; Korkeus (mm): 167; Suodatintyyppi: Suodatinpanos; Paino [kg]: 0,4; Valmistusvuosi alkaen: 12\/1983; MERCEDES-BENZ: C-CLASS W202,190 W201,Stufenheck W124,KOMBI Kombi S124,E-CLASS W124,G-CLASS W463,G-CLASS W460,S-CLASS W140,E-CLASS Kombi S124,G-CLASS W461,T1 Bus 601,T1 Pritsche\/Fahrgestell 602,T1 Kasten 602,T1 Pritsche\/Fahrgestell 601,T2\/LN1 Kasten\/Kombi,T1 Kasten 601,T1 Bus 602,T1\/TN Pritsche\/Fahrgestell,G-CLASS Cabrio W463,T1\/TN Kasten\/Kombi,T2\/LN1 Kipper; DAEWOO: MUSSO FJ,KORANDO KJ,REXTON GAB_,KORANDO Cabrio KJ; SSANGYONG: REXTON GAB_,MUSSO FJ,ACTYON SPORTS I QJ,KORANDO KJ,MUSSO SPORTS,KORANDO K4,KORANDO Cabrio KJ; PUCH: G-MODELL W 460,G-MODELL W 461,G-MODELL W 463; 6611803009, 6611803409, 5016966, 6011800009, 6011800109, 6011800210, 6011840025, 6011840125, 6611803409, 5001846633, 6011800109, 6611803009, 6611803409, 801837<\/p>\n","protected":false},"excerpt":{"rendered":"<p>VALEO \u00d6ljynsuodatin 586518  MERCEDES-BENZ,DAEWOO,SSANGYONG,C-CLASS W202,190 W201,Stufenheck W124,KOMBI Kombi S124,E-CLASS W124,G-CLASS W463<\/p>\n","protected":false},"featured_media":0,"template":"","meta":{"site-sidebar-layout":"default","site-content-layout":"default","ast-global-header-display":"","ast-main-header-display":"","ast-hfb-above-header-display":"","ast-hfb-below-header-display":"","ast-hfb-mobile-header-display":"","site-post-title":"","ast-breadcrumbs-content":"","ast-featured-img":"","footer-sml-layout":"","theme-transparent-header-meta":"","adv-header-id-meta":"","stick-header-meta":"","header-above-stick-meta":"","header-main-stick-meta":"","header-below-stick-meta":""},"pwb-brand":[28],"product_cat":[30],"product_tag":[],"class_list":{"0":"post-51678","1":"product","2":"type-product","3":"status-publish","5":"pwb-brand-valeo","6":"product_cat-oljynsuodatin","7":"desktop-align-left","8":"tablet-align-left","9":"mobile-align-left","11":"first","12":"instock","13":"product-type-external"},"brands":[{"id":28,"name":"VALEO","slug":"valeo"}],"_links":{"self":[{"href":"https:\/\/www.autonvaraosahaku.fi\/index.php?rest_route=\/wp\/v2\/product\/51678","targetHints":{"allow":["GET"]}}],"collection":[{"href":"https:\/\/www.autonvaraosahaku.fi\/index.php?rest_route=\/wp\/v2\/product"}],"about":[{"href":"https:\/\/www.autonvaraosahaku.fi\/index.php?rest_route=\/wp\/v2\/types\/product"}],"wp:attachment":[{"href":"https:\/\/www.autonvaraosahaku.fi\/index.php?rest_route=%2Fwp%2Fv2%2Fmedia&parent=51678"}],"wp:term":[{"taxonomy":"pwb-brand","embeddable":true,"href":"https:\/\/www.autonvaraosahaku.fi\/index.php?rest_route=%2Fwp%2Fv2%2Fpwb-brand&post=51678"},{"taxonomy":"product_cat","embeddable":true,"href":"https:\/\/www.autonvaraosahaku.fi\/index.php?rest_route=%2Fwp%2Fv2%2Fproduct_cat&post=51678"},{"taxonomy":"product_tag","embeddable":true,"href":"https:\/\/www.autonvaraosahaku.fi\/index.php?rest_route=%2Fwp%2Fv2%2Fproduct_tag&post=51678"}],"curies":[{"name":"wp","href":"https:\/\/api.w.org\/{rel}","templated":true}]}}