{"id":51771,"date":"2021-02-21T17:38:14","date_gmt":"2021-02-21T17:38:14","guid":{"rendered":"https:\/\/www.autonvaraosahaku.fi\/?product=ashika-20-01-194-ilmansuodatin"},"modified":"2021-02-21T17:38:17","modified_gmt":"2021-02-21T17:38:17","slug":"ashika-20-01-194-ilmansuodatin","status":"publish","type":"product","link":"https:\/\/www.autonvaraosahaku.fi\/?product=ashika-20-01-194-ilmansuodatin","title":{"rendered":"ASHIKA 20-01-194 Ilmansuodatin"},"content":{"rendered":"<p>Korkeus (mm): 231; Ulkol\u00e4pimitta [mm]: 138; Sis\u00e4l\u00e4pimitta [mm]: 78; NISSAN: TERRANO II R20,PICK UP D22; 165463S903, 165467F000, 165467F002<\/p>\n","protected":false},"excerpt":{"rendered":"<p>ASHIKA Ilmansuodatin 20-01-194  NISSAN,TERRANO II R20,PICK UP D22<\/p>\n","protected":false},"featured_media":0,"template":"","meta":{"site-sidebar-layout":"default","site-content-layout":"default","ast-global-header-display":"","ast-main-header-display":"","ast-hfb-above-header-display":"","ast-hfb-below-header-display":"","ast-hfb-mobile-header-display":"","site-post-title":"","ast-breadcrumbs-content":"","ast-featured-img":"","footer-sml-layout":"","theme-transparent-header-meta":"","adv-header-id-meta":"","stick-header-meta":"","header-above-stick-meta":"","header-main-stick-meta":"","header-below-stick-meta":""},"pwb-brand":[102],"product_cat":[31],"product_tag":[],"class_list":{"0":"post-51771","1":"product","2":"type-product","3":"status-publish","5":"pwb-brand-ashika","6":"product_cat-ilmansuodatin","7":"desktop-align-left","8":"tablet-align-left","9":"mobile-align-left","11":"first","12":"instock","13":"product-type-external"},"brands":[{"id":102,"name":"ASHIKA","slug":"ashika"}],"_links":{"self":[{"href":"https:\/\/www.autonvaraosahaku.fi\/index.php?rest_route=\/wp\/v2\/product\/51771","targetHints":{"allow":["GET"]}}],"collection":[{"href":"https:\/\/www.autonvaraosahaku.fi\/index.php?rest_route=\/wp\/v2\/product"}],"about":[{"href":"https:\/\/www.autonvaraosahaku.fi\/index.php?rest_route=\/wp\/v2\/types\/product"}],"wp:attachment":[{"href":"https:\/\/www.autonvaraosahaku.fi\/index.php?rest_route=%2Fwp%2Fv2%2Fmedia&parent=51771"}],"wp:term":[{"taxonomy":"pwb-brand","embeddable":true,"href":"https:\/\/www.autonvaraosahaku.fi\/index.php?rest_route=%2Fwp%2Fv2%2Fpwb-brand&post=51771"},{"taxonomy":"product_cat","embeddable":true,"href":"https:\/\/www.autonvaraosahaku.fi\/index.php?rest_route=%2Fwp%2Fv2%2Fproduct_cat&post=51771"},{"taxonomy":"product_tag","embeddable":true,"href":"https:\/\/www.autonvaraosahaku.fi\/index.php?rest_route=%2Fwp%2Fv2%2Fproduct_tag&post=51771"}],"curies":[{"name":"wp","href":"https:\/\/api.w.org\/{rel}","templated":true}]}}