{"id":52053,"date":"2021-02-21T17:39:36","date_gmt":"2021-02-21T17:39:36","guid":{"rendered":"https:\/\/www.autonvaraosahaku.fi\/?product=topran-118-018-lasinnostimen-kytkin"},"modified":"2021-02-21T17:39:39","modified_gmt":"2021-02-21T17:39:39","slug":"topran-118-018-lasinnostimen-kytkin","status":"publish","type":"product","link":"https:\/\/www.autonvaraosahaku.fi\/?product=topran-118-018-lasinnostimen-kytkin","title":{"rendered":"TOPRAN 118 018 Lasinnostimen kytkin"},"content":{"rendered":"<p>Asennuspuoli: Etu, vasen, Ajoneuvo-ovi, Edess\u00e4; Oviluku: 4; Vasen \/ oikea liikenne: Oikean-\/vasemmanpuolinen ohjaus; Katkaisijavalaistus: Punainen; Varusteet: ajon. s\u00e4hk\u00f6-ikkunanostimilla edess\u00e4 ja takana; K\u00e4ytt\u00f6tapa: Vipukytkin; V\u00e4rikoodi: 3X1; V\u00e4ri: Musta; Napojen m\u00e4\u00e4r\u00e4: 10; Kotelomateriaali: Muovi; Yhdistelm\u00e4kytkintoiminto: Turvakytkint\u00e4; Asennusmalli: Liitin; Moottorinumero: BLE; VW: TOUAREG 7LA, 7L6, 7L7; 7L6959857C, 7L6959857C3X1, 7L6959857E, 7L6959857E3X1; Kytkin, Lasinnostin<\/p>\n","protected":false},"excerpt":{"rendered":"<p>TOPRAN Lasinnostimen Kytkin 118 018 Kytkin, Lasinnostin VW,TOUAREG 7LA, 7L6, 7L7<\/p>\n","protected":false},"featured_media":0,"template":"","meta":{"site-sidebar-layout":"default","site-content-layout":"default","ast-global-header-display":"","ast-main-header-display":"","ast-hfb-above-header-display":"","ast-hfb-below-header-display":"","ast-hfb-mobile-header-display":"","site-post-title":"","ast-breadcrumbs-content":"","ast-featured-img":"","footer-sml-layout":"","theme-transparent-header-meta":"","adv-header-id-meta":"","stick-header-meta":"","header-above-stick-meta":"","header-main-stick-meta":"","header-below-stick-meta":""},"pwb-brand":[18],"product_cat":[135],"product_tag":[],"class_list":{"0":"post-52053","1":"product","2":"type-product","3":"status-publish","5":"pwb-brand-topran","6":"product_cat-lasinnostimen-kytkin","7":"desktop-align-left","8":"tablet-align-left","9":"mobile-align-left","11":"first","12":"instock","13":"product-type-external"},"brands":[{"id":18,"name":"TOPRAN","slug":"topran"}],"_links":{"self":[{"href":"https:\/\/www.autonvaraosahaku.fi\/index.php?rest_route=\/wp\/v2\/product\/52053","targetHints":{"allow":["GET"]}}],"collection":[{"href":"https:\/\/www.autonvaraosahaku.fi\/index.php?rest_route=\/wp\/v2\/product"}],"about":[{"href":"https:\/\/www.autonvaraosahaku.fi\/index.php?rest_route=\/wp\/v2\/types\/product"}],"wp:attachment":[{"href":"https:\/\/www.autonvaraosahaku.fi\/index.php?rest_route=%2Fwp%2Fv2%2Fmedia&parent=52053"}],"wp:term":[{"taxonomy":"pwb-brand","embeddable":true,"href":"https:\/\/www.autonvaraosahaku.fi\/index.php?rest_route=%2Fwp%2Fv2%2Fpwb-brand&post=52053"},{"taxonomy":"product_cat","embeddable":true,"href":"https:\/\/www.autonvaraosahaku.fi\/index.php?rest_route=%2Fwp%2Fv2%2Fproduct_cat&post=52053"},{"taxonomy":"product_tag","embeddable":true,"href":"https:\/\/www.autonvaraosahaku.fi\/index.php?rest_route=%2Fwp%2Fv2%2Fproduct_tag&post=52053"}],"curies":[{"name":"wp","href":"https:\/\/api.w.org\/{rel}","templated":true}]}}