{"id":52288,"date":"2021-02-21T17:40:45","date_gmt":"2021-02-21T17:40:45","guid":{"rendered":"https:\/\/www.autonvaraosahaku.fi\/?product=swf-119835-pyyhkijansulat"},"modified":"2021-02-21T17:40:47","modified_gmt":"2021-02-21T17:40:47","slug":"swf-119835-pyyhkijansulat","status":"publish","type":"product","link":"https:\/\/www.autonvaraosahaku.fi\/?product=swf-119835-pyyhkijansulat","title":{"rendered":"SWF 119835 Pyyhkij\u00e4nsulat"},"content":{"rendered":"<p>M\u00e4\u00e4r\u00e4: 1; Pituus (mm): 350; Pituus (tuumaa): 14; Sopiva adapteri: U; Muotoilu: Spoilerilla; Kulumisenilmaisimen liitos: kulumisvaroitinkoskettimella; Paino [kg]: 0,12; Tuotelinja: VisioNext; Pyyhkij\u00e4nsulkatyyppi: Rungottomat; Asennuspuoli: beifahrerseitig; MAZDA: 2 DE; BMW: X3 E83; CHEVROLET: MATIZ M200, M250; NISSAN: NOTE E11,JUKE F15,MICRA IV K13,PIXO UA0,TIIDA Schr\u00e4gheck,TIIDA Stufenheck SC11X; KIA: CEE&#8217;D JD,CEE`D Sportswagon JD,PRO CEE\u00b4D JD; HONDA: JAZZ II GD,CIVIC VII Hatchback EU, EP, EV,JAZZ III GE,STREAM RN,CIVIC VII Coupe EM2,CIVIC VII Stufenheck ES,STREAM,CITY Stufenheck GD8\/GD9,CIVIC X Schr\u00e4gheck FC_, FK,JAZZ IV GK; HYUNDAI: i30 GD,i30 CW GD,SANTA F\u00c9 III DM,i30 Coupe,GRAND SANTA F\u00c9; DAIHATSU: YRV M2,TERIOS J1; SUZUKI: SX4 EY, GY,ALTO HA25, HA35,SX4 S-Cross,SX4 Stufenheck GY,CARRY Kasten FD,SUPER CARRY Bus ED,CELERIO; LANCIA: MUSA 350; Tuulilasinpyyhkimet,Pyyhkij\u00e4t,Pyyhkij\u00e4nsulka<\/p>\n","protected":false},"excerpt":{"rendered":"<p>SWF Pyyhkij\u00e4nsulat 119835 Tuulilasinpyyhkimet,Pyyhkij\u00e4t MAZDA,BMW,CHEVROLET,2 DE,X3 E83,MATIZ M200, M250,NOTE E11,JUKE F15,MICRA IV K13,PIXO UA0<\/p>\n","protected":false},"featured_media":0,"template":"","meta":{"site-sidebar-layout":"default","site-content-layout":"default","ast-global-header-display":"","ast-main-header-display":"","ast-hfb-above-header-display":"","ast-hfb-below-header-display":"","ast-hfb-mobile-header-display":"","site-post-title":"","ast-breadcrumbs-content":"","ast-featured-img":"","footer-sml-layout":"","theme-transparent-header-meta":"","adv-header-id-meta":"","stick-header-meta":"","header-above-stick-meta":"","header-main-stick-meta":"","header-below-stick-meta":""},"pwb-brand":[204],"product_cat":[33],"product_tag":[],"class_list":{"0":"post-52288","1":"product","2":"type-product","3":"status-publish","5":"pwb-brand-swf","6":"product_cat-pyyhkijansulat","7":"desktop-align-left","8":"tablet-align-left","9":"mobile-align-left","11":"first","12":"instock","13":"product-type-external"},"brands":[{"id":204,"name":"SWF","slug":"swf"}],"_links":{"self":[{"href":"https:\/\/www.autonvaraosahaku.fi\/index.php?rest_route=\/wp\/v2\/product\/52288","targetHints":{"allow":["GET"]}}],"collection":[{"href":"https:\/\/www.autonvaraosahaku.fi\/index.php?rest_route=\/wp\/v2\/product"}],"about":[{"href":"https:\/\/www.autonvaraosahaku.fi\/index.php?rest_route=\/wp\/v2\/types\/product"}],"wp:attachment":[{"href":"https:\/\/www.autonvaraosahaku.fi\/index.php?rest_route=%2Fwp%2Fv2%2Fmedia&parent=52288"}],"wp:term":[{"taxonomy":"pwb-brand","embeddable":true,"href":"https:\/\/www.autonvaraosahaku.fi\/index.php?rest_route=%2Fwp%2Fv2%2Fpwb-brand&post=52288"},{"taxonomy":"product_cat","embeddable":true,"href":"https:\/\/www.autonvaraosahaku.fi\/index.php?rest_route=%2Fwp%2Fv2%2Fproduct_cat&post=52288"},{"taxonomy":"product_tag","embeddable":true,"href":"https:\/\/www.autonvaraosahaku.fi\/index.php?rest_route=%2Fwp%2Fv2%2Fproduct_tag&post=52288"}],"curies":[{"name":"wp","href":"https:\/\/api.w.org\/{rel}","templated":true}]}}