{"id":52710,"date":"2021-02-21T17:42:46","date_gmt":"2021-02-21T17:42:46","guid":{"rendered":"https:\/\/www.autonvaraosahaku.fi\/?product=dayco-apv2464-hihnankiristin"},"modified":"2021-02-21T17:42:48","modified_gmt":"2021-02-21T17:42:48","slug":"dayco-apv2464-hihnankiristin","status":"publish","type":"product","link":"https:\/\/www.autonvaraosahaku.fi\/?product=dayco-apv2464-hihnankiristin","title":{"rendered":"DAYCO APV2464 Hihnankiristin"},"content":{"rendered":"<p>Hihnapy\u00f6r\u00e4-\u00d8[mm]: 60,0; Korkeus 1 (mm): 25,0; Korkeus 2 (mm): 75,0; Paino [kg]: 0,9; Moottorinumero: 224DT; PEUGEOT: 4007 GP_; CITRO\u00cbN: C-CROSSER EP_,C-CROSSER ENTERPRISE; LAND ROVER: FREELANDER 2 FA_,RANGE ROVER EVOQUE LV,DISCOVERY SPORT LC; JAGUAR: XF _J05_, CC9,XF SPORTBRAKE CC9,XJ X35_, _J12_, _J24_,F-TYPE Cabriolet,XE X760,F-TYPE Coupe,XF X260,F-PACE X761_; 5751G0, 1440810, C2Z16647, LR003651, 1613840780, 5751G0; Hihnankiristin, Moniurahihna<\/p>\n","protected":false},"excerpt":{"rendered":"<p>DAYCO Hihnankiristin APV2464 Hihnankiristin, Moniurahihna PEUGEOT,CITRO\u00cbN,LAND ROVER,4007 GP_,C-CROSSER EP_,C-CROSSER ENTERPRISE,FREELANDER 2 FA_<\/p>\n","protected":false},"featured_media":0,"template":"","meta":{"site-sidebar-layout":"default","site-content-layout":"default","ast-global-header-display":"","ast-main-header-display":"","ast-hfb-above-header-display":"","ast-hfb-below-header-display":"","ast-hfb-mobile-header-display":"","site-post-title":"","ast-breadcrumbs-content":"","ast-featured-img":"","footer-sml-layout":"","theme-transparent-header-meta":"","adv-header-id-meta":"","stick-header-meta":"","header-above-stick-meta":"","header-main-stick-meta":"","header-below-stick-meta":""},"pwb-brand":[305],"product_cat":[186],"product_tag":[],"class_list":{"0":"post-52710","1":"product","2":"type-product","3":"status-publish","5":"pwb-brand-dayco","6":"product_cat-hihnankiristin","7":"desktop-align-left","8":"tablet-align-left","9":"mobile-align-left","11":"first","12":"instock","13":"product-type-external"},"brands":[{"id":305,"name":"DAYCO","slug":"dayco"}],"_links":{"self":[{"href":"https:\/\/www.autonvaraosahaku.fi\/index.php?rest_route=\/wp\/v2\/product\/52710","targetHints":{"allow":["GET"]}}],"collection":[{"href":"https:\/\/www.autonvaraosahaku.fi\/index.php?rest_route=\/wp\/v2\/product"}],"about":[{"href":"https:\/\/www.autonvaraosahaku.fi\/index.php?rest_route=\/wp\/v2\/types\/product"}],"wp:attachment":[{"href":"https:\/\/www.autonvaraosahaku.fi\/index.php?rest_route=%2Fwp%2Fv2%2Fmedia&parent=52710"}],"wp:term":[{"taxonomy":"pwb-brand","embeddable":true,"href":"https:\/\/www.autonvaraosahaku.fi\/index.php?rest_route=%2Fwp%2Fv2%2Fpwb-brand&post=52710"},{"taxonomy":"product_cat","embeddable":true,"href":"https:\/\/www.autonvaraosahaku.fi\/index.php?rest_route=%2Fwp%2Fv2%2Fproduct_cat&post=52710"},{"taxonomy":"product_tag","embeddable":true,"href":"https:\/\/www.autonvaraosahaku.fi\/index.php?rest_route=%2Fwp%2Fv2%2Fproduct_tag&post=52710"}],"curies":[{"name":"wp","href":"https:\/\/api.w.org\/{rel}","templated":true}]}}