{"id":52757,"date":"2021-02-21T17:42:57","date_gmt":"2021-02-21T17:42:57","guid":{"rendered":"https:\/\/www.autonvaraosahaku.fi\/?product=autlog-as2170-jaahdytysnesteen-lampotila-anturi"},"modified":"2021-02-21T17:43:00","modified_gmt":"2021-02-21T17:43:00","slug":"autlog-as2170-jaahdytysnesteen-lampotila-anturi","status":"publish","type":"product","link":"https:\/\/www.autonvaraosahaku.fi\/?product=autlog-as2170-jaahdytysnesteen-lampotila-anturi","title":{"rendered":"AUTLOG AS2170 J\u00e4\u00e4hdytysnesteen l\u00e4mp\u00f6tila anturi"},"content":{"rendered":"<p>Paino [kg]: 0,035; JEEP: GRAND CHEROKEE III WH, WK,WRANGLER III JK,COMMANDER XK,CHEROKEE KK; MERCEDES-BENZ: CLA Coupe C117; MINI: MINI R50, R53,MINI Cabriolet R52; CHRYSLER: PT CRUISER PT_,VOYAGER IV RG, RS,300 C Touring LX,VOYAGER III GS,300 C LX,SEBRING Cabriolet JR,300 M LR,PT CRUISER Cabriolet,SEBRING JR,VOYAGER II ES,NEON II,NEON PL,VOYAGER I AS; DODGE: NITRO,CHALLENGER Coupe,AVENGER,VIPER Cabriolet SRT-10,CARAVAN RG_,VIPER Coupe SRT-10 ZB1,NEON II,NEON,VIPER Coupe SRT-10 ZB2; 13621486698, 1486698, 5269870AB, 5269870AB, 5269870AB, 55223506, 5269870AB, 13621486698, 1486698, 5269870AB; J\u00e4\u00e4hdytysnestel\u00e4mp\u00f6tilan Sensori<\/p>\n","protected":false},"excerpt":{"rendered":"<p>AUTLOG J\u00e4\u00e4hdytysnesteen L\u00e4mp\u00f6tila Anturi AS2170 J\u00e4\u00e4hdytysnestel\u00e4mp\u00f6tilan Sensori JEEP,MERCEDES-BENZ,MINI,GRAND CHEROKEE III WH, WK,WRANGLER III JK<\/p>\n","protected":false},"featured_media":0,"template":"","meta":{"site-sidebar-layout":"default","site-content-layout":"default","ast-global-header-display":"","ast-main-header-display":"","ast-hfb-above-header-display":"","ast-hfb-below-header-display":"","ast-hfb-mobile-header-display":"","site-post-title":"","ast-breadcrumbs-content":"","ast-featured-img":"","footer-sml-layout":"","theme-transparent-header-meta":"","adv-header-id-meta":"","stick-header-meta":"","header-above-stick-meta":"","header-main-stick-meta":"","header-below-stick-meta":""},"pwb-brand":[450],"product_cat":[200],"product_tag":[],"class_list":{"0":"post-52757","1":"product","2":"type-product","3":"status-publish","5":"pwb-brand-autlog","6":"product_cat-jaahdytysnesteen-lampotila-anturi","7":"desktop-align-left","8":"tablet-align-left","9":"mobile-align-left","11":"first","12":"instock","13":"product-type-external"},"brands":[{"id":450,"name":"AUTLOG","slug":"autlog"}],"_links":{"self":[{"href":"https:\/\/www.autonvaraosahaku.fi\/index.php?rest_route=\/wp\/v2\/product\/52757","targetHints":{"allow":["GET"]}}],"collection":[{"href":"https:\/\/www.autonvaraosahaku.fi\/index.php?rest_route=\/wp\/v2\/product"}],"about":[{"href":"https:\/\/www.autonvaraosahaku.fi\/index.php?rest_route=\/wp\/v2\/types\/product"}],"wp:attachment":[{"href":"https:\/\/www.autonvaraosahaku.fi\/index.php?rest_route=%2Fwp%2Fv2%2Fmedia&parent=52757"}],"wp:term":[{"taxonomy":"pwb-brand","embeddable":true,"href":"https:\/\/www.autonvaraosahaku.fi\/index.php?rest_route=%2Fwp%2Fv2%2Fpwb-brand&post=52757"},{"taxonomy":"product_cat","embeddable":true,"href":"https:\/\/www.autonvaraosahaku.fi\/index.php?rest_route=%2Fwp%2Fv2%2Fproduct_cat&post=52757"},{"taxonomy":"product_tag","embeddable":true,"href":"https:\/\/www.autonvaraosahaku.fi\/index.php?rest_route=%2Fwp%2Fv2%2Fproduct_tag&post=52757"}],"curies":[{"name":"wp","href":"https:\/\/api.w.org\/{rel}","templated":true}]}}