{"id":53085,"date":"2021-02-21T17:44:35","date_gmt":"2021-02-21T17:44:35","guid":{"rendered":"https:\/\/www.autonvaraosahaku.fi\/?product=ridex-3902i0015-polttoainesuutin"},"modified":"2021-02-21T17:44:36","modified_gmt":"2021-02-21T17:44:36","slug":"ridex-3902i0015-polttoainesuutin","status":"publish","type":"product","link":"https:\/\/www.autonvaraosahaku.fi\/?product=ridex-3902i0015-polttoainesuutin","title":{"rendered":"RIDEX 3902I0015 Polttoainesuutin"},"content":{"rendered":"<p>Ruiskutusj\u00e4rjestelm\u00e4: MPI (monipiste); Polttoaine: Bensiini; CITRO\u00cbN: BERLINGO MF,SAXO S0, S1,XSARA Break N2; PEUGEOT: 206 Schr\u00e4gheck 2A\/C,106 II 1; 1984C2, 9625587380, 71755052, 1984C2, 9625587380; Ruiskutussuutin,Ruiskusuutin,Pumppusuutin<\/p>\n","protected":false},"excerpt":{"rendered":"<p>RIDEX Polttoainesuutin 3902I0015 Ruiskutussuutin,Ruiskusuutin CITRO\u00cbN,PEUGEOT,BERLINGO MF,SAXO S0, S1,XSARA Break N2,206 Schr\u00e4gheck 2A\/C,106 II 1<\/p>\n","protected":false},"featured_media":0,"template":"","meta":{"site-sidebar-layout":"default","site-content-layout":"default","ast-global-header-display":"","ast-main-header-display":"","ast-hfb-above-header-display":"","ast-hfb-below-header-display":"","ast-hfb-mobile-header-display":"","site-post-title":"","ast-breadcrumbs-content":"","ast-featured-img":"","footer-sml-layout":"","theme-transparent-header-meta":"","adv-header-id-meta":"","stick-header-meta":"","header-above-stick-meta":"","header-main-stick-meta":"","header-below-stick-meta":""},"pwb-brand":[157],"product_cat":[346],"product_tag":[],"class_list":{"0":"post-53085","1":"product","2":"type-product","3":"status-publish","5":"pwb-brand-ridex","6":"product_cat-polttoainesuutin","7":"desktop-align-left","8":"tablet-align-left","9":"mobile-align-left","11":"first","12":"instock","13":"product-type-external"},"brands":[{"id":157,"name":"RIDEX","slug":"ridex"}],"_links":{"self":[{"href":"https:\/\/www.autonvaraosahaku.fi\/index.php?rest_route=\/wp\/v2\/product\/53085","targetHints":{"allow":["GET"]}}],"collection":[{"href":"https:\/\/www.autonvaraosahaku.fi\/index.php?rest_route=\/wp\/v2\/product"}],"about":[{"href":"https:\/\/www.autonvaraosahaku.fi\/index.php?rest_route=\/wp\/v2\/types\/product"}],"wp:attachment":[{"href":"https:\/\/www.autonvaraosahaku.fi\/index.php?rest_route=%2Fwp%2Fv2%2Fmedia&parent=53085"}],"wp:term":[{"taxonomy":"pwb-brand","embeddable":true,"href":"https:\/\/www.autonvaraosahaku.fi\/index.php?rest_route=%2Fwp%2Fv2%2Fpwb-brand&post=53085"},{"taxonomy":"product_cat","embeddable":true,"href":"https:\/\/www.autonvaraosahaku.fi\/index.php?rest_route=%2Fwp%2Fv2%2Fproduct_cat&post=53085"},{"taxonomy":"product_tag","embeddable":true,"href":"https:\/\/www.autonvaraosahaku.fi\/index.php?rest_route=%2Fwp%2Fv2%2Fproduct_tag&post=53085"}],"curies":[{"name":"wp","href":"https:\/\/api.w.org\/{rel}","templated":true}]}}