{"id":53839,"date":"2021-02-21T17:48:12","date_gmt":"2021-02-21T17:48:12","guid":{"rendered":"https:\/\/www.autonvaraosahaku.fi\/?product=gates-th27082g1-termostaatti"},"modified":"2021-02-21T17:48:16","modified_gmt":"2021-02-21T17:48:16","slug":"gates-th27082g1-termostaatti","status":"publish","type":"product","link":"https:\/\/www.autonvaraosahaku.fi\/?product=gates-th27082g1-termostaatti","title":{"rendered":"GATES TH27082G1 Termostaatti"},"content":{"rendered":"<p>Kotelomalli: Ilman koppaa; Avausl\u00e4mp\u00f6tila [\u00b0C]: 82; Valmistusvuoteen: 05\/2010; NISSAN: X-TRAIL T30,NAVARA D40,PATHFINDER R51,NAVARA Pritsche\/Fahrgestell D40,PICK UP D22,NAVARA D22,NAVARA Pritsche\/Fahrgestell D22,PATROL III Y62; KIA: SORENTO I JC,SPORTAGE SL,SPORTAGE JE_, KM_,SORENTO II XM,CARNIVAL \/ GRAND CARNIVAL III VQ,MAGENTIS GD,MAGENTIS MG,OPIRUS GH,SORENTO III,BORREGO; HYUNDAI: ix35 LM, EL, ELH,TUCSON JM,SANTA F\u00c9 I SM,SANTA F\u00c9 II CM,TERRACAN HP,COUPE GK,TRAJET FO,ix55,SANTA F\u00c9 III DM,SONATA IV EF,GRANDEUR TG,XG XG,GRAND SANTA F\u00c9,GALLOPER I,TUCSON,HIGHWAY VAN,TIBURON Coupe; VOLVO: XC90 I,S80 II AS; SAAB: 9-5 Kombi YS3E,9-5 YS3E; INFINITI: FX,M Y51,QX56,Q70 Y51,QX70; OPEL: VECTRA C Caravan,SIGNUM,VECTRA C,VECTRA C GTS; CHRYSLER: STRATUS Cabriolet JX,STRATUS JA,SEBRING Coupe FJ; RENAULT: ESPACE IV JK0\/1_,VEL SATIS BJ0_; MITSUBISHI: OUTLANDER XL II CW_W,OUTLANDER III GG_W, GF_W, ZJ,PAJERO III V7_W, V6_W,PAJERO IV V8_W, V9_W,L 200 K7_T, K6_T,L 200 KB_T, KA_T,PAJERO II V3_W, V2_W, V4_W,PAJERO IV Van V90, V80,PAJERO SPORT K90,GALLOPER JK-01,SIGMA F2_A, F1_A,PAJERO III Gel\u00e4ndewagen offen V6_W, V7_W,GALANT V Stufenheck E5_A, E7_A, E8_A,GALANT V E5_A, E7_A, E8_A,PAJERO II Canvas Top V2_W, V4_W,ECLIPSE IV DK_A,PAJERO SPORT II KH_, KG_,ECLIPSE IV Cabriolet; MD194988, MD194988, 2550035530, 2550035531, 2550035540, 2550037200, 255003A000, 255003B060, 21200AD201, 2550035540, 2550037200, 255003A000, 1305A191, MD174233, MD194988, 21200AD201, 21200BN30A, 6338014, 6338029, 97176464, 97361771, 7701052705, 7701057805, 5952148, 6338014, 6338029, 97176464, 97361771, 30720083; Termostaatti, J\u00e4\u00e4hdytysneste<\/p>\n","protected":false},"excerpt":{"rendered":"<p>GATES Termostaatti TH27082G1 Termostaatti, J\u00e4\u00e4hdytysneste NISSAN,KIA,HYUNDAI,X-TRAIL T30,NAVARA D40,PATHFINDER R51,NAVARA Pritsche\/Fahrgestell D40<\/p>\n","protected":false},"featured_media":0,"template":"","meta":{"site-sidebar-layout":"default","site-content-layout":"default","ast-global-header-display":"","ast-main-header-display":"","ast-hfb-above-header-display":"","ast-hfb-below-header-display":"","ast-hfb-mobile-header-display":"","site-post-title":"","ast-breadcrumbs-content":"","ast-featured-img":"","footer-sml-layout":"","theme-transparent-header-meta":"","adv-header-id-meta":"","stick-header-meta":"","header-above-stick-meta":"","header-main-stick-meta":"","header-below-stick-meta":""},"pwb-brand":[22],"product_cat":[174],"product_tag":[],"class_list":{"0":"post-53839","1":"product","2":"type-product","3":"status-publish","5":"pwb-brand-gates","6":"product_cat-termostaatti","7":"desktop-align-left","8":"tablet-align-left","9":"mobile-align-left","11":"first","12":"instock","13":"product-type-external"},"brands":[{"id":22,"name":"GATES","slug":"gates"}],"_links":{"self":[{"href":"https:\/\/www.autonvaraosahaku.fi\/index.php?rest_route=\/wp\/v2\/product\/53839","targetHints":{"allow":["GET"]}}],"collection":[{"href":"https:\/\/www.autonvaraosahaku.fi\/index.php?rest_route=\/wp\/v2\/product"}],"about":[{"href":"https:\/\/www.autonvaraosahaku.fi\/index.php?rest_route=\/wp\/v2\/types\/product"}],"wp:attachment":[{"href":"https:\/\/www.autonvaraosahaku.fi\/index.php?rest_route=%2Fwp%2Fv2%2Fmedia&parent=53839"}],"wp:term":[{"taxonomy":"pwb-brand","embeddable":true,"href":"https:\/\/www.autonvaraosahaku.fi\/index.php?rest_route=%2Fwp%2Fv2%2Fpwb-brand&post=53839"},{"taxonomy":"product_cat","embeddable":true,"href":"https:\/\/www.autonvaraosahaku.fi\/index.php?rest_route=%2Fwp%2Fv2%2Fproduct_cat&post=53839"},{"taxonomy":"product_tag","embeddable":true,"href":"https:\/\/www.autonvaraosahaku.fi\/index.php?rest_route=%2Fwp%2Fv2%2Fproduct_tag&post=53839"}],"curies":[{"name":"wp","href":"https:\/\/api.w.org\/{rel}","templated":true}]}}