{"id":54517,"date":"2021-02-21T17:51:32","date_gmt":"2021-02-21T17:51:32","guid":{"rendered":"https:\/\/www.autonvaraosahaku.fi\/?product=master-sport-315868-pcs-ms-iskunvaimennin"},"modified":"2021-02-21T17:51:36","modified_gmt":"2021-02-21T17:51:36","slug":"master-sport-315868-pcs-ms-iskunvaimennin","status":"publish","type":"product","link":"https:\/\/www.autonvaraosahaku.fi\/?product=master-sport-315868-pcs-ms-iskunvaimennin","title":{"rendered":"MASTER-SPORT 315868-PCS-MS Iskunvaimennin"},"content":{"rendered":"<p>Iskunvaimennin tyyppi: Kaasupaine; Iskunvaimennusj\u00e4rjestelm\u00e4: Kaksiputki; Iskunvaimennin asennustapa: Tappi ylh\u00e4\u00e4ll\u00e4, Silmukka alhaalla; Lukum\u00e4\u00e4r\u00e4 akselille: 2; Nettopaino [kg]: 1,57; Bruttopaino [kg]: 1,69; Asennuspuoli: Hinterachse; FORD: FIESTA VI,B-MAX JK,FIESTA VI Van; 1721236, 1721237, 1751655, 1751656, 1754841, 1754843, 1765611, 1765612, 1766897, 1766898, 1773542, 1773543, 1776435, 1776436, 1783642, 1783643, 1789513, 1793685, 1798248, 1798249, 1798252, 1812430, 1812431, 1820752, 1820753, 1853308, 1853309, 1853311, 1899012, 1899013, 8V5118080BG, 8V5118080DD, AP3118080AA, AP3118080AB, AP3118080AC, AP3118080AD, AP3118080AE, AP3118080AF, AP3118080BA, AP3118080BB, AP3118080BC, AP3118080BD, AP3118080BE, AP3118080BF, BV2118080AA, BV2118080CA, C1BC18080AA, C1BC18080AB, C1BC18080AC, C1BC18080AD, C1BC18080AE, C1BC18080BA, C1BC18080BB, C1BC18080BC, C1BC18080BD, C1BC18080NA, C1BC18080NB, C1BC18080NC, F7BC18080AD, F7BC18080BD; Iskarit,Iskunvaimennin<\/p>\n","protected":false},"excerpt":{"rendered":"<p>MASTER-SPORT Iskunvaimentimet 315868-PCS-MS Iskarit,Iskunvaimennin FORD,FIESTA VI,B-MAX JK,FIESTA VI Van<\/p>\n","protected":false},"featured_media":0,"template":"","meta":{"site-sidebar-layout":"default","site-content-layout":"default","ast-global-header-display":"","ast-main-header-display":"","ast-hfb-above-header-display":"","ast-hfb-below-header-display":"","ast-hfb-mobile-header-display":"","site-post-title":"","ast-breadcrumbs-content":"","ast-featured-img":"","footer-sml-layout":"","theme-transparent-header-meta":"","adv-header-id-meta":"","stick-header-meta":"","header-above-stick-meta":"","header-main-stick-meta":"","header-below-stick-meta":""},"pwb-brand":[61],"product_cat":[80],"product_tag":[],"class_list":{"0":"post-54517","1":"product","2":"type-product","3":"status-publish","5":"pwb-brand-master-sport","6":"product_cat-iskunvaimennin","7":"desktop-align-left","8":"tablet-align-left","9":"mobile-align-left","11":"first","12":"instock","13":"product-type-external"},"brands":[{"id":61,"name":"MASTER-SPORT","slug":"master-sport"}],"_links":{"self":[{"href":"https:\/\/www.autonvaraosahaku.fi\/index.php?rest_route=\/wp\/v2\/product\/54517","targetHints":{"allow":["GET"]}}],"collection":[{"href":"https:\/\/www.autonvaraosahaku.fi\/index.php?rest_route=\/wp\/v2\/product"}],"about":[{"href":"https:\/\/www.autonvaraosahaku.fi\/index.php?rest_route=\/wp\/v2\/types\/product"}],"wp:attachment":[{"href":"https:\/\/www.autonvaraosahaku.fi\/index.php?rest_route=%2Fwp%2Fv2%2Fmedia&parent=54517"}],"wp:term":[{"taxonomy":"pwb-brand","embeddable":true,"href":"https:\/\/www.autonvaraosahaku.fi\/index.php?rest_route=%2Fwp%2Fv2%2Fpwb-brand&post=54517"},{"taxonomy":"product_cat","embeddable":true,"href":"https:\/\/www.autonvaraosahaku.fi\/index.php?rest_route=%2Fwp%2Fv2%2Fproduct_cat&post=54517"},{"taxonomy":"product_tag","embeddable":true,"href":"https:\/\/www.autonvaraosahaku.fi\/index.php?rest_route=%2Fwp%2Fv2%2Fproduct_tag&post=54517"}],"curies":[{"name":"wp","href":"https:\/\/api.w.org\/{rel}","templated":true}]}}