{"id":54923,"date":"2021-02-21T17:53:36","date_gmt":"2021-02-21T17:53:36","guid":{"rendered":"https:\/\/www.autonvaraosahaku.fi\/?product=jp-group-1552105700-iskunvaimennin"},"modified":"2021-02-21T17:53:37","modified_gmt":"2021-02-21T17:53:37","slug":"jp-group-1552105700-iskunvaimennin","status":"publish","type":"product","link":"https:\/\/www.autonvaraosahaku.fi\/?product=jp-group-1552105700-iskunvaimennin","title":{"rendered":"JP GROUP 1552105700 Iskunvaimennin"},"content":{"rendered":"<p>Asennuspuoli: Taka-akseli; Iskunvaimennin tyyppi: Kaasupaine; Iskunvaimennusj\u00e4rjestelm\u00e4: Kaksiputki; Iskunvaimennin asennustapa: Tappi ylh\u00e4\u00e4ll\u00e4, Silmukka alhaalla; Alustarakenne: f\u00fcr Fahrzeuge mit Standard Fahrwerk; MAZDA: 2 DE; FORD: FIESTA VI,FIESTA VI Van; 1514407, 1527161, 1547176, 1547221, 1555039, 1576245, 1576246, 1682492, 1721234, 1737267, 1737275, 1737276, 1740297, 1740731, 1901216, 8V5118080BC, 8V5118080BD, 8V5118080BE, 8V5118080BF, 8V5118080BH, 8V5118080DA, 8V5118080DB, 8V5118080DC, 8V5118080DE, 8V5118080DF, 8V5118080EA, 8V5118080EB, 8V5118080EC, BE8Z18125A, BE8Z18125B, BV2118080MA, D2BZ18125A, D2BZ18125B, D2BZ18125E, ME8V5J18008AA, BE8Z18125A, BE8Z18125B, D04A2870XE, DF712870XB, DF712870XC, DR612870XD; Iskarit,Iskunvaimennin<\/p>\n","protected":false},"excerpt":{"rendered":"<p>JP GROUP Iskunvaimentimet JP Group 1552105700 Iskarit,Iskunvaimennin MAZDA,FORD,2 DE,FIESTA VI,FIESTA VI Van<\/p>\n","protected":false},"featured_media":0,"template":"","meta":{"site-sidebar-layout":"default","site-content-layout":"default","ast-global-header-display":"","ast-main-header-display":"","ast-hfb-above-header-display":"","ast-hfb-below-header-display":"","ast-hfb-mobile-header-display":"","site-post-title":"","ast-breadcrumbs-content":"","ast-featured-img":"","footer-sml-layout":"","theme-transparent-header-meta":"","adv-header-id-meta":"","stick-header-meta":"","header-above-stick-meta":"","header-main-stick-meta":"","header-below-stick-meta":""},"pwb-brand":[131],"product_cat":[80],"product_tag":[],"class_list":{"0":"post-54923","1":"product","2":"type-product","3":"status-publish","5":"pwb-brand-jp-group","6":"product_cat-iskunvaimennin","7":"desktop-align-left","8":"tablet-align-left","9":"mobile-align-left","11":"first","12":"instock","13":"product-type-external"},"brands":[{"id":131,"name":"JP GROUP","slug":"jp-group"}],"_links":{"self":[{"href":"https:\/\/www.autonvaraosahaku.fi\/index.php?rest_route=\/wp\/v2\/product\/54923","targetHints":{"allow":["GET"]}}],"collection":[{"href":"https:\/\/www.autonvaraosahaku.fi\/index.php?rest_route=\/wp\/v2\/product"}],"about":[{"href":"https:\/\/www.autonvaraosahaku.fi\/index.php?rest_route=\/wp\/v2\/types\/product"}],"wp:attachment":[{"href":"https:\/\/www.autonvaraosahaku.fi\/index.php?rest_route=%2Fwp%2Fv2%2Fmedia&parent=54923"}],"wp:term":[{"taxonomy":"pwb-brand","embeddable":true,"href":"https:\/\/www.autonvaraosahaku.fi\/index.php?rest_route=%2Fwp%2Fv2%2Fpwb-brand&post=54923"},{"taxonomy":"product_cat","embeddable":true,"href":"https:\/\/www.autonvaraosahaku.fi\/index.php?rest_route=%2Fwp%2Fv2%2Fproduct_cat&post=54923"},{"taxonomy":"product_tag","embeddable":true,"href":"https:\/\/www.autonvaraosahaku.fi\/index.php?rest_route=%2Fwp%2Fv2%2Fproduct_tag&post=54923"}],"curies":[{"name":"wp","href":"https:\/\/api.w.org\/{rel}","templated":true}]}}