{"id":54988,"date":"2021-02-21T17:53:54","date_gmt":"2021-02-21T17:53:54","guid":{"rendered":"https:\/\/www.autonvaraosahaku.fi\/?product=eni-4001017-moottorioljy"},"modified":"2021-02-21T17:53:55","modified_gmt":"2021-02-21T17:53:55","slug":"eni-4001017-moottorioljy","status":"publish","type":"product","link":"https:\/\/www.autonvaraosahaku.fi\/?product=eni-4001017-moottorioljy","title":{"rendered":"ENI 4001017 Moottori\u00f6ljy"},"content":{"rendered":"<p>Pakkaustyyppi: Kanisteri; Tilavuus (litra): 4; Viskositeettiluokka SAE: 5W-30; Erittely: ACEA C2, ACEA A5, ACEA B5, API SN; Valmistajan hyv\u00e4ksym\u00e4: Fiat 9.55535-S1; \u00d6ljy: Synteettinen \u00f6ljy; Tuotelinja: I-SINT; Versio: FE; API-m\u00e4\u00e4rittely: SD, SF; JEEP: CHEROKEE KL; LANCIA: DELTA III 844,VOYAGER Gro\u00dfraumlimousine RT,PHEDRA 179,THEMA LX,YPSILON 312, 846,FLAVIA Cabriolet JS; FIAT: GRANDE PUNTO 199,DUCATO Kasten 250,500 312,BRAVO II 198,DUCATO Pritsche\/Fahrgestell 250,FREEMONT JF_,DUCATO Bus 250,DOBLO Cargo 223,500 C 312,DOBLO Kasten\/Kombi 263,PUNTO 199,ULYSSE 179AX,IDEA,PANDA 312,SEDICI,STRADA Pick-up 178E,MULTIPLA 186,QUBO 225,DOBLO Gro\u00dfraumlimousine 152, 263,FIORINO Kasten\/Kombi 225,DOBLO Pritsche\/Fahrgestell 263,STRADA Pick-up 578_,PANDA VAN 312; ALFA ROMEO: 159 Sportwagon 939,GIULIETTA 940,MITO 955,159 939,BRERA,SPIDER 939<\/p>\n","protected":false},"excerpt":{"rendered":"<p>ENI Moottori\u00f6ljy 4001017<\/p>\n","protected":false},"featured_media":0,"template":"","meta":{"site-sidebar-layout":"default","site-content-layout":"default","ast-global-header-display":"","ast-main-header-display":"","ast-hfb-above-header-display":"","ast-hfb-below-header-display":"","ast-hfb-mobile-header-display":"","site-post-title":"","ast-breadcrumbs-content":"","ast-featured-img":"","footer-sml-layout":"","theme-transparent-header-meta":"","adv-header-id-meta":"","stick-header-meta":"","header-above-stick-meta":"","header-main-stick-meta":"","header-below-stick-meta":""},"pwb-brand":[379],"product_cat":[129],"product_tag":[],"class_list":{"0":"post-54988","1":"product","2":"type-product","3":"status-publish","5":"pwb-brand-eni","6":"product_cat-moottorioljy","7":"desktop-align-left","8":"tablet-align-left","9":"mobile-align-left","11":"first","12":"instock","13":"product-type-external"},"brands":[{"id":379,"name":"ENI","slug":"eni"}],"_links":{"self":[{"href":"https:\/\/www.autonvaraosahaku.fi\/index.php?rest_route=\/wp\/v2\/product\/54988","targetHints":{"allow":["GET"]}}],"collection":[{"href":"https:\/\/www.autonvaraosahaku.fi\/index.php?rest_route=\/wp\/v2\/product"}],"about":[{"href":"https:\/\/www.autonvaraosahaku.fi\/index.php?rest_route=\/wp\/v2\/types\/product"}],"wp:attachment":[{"href":"https:\/\/www.autonvaraosahaku.fi\/index.php?rest_route=%2Fwp%2Fv2%2Fmedia&parent=54988"}],"wp:term":[{"taxonomy":"pwb-brand","embeddable":true,"href":"https:\/\/www.autonvaraosahaku.fi\/index.php?rest_route=%2Fwp%2Fv2%2Fpwb-brand&post=54988"},{"taxonomy":"product_cat","embeddable":true,"href":"https:\/\/www.autonvaraosahaku.fi\/index.php?rest_route=%2Fwp%2Fv2%2Fproduct_cat&post=54988"},{"taxonomy":"product_tag","embeddable":true,"href":"https:\/\/www.autonvaraosahaku.fi\/index.php?rest_route=%2Fwp%2Fv2%2Fproduct_tag&post=54988"}],"curies":[{"name":"wp","href":"https:\/\/api.w.org\/{rel}","templated":true}]}}