{"id":55078,"date":"2021-02-21T17:54:19","date_gmt":"2021-02-21T17:54:19","guid":{"rendered":"https:\/\/www.autonvaraosahaku.fi\/?product=hella-8eh-188-705-021-sytytystulpat"},"modified":"2021-02-21T17:54:23","modified_gmt":"2021-02-21T17:54:23","slug":"hella-8eh-188-705-021-sytytystulpat","status":"publish","type":"product","link":"https:\/\/www.autonvaraosahaku.fi\/?product=hella-8eh-188-705-021-sytytystulpat","title":{"rendered":"HELLA 8EH 188 705-021 Sytytystulpat"},"content":{"rendered":"<p>Kiristysmomentti > [Nm]: 10; Kiristysmomentti enint\u00e4\u00e4n [Nm]: 20; Ulkokierre [mm]: 14; K\u00e4rkiv\u00e4li (mm): 1,1; Kierteen pituus (mm): 19; Kierremitta: M14 x 1.25; Kierrenousu (mm): 1,25; Avainv\u00e4li: 16; Valmistusvuoteen: 04\/2010; MAZDA: MX-5 II NB,MX-5 I NA,DEMIO DW,323 P V BA,626 IV Hatchback GE,MX-3 EC,FAMILIA VI BJ,XEDOS 6 CA,323 C IV BG,FAMILIA IV BF,XEDOS 9 TA,626 IV GE,FAMILIA V BA,FAMILIA V BG8,323 III Hatchback BF,121 II DB,MX-6 GE,626 III GD,FAMILIA IV BG,626 III Hatchback GD,626 III Coupe GD,E-SERIE Kasten SR2,626 III Station Wagon GV,323 III BF,MPV I LV; CHEVROLET: NUBIRA Kombi,KALOS,EPICA KL1_,LACETTI J200,REZZO,NUBIRA Stufenheck,CRUZE; DAEWOO: KALOS KLAS,REZZO KLAU,LANOS KLAT,LACETTI Schr\u00e4gheck KLAN,NUBIRA Stufenheck KLAN,KALOS Stufenheck KLAS,NUBIRA Wagon KLAN,NUBIRA Wagon KLAJ,LANOS Stufenheck KLAT,NEXIA KLETN,NUBIRA Stufenheck KLAJ,ESPERO KLEJ,NUBIRA KLAJ,NEXIA Stufenheck KLETN,CIELO Stufenheck,NEXIA Stufenheck; LADA: KALINA Kombi 1117,KALINA Schr\u00e4gheck 1119,KALINA Stufenheck 1118,PRIORA Schr\u00e4gheck 2172; NISSAN: ALMERA TINO V10,PRIMERA P11,PRIMERA Traveller WP11,PRIMERA Hatchback P11,ALMERA I Hatchback N15,200 SX S13,MAXIMA QX A33,MAXIMA QX A32,300 ZX Z31,SUNNY II Coupe B12,SKYLINE Coupe R34,SUNNY II Hatchback N13,BLUEBIRD T72 , T12,SKYLINE Coupe R32,BLUEBIRD Hatchback T72, T12,180 SX Coupe S13,MAXIMA II J30,SUNNY II N13,ALMERA Classic B10,BLUEBIRD Station Wagon WU11,PRAIRIE PRO M11,BLUEBIRD U11,SUNNY II Traveller B12,MAXIMA Station Wagon; KIA: CARENS II FJ,CARNIVAL II GQ,RIO Kombi DC,SPORTAGE K00,RETONA CE,SHUMA FB,CLARUS K9A,CARNIVAL I UP,CLARUS Kombi GC,SEPHIA FB; LEXUS: RX MHU3_, GSU3_, MCU3_,IS I JCE1_, GXE1_,GS GRS19_, UZS19_, GWS19_,GS UZS161, JZS160,IS SportCross,RX MCU15,SC UZZ40_,LS UCF30,LX UZJ100,GX _J12_,ES MCV_, VZV_; FORD USA: PROBE II ECP; HONDA: JAZZ II GD,CIVIC VI Hatchback EJ, EK,CIVIC VI Fastback MA, MB,CRX III EH, EG,CRX II ED, EE,CIVIC V Hatchback EG,JAZZ Stufenheck,S2000 AP,CIVIC IV Hatchback EC, ED, EE,CIVIC VI Stufenheck EJ, EK,CIVIC VI Coupe EJ, EM1,INTEGRA Coupe DC2, DC4,CIVIC V Coupe EJ,PRELUDE III BA,CIVIC V Stufenheck EG, EH,LEGEND III KA9,CONCERTO HW,CIVIC IV Stufenheck ED,ACCORD III CA,LEGEND II Coupe KA8,NSX Coupe NA,CONCERTO Stufenheck HWW,LEGEND II KA7,CIVIC II Shuttle EE,NSX Cabriolet NA,CITY Stufenheck GD8\/GD9,LEGEND I HS, KA,INTEGRA DA; LAND ROVER: FREELANDER LN,FREELANDER Soft Top,RANGE ROVER II LP; 980795614H, 980795615H, 224011P116, 224011P176, 224011P176VA, 224011P176WS, 9009870060, 1N0918110, MD313443, SMD313443, 224011P116, 224011P176, 224011P176VA, 224011P176WS, 22401AA376, 22401AA520, 9009870060; Tulpat,Sytytystulppa<\/p>\n","protected":false},"excerpt":{"rendered":"<p>HELLA Sytytystulpat Platinum 8EH 188 705-021 Tulpat,Sytytystulppa MAZDA,CHEVROLET,DAEWOO,MX-5 II NB,MX-5 I NA,DEMIO DW,323 P V BA,626 IV Hatchback GE<\/p>\n","protected":false},"featured_media":0,"template":"","meta":{"site-sidebar-layout":"default","site-content-layout":"default","ast-global-header-display":"","ast-main-header-display":"","ast-hfb-above-header-display":"","ast-hfb-below-header-display":"","ast-hfb-mobile-header-display":"","site-post-title":"","ast-breadcrumbs-content":"","ast-featured-img":"","footer-sml-layout":"","theme-transparent-header-meta":"","adv-header-id-meta":"","stick-header-meta":"","header-above-stick-meta":"","header-main-stick-meta":"","header-below-stick-meta":""},"pwb-brand":[24],"product_cat":[165],"product_tag":[],"class_list":{"0":"post-55078","1":"product","2":"type-product","3":"status-publish","5":"pwb-brand-hella","6":"product_cat-sytytystulpat","7":"desktop-align-left","8":"tablet-align-left","9":"mobile-align-left","11":"first","12":"instock","13":"product-type-external"},"brands":[{"id":24,"name":"HELLA","slug":"hella"}],"_links":{"self":[{"href":"https:\/\/www.autonvaraosahaku.fi\/index.php?rest_route=\/wp\/v2\/product\/55078","targetHints":{"allow":["GET"]}}],"collection":[{"href":"https:\/\/www.autonvaraosahaku.fi\/index.php?rest_route=\/wp\/v2\/product"}],"about":[{"href":"https:\/\/www.autonvaraosahaku.fi\/index.php?rest_route=\/wp\/v2\/types\/product"}],"wp:attachment":[{"href":"https:\/\/www.autonvaraosahaku.fi\/index.php?rest_route=%2Fwp%2Fv2%2Fmedia&parent=55078"}],"wp:term":[{"taxonomy":"pwb-brand","embeddable":true,"href":"https:\/\/www.autonvaraosahaku.fi\/index.php?rest_route=%2Fwp%2Fv2%2Fpwb-brand&post=55078"},{"taxonomy":"product_cat","embeddable":true,"href":"https:\/\/www.autonvaraosahaku.fi\/index.php?rest_route=%2Fwp%2Fv2%2Fproduct_cat&post=55078"},{"taxonomy":"product_tag","embeddable":true,"href":"https:\/\/www.autonvaraosahaku.fi\/index.php?rest_route=%2Fwp%2Fv2%2Fproduct_tag&post=55078"}],"curies":[{"name":"wp","href":"https:\/\/api.w.org\/{rel}","templated":true}]}}