{"id":55102,"date":"2021-02-21T17:54:30","date_gmt":"2021-02-21T17:54:30","guid":{"rendered":"https:\/\/www.autonvaraosahaku.fi\/?product=skf-vkm-65011-kiristysrulla"},"modified":"2021-02-21T17:54:30","modified_gmt":"2021-02-21T17:54:30","slug":"skf-vkm-65011-kiristysrulla","status":"publish","type":"product","link":"https:\/\/www.autonvaraosahaku.fi\/?product=skf-vkm-65011-kiristysrulla","title":{"rendered":"SKF VKM 65011 Kiristysrulla"},"content":{"rendered":"<p>L\u00e4pimitta [mm]: 78; Leveys (mm): 20; Kiristysrullan toiminta: K\u00e4sik\u00e4ytt\u00f6inen; Valmistusvuosi alkaen: 03\/1998; HYUNDAI: i30 FD,GETZ TB,TUCSON JM,i30 CW FD,MATRIX FC,COUPE GK,TRAJET FO,ACCENT II LC,COUPE RD,ACCENT III MC,ELANTRA XD,ACCENT III Stufenheck MC,ELANTRA Stufenheck XD,ACCENT I X-3,ACCENT II Stufenheck LC,LANTRA II Wagon J-2,LANTRA II J-2,ACCENT Stufenheck X-3,ELANTRA Stufenheck HD; KIA: CEE&#8217;D SW ED,CEE&#8217;D Schr\u00e4gheck ED,SPORTAGE JE_, KM_,CARENS II FJ,RIO II JB,CARNIVAL \/ GRAND CARNIVAL III VQ,PRO CEE&#8217;D ED,CERATO LD,CERATO Stufenheck LD,RIO II Stufenheck JB; 9783422100, 9783429000, 9783429010, 978342D520, 9783429010, 9783429700, 978342D520; Kiristysrulla, Moniurahihna<\/p>\n","protected":false},"excerpt":{"rendered":"<p>SKF Kiristysrulla VKM 65011 Kiristysrulla, Moniurahihna HYUNDAI,KIA,i30 FD,GETZ TB,TUCSON JM,i30 CW FD,MATRIX FC,COUPE GK,TRAJET FO,ACCENT II LC<\/p>\n","protected":false},"featured_media":0,"template":"","meta":{"site-sidebar-layout":"default","site-content-layout":"default","ast-global-header-display":"","ast-main-header-display":"","ast-hfb-above-header-display":"","ast-hfb-below-header-display":"","ast-hfb-mobile-header-display":"","site-post-title":"","ast-breadcrumbs-content":"","ast-featured-img":"","footer-sml-layout":"","theme-transparent-header-meta":"","adv-header-id-meta":"","stick-header-meta":"","header-above-stick-meta":"","header-main-stick-meta":"","header-below-stick-meta":""},"pwb-brand":[237],"product_cat":[282],"product_tag":[],"class_list":{"0":"post-55102","1":"product","2":"type-product","3":"status-publish","5":"pwb-brand-skf","6":"product_cat-kiristysrulla","7":"desktop-align-left","8":"tablet-align-left","9":"mobile-align-left","11":"first","12":"instock","13":"product-type-external"},"brands":[{"id":237,"name":"SKF","slug":"skf"}],"_links":{"self":[{"href":"https:\/\/www.autonvaraosahaku.fi\/index.php?rest_route=\/wp\/v2\/product\/55102","targetHints":{"allow":["GET"]}}],"collection":[{"href":"https:\/\/www.autonvaraosahaku.fi\/index.php?rest_route=\/wp\/v2\/product"}],"about":[{"href":"https:\/\/www.autonvaraosahaku.fi\/index.php?rest_route=\/wp\/v2\/types\/product"}],"wp:attachment":[{"href":"https:\/\/www.autonvaraosahaku.fi\/index.php?rest_route=%2Fwp%2Fv2%2Fmedia&parent=55102"}],"wp:term":[{"taxonomy":"pwb-brand","embeddable":true,"href":"https:\/\/www.autonvaraosahaku.fi\/index.php?rest_route=%2Fwp%2Fv2%2Fpwb-brand&post=55102"},{"taxonomy":"product_cat","embeddable":true,"href":"https:\/\/www.autonvaraosahaku.fi\/index.php?rest_route=%2Fwp%2Fv2%2Fproduct_cat&post=55102"},{"taxonomy":"product_tag","embeddable":true,"href":"https:\/\/www.autonvaraosahaku.fi\/index.php?rest_route=%2Fwp%2Fv2%2Fproduct_tag&post=55102"}],"curies":[{"name":"wp","href":"https:\/\/api.w.org\/{rel}","templated":true}]}}