{"id":55248,"date":"2021-02-21T17:55:11","date_gmt":"2021-02-21T17:55:11","guid":{"rendered":"https:\/\/www.autonvaraosahaku.fi\/?product=valeo-200036-laturi"},"modified":"2021-02-21T17:55:12","modified_gmt":"2021-02-21T17:55:12","slug":"valeo-200036-laturi","status":"publish","type":"product","link":"https:\/\/www.autonvaraosahaku.fi\/?product=valeo-200036-laturi","title":{"rendered":"VALEO 200036 Laturi"},"content":{"rendered":"<p>Vaihto-osa: ; J\u00e4nnite (V): 14; Laturi varausvirta (A): 170; Kiinnitysmalli: Kaksoissaranoitu; Asento \/ aste: L 95; Py\u00f6rimissuunta: Py\u00f6rimissuunta my\u00f6t\u00e4p\u00e4iv\u00e4\u00e4n; Hihnapy\u00f6r\u00e4t: Moniurahihnapy\u00f6r\u00e4ll\u00e4; kiiloja: 6; Hihnapy\u00f6r\u00e4-\u00d8[mm]: 53,8; Paino [kg]: 8,072; Valmistusvuosi alkaen: 03\/2005; BMW: 5 E60,5 Touring E61,7 E65, E66, E67,6 E63,6 Cabriolet E64; 12317788821, 12317789981, 12317789984, 12317792072, 12317797521, 12317797522, 12317799204, 12317802929, 12318517261, 12317799204, 12317802929, 12318517261; Generaattori<\/p>\n","protected":false},"excerpt":{"rendered":"<p>VALEO Laturi VALEO CORE-FLEX 200036 Generaattori BMW,5 E60,5 Touring E61,7 E65, E66, E67,6 E63,6 Cabriolet E64<\/p>\n","protected":false},"featured_media":0,"template":"","meta":{"site-sidebar-layout":"default","site-content-layout":"default","ast-global-header-display":"","ast-main-header-display":"","ast-hfb-above-header-display":"","ast-hfb-below-header-display":"","ast-hfb-mobile-header-display":"","site-post-title":"","ast-breadcrumbs-content":"","ast-featured-img":"","footer-sml-layout":"","theme-transparent-header-meta":"","adv-header-id-meta":"","stick-header-meta":"","header-above-stick-meta":"","header-main-stick-meta":"","header-below-stick-meta":""},"pwb-brand":[28],"product_cat":[357],"product_tag":[],"class_list":{"0":"post-55248","1":"product","2":"type-product","3":"status-publish","5":"pwb-brand-valeo","6":"product_cat-laturi","7":"desktop-align-left","8":"tablet-align-left","9":"mobile-align-left","11":"first","12":"instock","13":"product-type-external"},"brands":[{"id":28,"name":"VALEO","slug":"valeo"}],"_links":{"self":[{"href":"https:\/\/www.autonvaraosahaku.fi\/index.php?rest_route=\/wp\/v2\/product\/55248","targetHints":{"allow":["GET"]}}],"collection":[{"href":"https:\/\/www.autonvaraosahaku.fi\/index.php?rest_route=\/wp\/v2\/product"}],"about":[{"href":"https:\/\/www.autonvaraosahaku.fi\/index.php?rest_route=\/wp\/v2\/types\/product"}],"wp:attachment":[{"href":"https:\/\/www.autonvaraosahaku.fi\/index.php?rest_route=%2Fwp%2Fv2%2Fmedia&parent=55248"}],"wp:term":[{"taxonomy":"pwb-brand","embeddable":true,"href":"https:\/\/www.autonvaraosahaku.fi\/index.php?rest_route=%2Fwp%2Fv2%2Fpwb-brand&post=55248"},{"taxonomy":"product_cat","embeddable":true,"href":"https:\/\/www.autonvaraosahaku.fi\/index.php?rest_route=%2Fwp%2Fv2%2Fproduct_cat&post=55248"},{"taxonomy":"product_tag","embeddable":true,"href":"https:\/\/www.autonvaraosahaku.fi\/index.php?rest_route=%2Fwp%2Fv2%2Fproduct_tag&post=55248"}],"curies":[{"name":"wp","href":"https:\/\/api.w.org\/{rel}","templated":true}]}}