{"id":55268,"date":"2021-02-21T17:55:17","date_gmt":"2021-02-21T17:55:17","guid":{"rendered":"https:\/\/www.autonvaraosahaku.fi\/?product=mannol-mn8107-20-vaihteistooljy"},"modified":"2021-02-21T17:55:18","modified_gmt":"2021-02-21T17:55:18","slug":"mannol-mn8107-20-vaihteistooljy","status":"publish","type":"product","link":"https:\/\/www.autonvaraosahaku.fi\/?product=mannol-mn8107-20-vaihteistooljy","title":{"rendered":"MANNOL MN8107-20 Vaihteisto\u00f6ljy"},"content":{"rendered":"<p>Tuotelinja: Universal GL-4; Erittely: API GL 4; Valmistajan hyv\u00e4ksym\u00e4: MIL-L 2105; Viskositeettiluokka SAE: 80W-90; Vaihteistomalli: K\u00e4sivaihteisto; Tilavuus (litra): 20; Pakkaustyyppi: Kanisteri; VOLVO: F10,F12,F16,FH,FH II,FH12,FH16,FH16 II,FL10,FL12,FL6,FL7,FM,FM12,FM7,FM9,FMX,FMX II; RENAULT TRUCKS: C,G,KERAX,MAGNUM,MAJOR,MIDLINER,MIDLUM,PREMIUM; DAF: 55,85,85 CF,95,CF 65,F 1000,F 1100,F 1300,F 1500,F 1700,F 1900,F 2100,F 2300,F 2500,F 2700,F 2800,F 2900,F 3200,F 3300,F 3600,F 800,F 900,LF 55; Vaihdelaatikon \u00d6ljy<\/p>\n","protected":false},"excerpt":{"rendered":"<p>MANNOL Vaihteisto\u00f6ljy MN8107-20 Vaihdelaatikon \u00d6ljy VOLVO,RENAULT TRUCKS,DAF,F10,F12,F16,FH,FH II,FH12,FH16,FH16 II,FL10,FL12,FL6,FL7,FM,FM12,FM7,FM9<\/p>\n","protected":false},"featured_media":0,"template":"","meta":{"site-sidebar-layout":"default","site-content-layout":"default","ast-global-header-display":"","ast-main-header-display":"","ast-hfb-above-header-display":"","ast-hfb-below-header-display":"","ast-hfb-mobile-header-display":"","site-post-title":"","ast-breadcrumbs-content":"","ast-featured-img":"","footer-sml-layout":"","theme-transparent-header-meta":"","adv-header-id-meta":"","stick-header-meta":"","header-above-stick-meta":"","header-main-stick-meta":"","header-below-stick-meta":""},"pwb-brand":[167],"product_cat":[58],"product_tag":[],"class_list":{"0":"post-55268","1":"product","2":"type-product","3":"status-publish","5":"pwb-brand-mannol","6":"product_cat-vaihteistooljy","7":"desktop-align-left","8":"tablet-align-left","9":"mobile-align-left","11":"first","12":"instock","13":"product-type-external"},"brands":[{"id":167,"name":"MANNOL","slug":"mannol"}],"_links":{"self":[{"href":"https:\/\/www.autonvaraosahaku.fi\/index.php?rest_route=\/wp\/v2\/product\/55268","targetHints":{"allow":["GET"]}}],"collection":[{"href":"https:\/\/www.autonvaraosahaku.fi\/index.php?rest_route=\/wp\/v2\/product"}],"about":[{"href":"https:\/\/www.autonvaraosahaku.fi\/index.php?rest_route=\/wp\/v2\/types\/product"}],"wp:attachment":[{"href":"https:\/\/www.autonvaraosahaku.fi\/index.php?rest_route=%2Fwp%2Fv2%2Fmedia&parent=55268"}],"wp:term":[{"taxonomy":"pwb-brand","embeddable":true,"href":"https:\/\/www.autonvaraosahaku.fi\/index.php?rest_route=%2Fwp%2Fv2%2Fpwb-brand&post=55268"},{"taxonomy":"product_cat","embeddable":true,"href":"https:\/\/www.autonvaraosahaku.fi\/index.php?rest_route=%2Fwp%2Fv2%2Fproduct_cat&post=55268"},{"taxonomy":"product_tag","embeddable":true,"href":"https:\/\/www.autonvaraosahaku.fi\/index.php?rest_route=%2Fwp%2Fv2%2Fproduct_tag&post=55268"}],"curies":[{"name":"wp","href":"https:\/\/api.w.org\/{rel}","templated":true}]}}