{"id":55616,"date":"2021-02-21T17:56:57","date_gmt":"2021-02-21T17:56:57","guid":{"rendered":"https:\/\/www.autonvaraosahaku.fi\/?product=maxgear-69-0857-raidetanko"},"modified":"2021-02-21T17:57:01","modified_gmt":"2021-02-21T17:57:01","slug":"maxgear-69-0857-raidetanko","status":"publish","type":"product","link":"https:\/\/www.autonvaraosahaku.fi\/?product=maxgear-69-0857-raidetanko","title":{"rendered":"MAXGEAR 69-0857 Raidetanko"},"content":{"rendered":"<p>Asennuspuoli: Etuakseli, Oikea, Vorderachse rechts; ohjausvaihdetunnukselle: TRW; K\u00e4ytt\u00f6: S\u00e4hk\u00f6-hydraulinen; Lis\u00e4tarvike\/lis\u00e4tieto: Tarvikkeilla; Sis\u00e4kierre (mm): M16x1,5; Ulkokierre [mm]: M10x1,25; VW: POLO 9N_,FOX 5Z1, 5Z3; SKODA: FABIA Combi 6Y5,FABIA,FABIA 6Y2,ROOMSTER 5J,FABIA Stufenheck 6Y3,ROOMSTER Praktik 5J; SEAT: IBIZA IV 6L1,CORDOBA 6L2; 381772, 6Q0423804E, 6Q0423804P, 6Q0423804E, 6Q0423804P, 6Q0423804E, 6Q0423804P<\/p>\n","protected":false},"excerpt":{"rendered":"<p>MAXGEAR Raidetanko 69-0857  VW,SKODA,SEAT,POLO 9N_,FOX 5Z1, 5Z3,FABIA Combi 6Y5,FABIA,FABIA 6Y2,ROOMSTER 5J,FABIA Stufenheck 6Y3,ROOMSTER Praktik 5J<\/p>\n","protected":false},"featured_media":0,"template":"","meta":{"site-sidebar-layout":"default","site-content-layout":"default","ast-global-header-display":"","ast-main-header-display":"","ast-hfb-above-header-display":"","ast-hfb-below-header-display":"","ast-hfb-mobile-header-display":"","site-post-title":"","ast-breadcrumbs-content":"","ast-featured-img":"","footer-sml-layout":"","theme-transparent-header-meta":"","adv-header-id-meta":"","stick-header-meta":"","header-above-stick-meta":"","header-main-stick-meta":"","header-below-stick-meta":""},"pwb-brand":[48],"product_cat":[258],"product_tag":[],"class_list":{"0":"post-55616","1":"product","2":"type-product","3":"status-publish","5":"pwb-brand-maxgear","6":"product_cat-raidetanko","7":"desktop-align-left","8":"tablet-align-left","9":"mobile-align-left","11":"first","12":"instock","13":"product-type-external"},"brands":[{"id":48,"name":"MAXGEAR","slug":"maxgear"}],"_links":{"self":[{"href":"https:\/\/www.autonvaraosahaku.fi\/index.php?rest_route=\/wp\/v2\/product\/55616","targetHints":{"allow":["GET"]}}],"collection":[{"href":"https:\/\/www.autonvaraosahaku.fi\/index.php?rest_route=\/wp\/v2\/product"}],"about":[{"href":"https:\/\/www.autonvaraosahaku.fi\/index.php?rest_route=\/wp\/v2\/types\/product"}],"wp:attachment":[{"href":"https:\/\/www.autonvaraosahaku.fi\/index.php?rest_route=%2Fwp%2Fv2%2Fmedia&parent=55616"}],"wp:term":[{"taxonomy":"pwb-brand","embeddable":true,"href":"https:\/\/www.autonvaraosahaku.fi\/index.php?rest_route=%2Fwp%2Fv2%2Fpwb-brand&post=55616"},{"taxonomy":"product_cat","embeddable":true,"href":"https:\/\/www.autonvaraosahaku.fi\/index.php?rest_route=%2Fwp%2Fv2%2Fproduct_cat&post=55616"},{"taxonomy":"product_tag","embeddable":true,"href":"https:\/\/www.autonvaraosahaku.fi\/index.php?rest_route=%2Fwp%2Fv2%2Fproduct_tag&post=55616"}],"curies":[{"name":"wp","href":"https:\/\/api.w.org\/{rel}","templated":true}]}}