{"id":55922,"date":"2021-02-21T17:58:33","date_gmt":"2021-02-21T17:58:33","guid":{"rendered":"https:\/\/www.autonvaraosahaku.fi\/?product=gates-vfii212-jaahdyttimen-letku"},"modified":"2021-02-21T17:58:33","modified_gmt":"2021-02-21T17:58:33","slug":"gates-vfii212-jaahdyttimen-letku","status":"publish","type":"product","link":"https:\/\/www.autonvaraosahaku.fi\/?product=gates-vfii212-jaahdyttimen-letku","title":{"rendered":"GATES VFII212 J\u00e4\u00e4hdyttimen letku"},"content":{"rendered":"<p>Letkupituus [mm]: 275; Sis\u00e4l\u00e4pimitta 1 [mm]: 32; Sis\u00e4l\u00e4pimitta 2 [mm]: 32; lis\u00e4tieto: Coolrunner\u2122; Asennuspuoli: unten; VW: GOLF I Cabriolet 155,SCIROCCO 53B,GOLF I 17,CADDY I 14,JETTA II 19E, 1G2, 165,SCIROCCO 53,JETTA I 16; AUDI: 100 44, 44Q, C3,100 Avant 44, 44Q, C3,200 44, 44Q,100 C1,200 Avant 44, 44Q,100 Coupe C1,100 43, C2,200 43,100 Avant 43, C2; MAZDA: 929 II Coupe HB,323 I FA,929 II HB,626 I CB,929 I LA,323 I Station Wagon FA,E-SERIE Kasten; BMW: 3 E21; LADA: NIVA 2121,1200-1600,1200-1500 Kombi,NOVA 2105,NOVA Kombi 2104; NISSAN: LAUREL JC31,LAUREL HLC230; DAIHATSU: CHARADE IV G200, G202,CHARADE IV Stufenheck G203; SAAB: 99,99 Combi Coupe; OPEL: ASTRA F CC 53_, 54_, 58_, 59_,ASTRA F Caravan 51_, 52_,ASTRA F 56_, 57_,KADETT E CC 33_, 34_, 43_, 44_,KADETT E Cabriolet 43B_,ASCONA C 81_, 86_, 87_, 88_,KADETT D 31_-34_, 41_-44_,KADETT E 39_, 49_,ASCONA C CC 84_, 89_,KADETT E Caravan 35_, 36_, 45_, 46_,ASTRA F Van 55_,KADETT D 32_,37_,39, _42,KADETT D Caravan 35_, 36_, 45_, 46_,KADETT E Kasten 37_, 47_,KADETT E Combo 38_, 48_; LANCIA: Y10 156; 101120790800, 101123190800, 105003180100, 035121055, 059121061A, 443121055D, 31G5389, GRH500, 4183308, 4200970, 4203921, 4208983, 11531260206, 11531266463, 4363966, 1535042, 70EG8260AA, 71BB8260CA, 71BB8260CC, 72EB8260CA, 037015186, 139315185, 31G5389, GRH500, 31G5389, GRH500, 21501U0100, 21501U0105, 21501U0106, 21501U6700, 21501U7400, 1336250, 1336251, 1337250, 1337390, 90091138, 90467768, 90570065, 135060, 7700517359, 7700537799, 7704002479, 31G5389, GRH500, 8382871, 8383028, 1657102070, 1657116210, 1657133011, 9091601049, 9091601062, 9091601095, 9091601101, 9091601152, 9091601169, 31G5389, GRH500, 1336250, 1337250, 1337390, 90091138, 90467768, 90570065, 171121101AH, 171121101B, 171121101E<\/p>\n","protected":false},"excerpt":{"rendered":"<p>GATES J\u00e4\u00e4hdyttimen Letku VFII212  VW,AUDI,MAZDA,GOLF I Cabriolet 155,SCIROCCO 53B,GOLF I 17,CADDY I 14,JETTA II 19E, 1G2, 165,SCIROCCO 53,JETTA I 16<\/p>\n","protected":false},"featured_media":0,"template":"","meta":{"site-sidebar-layout":"default","site-content-layout":"default","ast-global-header-display":"","ast-main-header-display":"","ast-hfb-above-header-display":"","ast-hfb-below-header-display":"","ast-hfb-mobile-header-display":"","site-post-title":"","ast-breadcrumbs-content":"","ast-featured-img":"","footer-sml-layout":"","theme-transparent-header-meta":"","adv-header-id-meta":"","stick-header-meta":"","header-above-stick-meta":"","header-main-stick-meta":"","header-below-stick-meta":""},"pwb-brand":[22],"product_cat":[206],"product_tag":[],"class_list":{"0":"post-55922","1":"product","2":"type-product","3":"status-publish","5":"pwb-brand-gates","6":"product_cat-jaahdyttimen-letku","7":"desktop-align-left","8":"tablet-align-left","9":"mobile-align-left","11":"first","12":"instock","13":"product-type-external"},"brands":[{"id":22,"name":"GATES","slug":"gates"}],"_links":{"self":[{"href":"https:\/\/www.autonvaraosahaku.fi\/index.php?rest_route=\/wp\/v2\/product\/55922","targetHints":{"allow":["GET"]}}],"collection":[{"href":"https:\/\/www.autonvaraosahaku.fi\/index.php?rest_route=\/wp\/v2\/product"}],"about":[{"href":"https:\/\/www.autonvaraosahaku.fi\/index.php?rest_route=\/wp\/v2\/types\/product"}],"wp:attachment":[{"href":"https:\/\/www.autonvaraosahaku.fi\/index.php?rest_route=%2Fwp%2Fv2%2Fmedia&parent=55922"}],"wp:term":[{"taxonomy":"pwb-brand","embeddable":true,"href":"https:\/\/www.autonvaraosahaku.fi\/index.php?rest_route=%2Fwp%2Fv2%2Fpwb-brand&post=55922"},{"taxonomy":"product_cat","embeddable":true,"href":"https:\/\/www.autonvaraosahaku.fi\/index.php?rest_route=%2Fwp%2Fv2%2Fproduct_cat&post=55922"},{"taxonomy":"product_tag","embeddable":true,"href":"https:\/\/www.autonvaraosahaku.fi\/index.php?rest_route=%2Fwp%2Fv2%2Fproduct_tag&post=55922"}],"curies":[{"name":"wp","href":"https:\/\/api.w.org\/{rel}","templated":true}]}}