{"id":55973,"date":"2021-02-21T17:58:45","date_gmt":"2021-02-21T17:58:45","guid":{"rendered":"https:\/\/www.autonvaraosahaku.fi\/?product=master-sport-36853-kit-ms-alatukivarsi"},"modified":"2021-02-21T17:58:48","modified_gmt":"2021-02-21T17:58:48","slug":"master-sport-36853-kit-ms-alatukivarsi","status":"publish","type":"product","link":"https:\/\/www.autonvaraosahaku.fi\/?product=master-sport-36853-kit-ms-alatukivarsi","title":{"rendered":"MASTER-SPORT 36853-KIT-MS Alatukivarsi"},"content":{"rendered":"<p>Asennuspuoli: Etuakseli; M\u00e4\u00e4r\u00e4yksikk\u00f6: Sarja; Valmistaja rajaus: control arm M12; Nettopaino [kg]: 7,27; Bruttopaino [kg]: 7,34; Valmistusvuoteen: 06\/2011; AUDI: Q5 8R,A4 Allroad 8KH, B8,A5 Cabriolet 8F7; 4G0407689, 8K0407151B, 8K0407151C, 8K0407151D, 8K0407151E, 8K0407152B, 8K0407152C, 8K0407152D, 8K0407152E, 8K0407505B, 8K0407505P, 8K0407506B, 8K0407506P, 8K0407509B, 8K0407509P, 8K0407510B, 8K0407510P, 8K0407689F, 8K0407689G, 8K0407693T, 8K0407693TS1, 8K0407694T, 8K0407694TS1, 8K0411317C, 8K0411317D, 8K0411317E, 8K0407505B, 8K0407505P, 8K0407506B, 8K0407506P, 8K0407509B, 8K0407509P, 8K0407510B, 8K0407510P, 8K0407151D, 8K0407152D, 8K0407509P, 8K0407510P<\/p>\n","protected":false},"excerpt":{"rendered":"<p>MASTER-SPORT Tukivarsisarja, Py\u00f6rien Tuenta 36853-KIT-MS  AUDI,Q5 8R,A4 Allroad 8KH, B8,A5 Cabriolet 8F7<\/p>\n","protected":false},"featured_media":0,"template":"","meta":{"site-sidebar-layout":"default","site-content-layout":"default","ast-global-header-display":"","ast-main-header-display":"","ast-hfb-above-header-display":"","ast-hfb-below-header-display":"","ast-hfb-mobile-header-display":"","site-post-title":"","ast-breadcrumbs-content":"","ast-featured-img":"","footer-sml-layout":"","theme-transparent-header-meta":"","adv-header-id-meta":"","stick-header-meta":"","header-above-stick-meta":"","header-main-stick-meta":"","header-below-stick-meta":""},"pwb-brand":[61],"product_cat":[62],"product_tag":[],"class_list":{"0":"post-55973","1":"product","2":"type-product","3":"status-publish","5":"pwb-brand-master-sport","6":"product_cat-alatukivarsi","7":"desktop-align-left","8":"tablet-align-left","9":"mobile-align-left","11":"first","12":"instock","13":"product-type-external"},"brands":[{"id":61,"name":"MASTER-SPORT","slug":"master-sport"}],"_links":{"self":[{"href":"https:\/\/www.autonvaraosahaku.fi\/index.php?rest_route=\/wp\/v2\/product\/55973","targetHints":{"allow":["GET"]}}],"collection":[{"href":"https:\/\/www.autonvaraosahaku.fi\/index.php?rest_route=\/wp\/v2\/product"}],"about":[{"href":"https:\/\/www.autonvaraosahaku.fi\/index.php?rest_route=\/wp\/v2\/types\/product"}],"wp:attachment":[{"href":"https:\/\/www.autonvaraosahaku.fi\/index.php?rest_route=%2Fwp%2Fv2%2Fmedia&parent=55973"}],"wp:term":[{"taxonomy":"pwb-brand","embeddable":true,"href":"https:\/\/www.autonvaraosahaku.fi\/index.php?rest_route=%2Fwp%2Fv2%2Fpwb-brand&post=55973"},{"taxonomy":"product_cat","embeddable":true,"href":"https:\/\/www.autonvaraosahaku.fi\/index.php?rest_route=%2Fwp%2Fv2%2Fproduct_cat&post=55973"},{"taxonomy":"product_tag","embeddable":true,"href":"https:\/\/www.autonvaraosahaku.fi\/index.php?rest_route=%2Fwp%2Fv2%2Fproduct_tag&post=55973"}],"curies":[{"name":"wp","href":"https:\/\/api.w.org\/{rel}","templated":true}]}}