{"id":56220,"date":"2021-02-21T17:59:57","date_gmt":"2021-02-21T17:59:57","guid":{"rendered":"https:\/\/www.autonvaraosahaku.fi\/?product=gates-3311-jaahdyttimen-letku"},"modified":"2021-02-21T18:00:02","modified_gmt":"2021-02-21T18:00:02","slug":"gates-3311-jaahdyttimen-letku","status":"publish","type":"product","link":"https:\/\/www.autonvaraosahaku.fi\/?product=gates-3311-jaahdyttimen-letku","title":{"rendered":"GATES 3311 J\u00e4\u00e4hdyttimen letku"},"content":{"rendered":"<p>Materiaali: EPDM (eteenipropeeni-dieeni-kumi); V\u00e4ri: Musta; Sis\u00e4l\u00e4pimitta 1 [mm]: 32; Sis\u00e4l\u00e4pimitta 2 [mm]: 32; Asennuspuoli: oben; VW: GOLF II 19E, 1G1,PASSAT Variant 3A5, 35I,CORRADO 53I,JETTA II 19E, 1G2, 165; MAZDA: MX-5 I NA; HYUNDAI: COUPE RD,LANTRA II Wagon J-2,LANTRA II J-2; TOYOTA: CAMRY _V2_,CAMRY Station Wagon _V2_,CAMRY Liftback _V1_,CAMRY Stufenheck _V1_; CITRO\u00cbN: VISA Cabriolet; VAUXHALL: CARLTON Mk II Estate; 75515119, 2541129100, B61P15186, 21501N8900, 1336307, 90144691, 138791, 13879100, 1657163020, 1657164070, 1336307, 90144691, 191121101A, 191121101P<\/p>\n","protected":false},"excerpt":{"rendered":"<p>GATES J\u00e4\u00e4hdyttimen Letku 3311  VW,MAZDA,HYUNDAI,GOLF II 19E, 1G1,PASSAT Variant 3A5, 35I,CORRADO 53I,JETTA II 19E, 1G2, 165,MX-5 I NA,COUPE RD<\/p>\n","protected":false},"featured_media":0,"template":"","meta":{"site-sidebar-layout":"default","site-content-layout":"default","ast-global-header-display":"","ast-main-header-display":"","ast-hfb-above-header-display":"","ast-hfb-below-header-display":"","ast-hfb-mobile-header-display":"","site-post-title":"","ast-breadcrumbs-content":"","ast-featured-img":"","footer-sml-layout":"","theme-transparent-header-meta":"","adv-header-id-meta":"","stick-header-meta":"","header-above-stick-meta":"","header-main-stick-meta":"","header-below-stick-meta":""},"pwb-brand":[22],"product_cat":[206],"product_tag":[],"class_list":{"0":"post-56220","1":"product","2":"type-product","3":"status-publish","5":"pwb-brand-gates","6":"product_cat-jaahdyttimen-letku","7":"desktop-align-left","8":"tablet-align-left","9":"mobile-align-left","11":"first","12":"instock","13":"product-type-external"},"brands":[{"id":22,"name":"GATES","slug":"gates"}],"_links":{"self":[{"href":"https:\/\/www.autonvaraosahaku.fi\/index.php?rest_route=\/wp\/v2\/product\/56220","targetHints":{"allow":["GET"]}}],"collection":[{"href":"https:\/\/www.autonvaraosahaku.fi\/index.php?rest_route=\/wp\/v2\/product"}],"about":[{"href":"https:\/\/www.autonvaraosahaku.fi\/index.php?rest_route=\/wp\/v2\/types\/product"}],"wp:attachment":[{"href":"https:\/\/www.autonvaraosahaku.fi\/index.php?rest_route=%2Fwp%2Fv2%2Fmedia&parent=56220"}],"wp:term":[{"taxonomy":"pwb-brand","embeddable":true,"href":"https:\/\/www.autonvaraosahaku.fi\/index.php?rest_route=%2Fwp%2Fv2%2Fpwb-brand&post=56220"},{"taxonomy":"product_cat","embeddable":true,"href":"https:\/\/www.autonvaraosahaku.fi\/index.php?rest_route=%2Fwp%2Fv2%2Fproduct_cat&post=56220"},{"taxonomy":"product_tag","embeddable":true,"href":"https:\/\/www.autonvaraosahaku.fi\/index.php?rest_route=%2Fwp%2Fv2%2Fproduct_tag&post=56220"}],"curies":[{"name":"wp","href":"https:\/\/api.w.org\/{rel}","templated":true}]}}