{"id":56299,"date":"2021-02-21T18:00:21","date_gmt":"2021-02-21T18:00:21","guid":{"rendered":"https:\/\/www.autonvaraosahaku.fi\/?product=ngk-6427-sytytystulpat"},"modified":"2021-02-21T18:00:26","modified_gmt":"2021-02-21T18:00:26","slug":"ngk-6427-sytytystulpat","status":"publish","type":"product","link":"https:\/\/www.autonvaraosahaku.fi\/?product=ngk-6427-sytytystulpat","title":{"rendered":"NGK 6427 Sytytystulpat"},"content":{"rendered":"<p>Avainv\u00e4li: 20,8 mm; Ulkokierre [mm]: 14,0; Kierteen pituus (mm): 19,0; Sytytystulppa: kiinte\u00e4 SAE-liitin, Nikkeli-keskielektrodi, 1-maaelektroodi, H\u00e4iri\u00f6npoisto, 5 k-ohm, suoralla istukalla; Kipin\u00e4et\u00e4isyys [mm]: 4,0; Valmistusvuosi alkaen: 01\/1985; HONDA: PRELUDE II AB,ACTY TN; TOYOTA: STARLET _P8_,COROLLA Compact _E10_,STARLET _P7_,COROLLA Liftback _E10_,COROLLA _E10_,COROLLA Wagon _E10_,CELICA Coupe _A6_,CROWN Stufenheck _S1_,COROLLA Liftback _E7_,CRESSIDA Stufenheck _X6_; DAIHATSU: CUORE IV L501,CHARADE III G100, G101, G102,CUORE III L201,CUORE II L80, L81,SPARCAR Bus S7_,SPARCAR Kasten S7_; 9004851041000, 9004851059, 9004851059000, 9807956832, 980795687V, 9807956946, B240189909, 8941606270, 9004851059, 9009820425, 9009820675, 9091901084, 9091901098, 395418110, B240189909, 490010092, 0948200501, 9004851059, 9009820425, 9009820675, 9091901084, 9091901098; Tulpat,Sytytystulppa<\/p>\n","protected":false},"excerpt":{"rendered":"<p>NGK Sytytystulpat 6427 Tulpat,Sytytystulppa HONDA,TOYOTA,DAIHATSU,PRELUDE II AB,ACTY TN,STARLET _P8_,COROLLA Compact _E10_,STARLET _P7_<\/p>\n","protected":false},"featured_media":0,"template":"","meta":{"site-sidebar-layout":"default","site-content-layout":"default","ast-global-header-display":"","ast-main-header-display":"","ast-hfb-above-header-display":"","ast-hfb-below-header-display":"","ast-hfb-mobile-header-display":"","site-post-title":"","ast-breadcrumbs-content":"","ast-featured-img":"","footer-sml-layout":"","theme-transparent-header-meta":"","adv-header-id-meta":"","stick-header-meta":"","header-above-stick-meta":"","header-main-stick-meta":"","header-below-stick-meta":""},"pwb-brand":[189],"product_cat":[165],"product_tag":[],"class_list":{"0":"post-56299","1":"product","2":"type-product","3":"status-publish","5":"pwb-brand-ngk","6":"product_cat-sytytystulpat","7":"desktop-align-left","8":"tablet-align-left","9":"mobile-align-left","11":"first","12":"instock","13":"product-type-external"},"brands":[{"id":189,"name":"NGK","slug":"ngk"}],"_links":{"self":[{"href":"https:\/\/www.autonvaraosahaku.fi\/index.php?rest_route=\/wp\/v2\/product\/56299","targetHints":{"allow":["GET"]}}],"collection":[{"href":"https:\/\/www.autonvaraosahaku.fi\/index.php?rest_route=\/wp\/v2\/product"}],"about":[{"href":"https:\/\/www.autonvaraosahaku.fi\/index.php?rest_route=\/wp\/v2\/types\/product"}],"wp:attachment":[{"href":"https:\/\/www.autonvaraosahaku.fi\/index.php?rest_route=%2Fwp%2Fv2%2Fmedia&parent=56299"}],"wp:term":[{"taxonomy":"pwb-brand","embeddable":true,"href":"https:\/\/www.autonvaraosahaku.fi\/index.php?rest_route=%2Fwp%2Fv2%2Fpwb-brand&post=56299"},{"taxonomy":"product_cat","embeddable":true,"href":"https:\/\/www.autonvaraosahaku.fi\/index.php?rest_route=%2Fwp%2Fv2%2Fproduct_cat&post=56299"},{"taxonomy":"product_tag","embeddable":true,"href":"https:\/\/www.autonvaraosahaku.fi\/index.php?rest_route=%2Fwp%2Fv2%2Fproduct_tag&post=56299"}],"curies":[{"name":"wp","href":"https:\/\/api.w.org\/{rel}","templated":true}]}}