{"id":56633,"date":"2021-02-21T18:02:03","date_gmt":"2021-02-21T18:02:03","guid":{"rendered":"https:\/\/www.autonvaraosahaku.fi\/?product=car1-co-3550-jarruneste"},"modified":"2021-02-21T18:02:06","modified_gmt":"2021-02-21T18:02:06","slug":"car1-co-3550-jarruneste","status":"publish","type":"product","link":"https:\/\/www.autonvaraosahaku.fi\/?product=car1-co-3550-jarruneste","title":{"rendered":"CAR1 CO 3550 Jarruneste"},"content":{"rendered":"<p>Sis\u00e4lt\u00f6 [ml]: 250; DOT mukaisuus: DOT 4; Erittely: DOT 4 LV, SAE J 1703, SAE J 1704, ISO 4925 Class 6; Pakkaustyyppi: Rasia; Kemialliset ominaisuudet: Sakea, synteettinen; Jarru-\/ajodynamiikka: Autoihin, joissa ABS, Autoihin, joissa ESP, Autoihin, joissa DSC, Autoihin, joissa ASR, Autoihin ilman ABS, Autoihin ilman ESP, Autoihin ilman DSC, Autoihin ilman ASR; Huomioi huolto-ohjeet: +; Huomioi ajoneuvovalmistajan vaatimukset: +; Huomioi j\u00e4rjestelm\u00e4-t\u00e4ytt\u00f6m\u00e4\u00e4r\u00e4: +<\/p>\n","protected":false},"excerpt":{"rendered":"<p>CAR1 Jarruneste CO 3550<\/p>\n","protected":false},"featured_media":0,"template":"","meta":{"site-sidebar-layout":"default","site-content-layout":"default","ast-global-header-display":"","ast-main-header-display":"","ast-hfb-above-header-display":"","ast-hfb-below-header-display":"","ast-hfb-mobile-header-display":"","site-post-title":"","ast-breadcrumbs-content":"","ast-featured-img":"","footer-sml-layout":"","theme-transparent-header-meta":"","adv-header-id-meta":"","stick-header-meta":"","header-above-stick-meta":"","header-main-stick-meta":"","header-below-stick-meta":""},"pwb-brand":[418],"product_cat":[142],"product_tag":[],"class_list":{"0":"post-56633","1":"product","2":"type-product","3":"status-publish","5":"pwb-brand-car1","6":"product_cat-jarruneste","7":"desktop-align-left","8":"tablet-align-left","9":"mobile-align-left","11":"first","12":"instock","13":"product-type-external"},"brands":[{"id":418,"name":"CAR1","slug":"car1"}],"_links":{"self":[{"href":"https:\/\/www.autonvaraosahaku.fi\/index.php?rest_route=\/wp\/v2\/product\/56633","targetHints":{"allow":["GET"]}}],"collection":[{"href":"https:\/\/www.autonvaraosahaku.fi\/index.php?rest_route=\/wp\/v2\/product"}],"about":[{"href":"https:\/\/www.autonvaraosahaku.fi\/index.php?rest_route=\/wp\/v2\/types\/product"}],"wp:attachment":[{"href":"https:\/\/www.autonvaraosahaku.fi\/index.php?rest_route=%2Fwp%2Fv2%2Fmedia&parent=56633"}],"wp:term":[{"taxonomy":"pwb-brand","embeddable":true,"href":"https:\/\/www.autonvaraosahaku.fi\/index.php?rest_route=%2Fwp%2Fv2%2Fpwb-brand&post=56633"},{"taxonomy":"product_cat","embeddable":true,"href":"https:\/\/www.autonvaraosahaku.fi\/index.php?rest_route=%2Fwp%2Fv2%2Fproduct_cat&post=56633"},{"taxonomy":"product_tag","embeddable":true,"href":"https:\/\/www.autonvaraosahaku.fi\/index.php?rest_route=%2Fwp%2Fv2%2Fproduct_tag&post=56633"}],"curies":[{"name":"wp","href":"https:\/\/api.w.org\/{rel}","templated":true}]}}