{"id":56783,"date":"2021-02-21T18:02:52","date_gmt":"2021-02-21T18:02:52","guid":{"rendered":"https:\/\/www.autonvaraosahaku.fi\/?product=ridex-2s0037-starttimoottori"},"modified":"2021-02-21T18:02:52","modified_gmt":"2021-02-21T18:02:52","slug":"ridex-2s0037-starttimoottori","status":"publish","type":"product","link":"https:\/\/www.autonvaraosahaku.fi\/?product=ridex-2s0037-starttimoottori","title":{"rendered":"RIDEX 2S0037 Starttimoottori"},"content":{"rendered":"<p>J\u00e4nnite (V): 12; Hammasluku: 8; K\u00e4ynnistinmoottori teho (kW): 1,0; Teho (kW): 1; Py\u00f6rimissuunta: Py\u00f6rimissuunta my\u00f6t\u00e4p\u00e4iv\u00e4\u00e4n; M\u00e4\u00e4r\u00e4yksikk\u00f6: Kappale; kierrereiki\u00e4 [kpl]: 0; Kiinnitysreikien lukum\u00e4\u00e4r\u00e4: 2; Valmistusvuoteen: 12\/1991; KIA: RIO II JB,CERATO LD,RIO II Stufenheck JB,JOICE; HYUNDAI: GETZ TB,SANTA F\u00c9 I SM,MATRIX FC,COUPE GK,ACCENT II LC,ACCENT III MC,ELANTRA XD,ACCENT III Stufenheck MC,ELANTRA Stufenheck XD,ACCENT I X-3,ACCENT II Stufenheck LC,LANTRA II Wagon J-2,LANTRA II J-2,SANTAMO,ACCENT Stufenheck X-3,SONATA III Y-3,PONY X-2,LANTRA I J-1,S COUPE SLC,PONY \/ EXCEL Stufenheck X-2,SONATA II Y-2,PONY,PONY Stufenheck X-1,STELLAR F31_, SF2_; MITSUBISHI: L 200 K7_T, K6_T,PAJERO II V3_W, V2_W, V4_W,L 300 Bus P0_W, P1_W, P2_W,COLT IV CA_A,PAJERO I L04_G, L14_G,SPACE RUNNER N1_W, N2_W,L 400 \/ SPACE GEAR Bus PD_W, PC_W, PA_V, PB_V,COLT III C5_A,LANCER VI CJ-CP_,L 300 Pritsche\/Fahrgestell L03_P,L 300 Kasten L03_P,GALANT IV E3_A,LANCER V CB\/D_A,SPACE WAGON N3_W, N4_W,GALANT IV Stufenheck E3_A,LANCER IV C6_A, C7_A,L 300 Kasten P0_W, P1_W,L 300 Bus LO3_P\/G, L0_2P,PAJERO I Canvas Top L04_G,L 200 K3_T, K2_T, K1_T, K0_T,GALANT V Stufenheck E5_A, E7_A, E8_A,GALANT V E5_A, E7_A, E8_A,STARION A18_A,PAJERO II Canvas Top V2_W, V4_W,COLT II C1_A,LANCER III Station Wagon C1_V, C3_V,GALANT III E1_A,L 400 Kasten PD_W, PC_W, PB_V, PA_W, PA_V,COLT I A15_A,LANCER IV Stufenheck C6_A,SANTAMO,SPACE WAGON D0_V\/W,LANCER I A17_,GALANT II A16_,GALANT I A12_,COLT LANCER Station Wagon A7_K,L 300 Pritsche\/Fahrgestell P1_T,SAPPORO II A16_A,SAPPORO III E16A,LANCER III C1_A, C6_A,SAPPORO I A12_,CORDIA A21_A, AB,CELESTE A7_,COLT LANCER A7_,GALANT II St; 3610011140, 3610011150, 3610011210, 3610022800, 3610011120, 3610011130, 3610011140, 3610011150, 3610021720, 3610021730, 3610021740, 3610022000, 3610022800, 3610022805, 3610026800, 022218400A, 042618400A, M002T40081, M002T44081, M002T47281, M002T49881, M003T10271, M003T10272, M003T12572, M003T12672, M003T15071, M003T15072, M003T15073, M003T15074, M003T15075, M003T15772, M003T15872, M003T22581, M003T22582, M003T25781, M003T25782, M003T25783, M003T25785, M003T25881, M003T25882, M003T25883, M003T32581, M003T32582, M003T32583, M003T32584, M003T32585, M003T32588, M003T32589, M003T32591, M003T32592, M003T32593, M003T41081, M003T41083, M003T41088, M003T41282, M004T14673, M2T40081, M2T44081, M2T44681, M2T47281, M2T49881, M3T10271, M3T10272, M3T12572, M3T12672, M3T15071, M3T15072, M3T15073, M3T15074, M3T15075, M3T15772, M3T15872, M3T22581, M3T22582, M3T25781, M3T25782, M3T25783, M3T25785, M3T25881, M3T25882, M3T25883, M3T32581, M3T32582, M3T32583, M3T32584, M3T32585, M3T32588, M3T32589, M3T325&#8230;; Startti,K\u00e4ynnistinmoottori<\/p>\n","protected":false},"excerpt":{"rendered":"<p>RIDEX Starttimoottori 2S0037 Startti,K\u00e4ynnistinmoottori KIA,HYUNDAI,MITSUBISHI,RIO II JB,CERATO LD,RIO II Stufenheck JB,JOICE,GETZ TB,SANTA F\u00c9 I SM<\/p>\n","protected":false},"featured_media":0,"template":"","meta":{"site-sidebar-layout":"default","site-content-layout":"default","ast-global-header-display":"","ast-main-header-display":"","ast-hfb-above-header-display":"","ast-hfb-below-header-display":"","ast-hfb-mobile-header-display":"","site-post-title":"","ast-breadcrumbs-content":"","ast-featured-img":"","footer-sml-layout":"","theme-transparent-header-meta":"","adv-header-id-meta":"","stick-header-meta":"","header-above-stick-meta":"","header-main-stick-meta":"","header-below-stick-meta":""},"pwb-brand":[157],"product_cat":[295],"product_tag":[],"class_list":{"0":"post-56783","1":"product","2":"type-product","3":"status-publish","5":"pwb-brand-ridex","6":"product_cat-starttimoottori","7":"desktop-align-left","8":"tablet-align-left","9":"mobile-align-left","11":"first","12":"instock","13":"product-type-external"},"brands":[{"id":157,"name":"RIDEX","slug":"ridex"}],"_links":{"self":[{"href":"https:\/\/www.autonvaraosahaku.fi\/index.php?rest_route=\/wp\/v2\/product\/56783","targetHints":{"allow":["GET"]}}],"collection":[{"href":"https:\/\/www.autonvaraosahaku.fi\/index.php?rest_route=\/wp\/v2\/product"}],"about":[{"href":"https:\/\/www.autonvaraosahaku.fi\/index.php?rest_route=\/wp\/v2\/types\/product"}],"wp:attachment":[{"href":"https:\/\/www.autonvaraosahaku.fi\/index.php?rest_route=%2Fwp%2Fv2%2Fmedia&parent=56783"}],"wp:term":[{"taxonomy":"pwb-brand","embeddable":true,"href":"https:\/\/www.autonvaraosahaku.fi\/index.php?rest_route=%2Fwp%2Fv2%2Fpwb-brand&post=56783"},{"taxonomy":"product_cat","embeddable":true,"href":"https:\/\/www.autonvaraosahaku.fi\/index.php?rest_route=%2Fwp%2Fv2%2Fproduct_cat&post=56783"},{"taxonomy":"product_tag","embeddable":true,"href":"https:\/\/www.autonvaraosahaku.fi\/index.php?rest_route=%2Fwp%2Fv2%2Fproduct_tag&post=56783"}],"curies":[{"name":"wp","href":"https:\/\/api.w.org\/{rel}","templated":true}]}}