{"id":56818,"date":"2021-02-21T18:02:58","date_gmt":"2021-02-21T18:02:58","guid":{"rendered":"https:\/\/www.autonvaraosahaku.fi\/?product=ridex-2s0073-starttimoottori"},"modified":"2021-02-21T18:03:02","modified_gmt":"2021-02-21T18:03:02","slug":"ridex-2s0073-starttimoottori","status":"publish","type":"product","link":"https:\/\/www.autonvaraosahaku.fi\/?product=ridex-2s0073-starttimoottori","title":{"rendered":"RIDEX 2S0073 Starttimoottori"},"content":{"rendered":"<p>Vaihto-osa: ; Nimellisj\u00e4nnite (V): 12; K\u00e4ynnistinmoottori teho (kW): 1,1; Kiinnitysreikien lukum\u00e4\u00e4r\u00e4: 0; kierrereiki\u00e4 [kpl]: 3; Hammasluku: 10; Liitin: 50, 30; Laippa \u00d8(mm): 76,2; Py\u00f6rimissuunta: Py\u00f6rimissuunta my\u00f6t\u00e4p\u00e4iv\u00e4\u00e4n; Hammaspy\u00f6r\u00e4n perusasento [mm]: 26,5; K\u00e4ynnistintyyppi: Itselaakeroitu; Kierremitta: M10; Kierre 1: M10; kierre 2: M10; Pituus (mm): 227; Asento \/ aste: rechts; Asennuskulma [Astetta]: 34; Kulmamitta, kitav\u00e4li [aste]: 120; Kulmamitta, kiinnitysreik\u00e4 [aste]: 34; Moottorinumero: PNDD; MAZDA: 2 DY,121 III JASM, JBSM; VOLVO: V50 MW,C30,S40 II MS; FORD: FIESTA V JH_, JD_,FOCUS II Kombi DA_,FIESTA VI,MONDEO IV Turnier BA7,FOCUS Kombi DNW,FOCUS II DA_,FOCUS DAW, DBW,FOCUS III Turnier,FOCUS C-MAX,FIESTA IV JA_, JB_,FUSION JU_,C-MAX DM2,FOCUS III,C-MAX II,MONDEO IV BA7,GRAND C-MAX,FOCUS Stufenheck DFW,FOCUS II Stufenheck DA_,B-MAX JK,FOCUS II Cabriolet,ECOSPORT,PUMA EC_,FOCUS III Stufenheck,MONDEO IV Stufenheck BA7,FIESTA V Van,FIESTA VI Van,FIESTA Kasten J5_, J3_,FIESTA Kasten JV_,COURIER Pick-up F3 F5,B-MAX Van,FOCUS III Kasten\/Schr\u00e4gheck,KA,KA + Stufenheck; 1004566, 1011330, 1011331, 1018882, 1018883, 1063999, 1064000, 1088649, 1092115, 1092116, 1116389, 1130187, 1140760, 1147309, 1151215, 1237323, 1307578, 1365665, 1416231, 1473072, 1535268, 1535628, 1539686, 1575034, 1671515, 1732742, 2S6U11000CA, 2S6U11000CB, 2S6U11000CC, 7G9N11000AB, 7G9N11000AC, 8V2111000BB, 8V2111000BC, 8V2111000BD, 8V2111000BE, 96FB11000KA, 96FB11000KB, 96FB11000KC, 96FB11000KD, 96FB11000LB, 96FB11000LC, 96FB11000LD, 98AB11000BA, 98AB11000BB, 98AB11000BC, 98AB11000BD, 98AB11000CA, 98AB11000CB, 98AB11000CC, 98AB11000CD, R96FB11000CC, R96FB11000KC, R96FB11000KD, R96FB11000KD1, R96FB11000LD, YS4U11000AA, YS4U11000AB, YS4U11000AD, YS4U11000BA, YS4U11000BB, 0018882, 1011330, 1018882, 1092116, 1197235, 1265027, 1824489, 1903127, 2109622, 2S6U11000EA, 7G9N11000AD, 96FB11000CC, 96FB11000LC, 96FB11000LD, R96FB11000LC, 1E0618400, 1E1118400, C60118400, C60118400A, DN3218400A, 120248A, 94212CB, 94212CC, 30659513, 30667102, 31285782, 31288275, 32544534, 36002761, 8603377; Startti,K\u00e4ynnistinmoottori<\/p>\n","protected":false},"excerpt":{"rendered":"<p>RIDEX Starttimoottori 2S0073 Startti,K\u00e4ynnistinmoottori MAZDA,VOLVO,FORD,2 DY,121 III JASM, JBSM,V50 MW,C30,S40 II MS,FIESTA V JH_, JD_<\/p>\n","protected":false},"featured_media":0,"template":"","meta":{"site-sidebar-layout":"default","site-content-layout":"default","ast-global-header-display":"","ast-main-header-display":"","ast-hfb-above-header-display":"","ast-hfb-below-header-display":"","ast-hfb-mobile-header-display":"","site-post-title":"","ast-breadcrumbs-content":"","ast-featured-img":"","footer-sml-layout":"","theme-transparent-header-meta":"","adv-header-id-meta":"","stick-header-meta":"","header-above-stick-meta":"","header-main-stick-meta":"","header-below-stick-meta":""},"pwb-brand":[157],"product_cat":[295],"product_tag":[],"class_list":{"0":"post-56818","1":"product","2":"type-product","3":"status-publish","5":"pwb-brand-ridex","6":"product_cat-starttimoottori","7":"desktop-align-left","8":"tablet-align-left","9":"mobile-align-left","11":"first","12":"instock","13":"product-type-external"},"brands":[{"id":157,"name":"RIDEX","slug":"ridex"}],"_links":{"self":[{"href":"https:\/\/www.autonvaraosahaku.fi\/index.php?rest_route=\/wp\/v2\/product\/56818","targetHints":{"allow":["GET"]}}],"collection":[{"href":"https:\/\/www.autonvaraosahaku.fi\/index.php?rest_route=\/wp\/v2\/product"}],"about":[{"href":"https:\/\/www.autonvaraosahaku.fi\/index.php?rest_route=\/wp\/v2\/types\/product"}],"wp:attachment":[{"href":"https:\/\/www.autonvaraosahaku.fi\/index.php?rest_route=%2Fwp%2Fv2%2Fmedia&parent=56818"}],"wp:term":[{"taxonomy":"pwb-brand","embeddable":true,"href":"https:\/\/www.autonvaraosahaku.fi\/index.php?rest_route=%2Fwp%2Fv2%2Fpwb-brand&post=56818"},{"taxonomy":"product_cat","embeddable":true,"href":"https:\/\/www.autonvaraosahaku.fi\/index.php?rest_route=%2Fwp%2Fv2%2Fproduct_cat&post=56818"},{"taxonomy":"product_tag","embeddable":true,"href":"https:\/\/www.autonvaraosahaku.fi\/index.php?rest_route=%2Fwp%2Fv2%2Fproduct_tag&post=56818"}],"curies":[{"name":"wp","href":"https:\/\/api.w.org\/{rel}","templated":true}]}}